{"id":5360,"date":"2023-11-14T08:55:37","date_gmt":"2023-11-14T11:55:37","guid":{"rendered":"https:\/\/ccgdistribuidora.com\/?post_type=product&#038;p=5360"},"modified":"2024-09-25T19:37:23","modified_gmt":"2024-09-25T22:37:23","slug":"gorro-siliconado-reflejos-dompel-romana-dorada-mod391_sadorada","status":"publish","type":"product","link":"https:\/\/ccgdistribuidora.com\/index.php\/product\/gorro-siliconado-reflejos-dompel-romana-dorada-mod391_sadorada\/","title":{"rendered":"Gorro Siliconado Reflejos Dompel Romana Dorada mod:391_Sadorada"},"content":{"rendered":"<h2 class=\"ui-vpp-text-alignment--left ui-pdp-color--BLACK ui-pdp-size--XLARGE ui-pdp-family--REGULAR highlighted-specs-title\">Caracter\u00edsticas del producto<\/h2>\n<p><span class=\"ui-pdp-color--BLACK ui-pdp-size--XSMALL ui-pdp-family--REGULAR\">Marca:<\/span>\u00a0<span class=\"ui-pdp-color--BLACK ui-pdp-size--XSMALL ui-pdp-family--SEMIBOLD\">Dompel<\/span><\/p>\n<p><span class=\"ui-pdp-color--BLACK ui-pdp-size--XSMALL ui-pdp-family--REGULAR\">Color:<\/span>\u00a0<span class=\"ui-pdp-color--BLACK ui-pdp-size--XSMALL ui-pdp-family--SEMIBOLD\">Dorado<\/span><\/p>\n<h3 class=\"ui-vpp-striped-specs__header\">Caracter\u00edsticas principales<\/h3>\n<table class=\"andes-table\">\n<tbody class=\"andes-table__body\">\n<tr class=\"andes-table__row ui-vpp-striped-specs__row\">\n<th class=\"andes-table__header andes-table__header--left ui-vpp-striped-specs__row__column ui-vpp-striped-specs__row__column--id\" scope=\"col\">\n<div class=\"andes-table__header__container\">Marca<\/div>\n<\/th>\n<td id=\":Racvan9lacd:\" class=\"andes-table__column andes-table__column--left andes-table__column--vertical-align-center ui-vpp-striped-specs__row__column\" title=\"Dompel\"><span class=\"andes-table__column--value\">Dompel<\/span><\/td>\n<\/tr>\n<tr class=\"andes-table__row ui-vpp-striped-specs__row\">\n<th class=\"andes-table__header andes-table__header--left ui-vpp-striped-specs__row__column ui-vpp-striped-specs__row__column--id\" scope=\"col\">\n<div class=\"andes-table__header__container\">Modelo<\/div>\n<\/th>\n<td id=\":Radfan9lacd:\" class=\"andes-table__column andes-table__column--left andes-table__column--vertical-align-center ui-vpp-striped-specs__row__column\" title=\"Romana\"><span class=\"andes-table__column--value\">Romana<\/span><\/td>\n<\/tr>\n<tr class=\"andes-table__row ui-vpp-striped-specs__row\">\n<th class=\"andes-table__header andes-table__header--left ui-vpp-striped-specs__row__column ui-vpp-striped-specs__row__column--id\" scope=\"col\">\n<div class=\"andes-table__header__container\">Material del gorro<\/div>\n<\/th>\n<td id=\":Radvan9lacd:\" class=\"andes-table__column andes-table__column--left andes-table__column--vertical-align-center ui-vpp-striped-specs__row__column\" title=\"Silicona\"><span class=\"andes-table__column--value\">Silicona<\/span><\/td>\n<\/tr>\n<tr class=\"andes-table__row ui-vpp-striped-specs__row\">\n<th class=\"andes-table__header andes-table__header--left ui-vpp-striped-specs__row__column ui-vpp-striped-specs__row__column--id\" scope=\"col\">\n<div class=\"andes-table__header__container\">Formato de venta<\/div>\n<\/th>\n<td id=\":Raefan9lacd:\" class=\"andes-table__column andes-table__column--left andes-table__column--vertical-align-center ui-vpp-striped-specs__row__column\" title=\"Unidad\"><span class=\"andes-table__column--value\">Unidad<\/span><\/td>\n<\/tr>\n<tr class=\"andes-table__row ui-vpp-striped-specs__row\">\n<th class=\"andes-table__header andes-table__header--left ui-vpp-striped-specs__row__column ui-vpp-striped-specs__row__column--id\" scope=\"col\">\n<div class=\"andes-table__header__container\">Unidades por pack<\/div>\n<\/th>\n<td id=\":Raevan9lacd:\" class=\"andes-table__column andes-table__column--left andes-table__column--vertical-align-center ui-vpp-striped-specs__row__column\" title=\"1\"><span class=\"andes-table__column--value\">1<\/span><\/td>\n<\/tr>\n<tr class=\"andes-table__row ui-vpp-striped-specs__row\">\n<th class=\"andes-table__header andes-table__header--left ui-vpp-striped-specs__row__column ui-vpp-striped-specs__row__column--id\" scope=\"col\">\n<div class=\"andes-table__header__container\">Unidades por envase<\/div>\n<\/th>\n<td id=\":Raffan9lacd:\" class=\"andes-table__column andes-table__column--left andes-table__column--vertical-align-center ui-vpp-striped-specs__row__column\" title=\"1\"><span class=\"andes-table__column--value\">1<\/span><\/td>\n<\/tr>\n<\/tbody>\n<\/table>\n<h3 class=\"ui-vpp-striped-specs__header\">Otros<\/h3>\n<table class=\"andes-table\" style=\"height: 99px;\" width=\"254\">\n<tbody class=\"andes-table__body\">\n<tr class=\"andes-table__row ui-vpp-striped-specs__row\">\n<th class=\"andes-table__header andes-table__header--left ui-vpp-striped-specs__row__column ui-vpp-striped-specs__row__column--id\" scope=\"col\">\n<div class=\"andes-table__header__container\">Es reutilizable<\/div>\n<\/th>\n<td id=\":Rkpukn9lacd:\" class=\"andes-table__column andes-table__column--left andes-table__column--vertical-align-center ui-vpp-striped-specs__row__column\" title=\"S\u00ed\"><span class=\"andes-table__column--value\">S\u00ed<\/span><\/td>\n<\/tr>\n<tr class=\"andes-table__row ui-vpp-striped-specs__row\">\n<th class=\"andes-table__header andes-table__header--left ui-vpp-striped-specs__row__column ui-vpp-striped-specs__row__column--id\" scope=\"col\">\n<div class=\"andes-table__header__container\">Es perforado<\/div>\n<\/th>\n<td id=\":Rkqukn9lacd:\" class=\"andes-table__column andes-table__column--left andes-table__column--vertical-align-center ui-vpp-striped-specs__row__column\" title=\"S\u00ed\"><span class=\"andes-table__column--value\">S\u00ed<\/span><\/td>\n<\/tr>\n<tr class=\"andes-table__row ui-vpp-striped-specs__row\">\n<th class=\"andes-table__header andes-table__header--left ui-vpp-striped-specs__row__column ui-vpp-striped-specs__row__column--id\" scope=\"col\">\n<div class=\"andes-table__header__container\">Es t\u00e9rmico<\/div>\n<\/th>\n<td id=\":Rkrukn9lacd:\" class=\"andes-table__column andes-table__column--left andes-table__column--vertical-align-center ui-vpp-striped-specs__row__column\" title=\"No\"><span class=\"andes-table__column--value\">No<\/span><\/td>\n<\/tr>\n<tr class=\"andes-table__row ui-vpp-striped-specs__row\">\n<th class=\"andes-table__header andes-table__header--left ui-vpp-striped-specs__row__column ui-vpp-striped-specs__row__column--id\" scope=\"col\">\n<div class=\"andes-table__header__container\">Es el\u00e9ctrico<\/div>\n<\/th>\n<td id=\":Rksukn9lacd:\" class=\"andes-table__column andes-table__column--left andes-table__column--vertical-align-center ui-vpp-striped-specs__row__column\" title=\"No\"><span class=\"andes-table__column--value\">No<\/span><\/td>\n<\/tr>\n<\/tbody>\n<\/table>\n<h2 class=\"ui-pdp-description__title\">Descripci\u00f3n<\/h2>\n<p class=\"ui-pdp-description__content\">Gorro Siliconado Reflejos Dompel Romana Dorada<\/p>\n<p>\u00a1El Gorro Romana Dompel es tu aliado cuando se trata de reflejos!<\/p>\n<p>Fabricado en material resistente y flexible, ha sido desarrollado para adaptarse c\u00f3modamente a la forma de la cabeza.<\/p>\n<p>Caracter\u00edsticas:<\/p>\n<p>&#8211; Su silicona de alta calidad crea adherencia al cuero cabelludo, evitando las manchas en la ra\u00edz del cabello.<br \/>\n&#8211; Con la alineaci\u00f3n de los agujeros en c\u00edrculos, el Gorro Romana ofrece al profesional innumerables posibilidades de t\u00e9cnicas de iluminaci\u00f3n.<br \/>\n&#8211; Es ideal para todo tipo de cabello, especialmente los largos, ya que tiene una forma anat\u00f3mica que llega hasta la nuca.<br \/>\n&#8211; Es seguro y f\u00e1cil de usar, ya que cuenta con pretaladro y cierre para una mayor fijaci\u00f3n y ajuste durante los procedimientos.<br \/>\n&#8211; Econ\u00f3mico<br \/>\n-Reutilizable.<\/p>\n","protected":false},"excerpt":{"rendered":"<p>Caracter\u00edsticas del producto Marca:\u00a0Dompel Color:\u00a0Dorado Caracter\u00edsticas principales Marca Dompel Modelo Romana Material del gorro Silicona Formato de venta Unidad Unidades por pack 1 Unidades por envase 1 Otros Es reutilizable S\u00ed Es perforado S\u00ed Es t\u00e9rmico No Es el\u00e9ctrico No Descripci\u00f3n Gorro Siliconado Reflejos Dompel Romana Dorada \u00a1El Gorro Romana Dompel es tu aliado cuando se trata de reflejos! Fabricado en material resistente y flexible, ha sido desarrollado para adaptarse c\u00f3modamente a la forma de la cabeza. Caracter\u00edsticas: &#8211; Su silicona de alta calidad crea adherencia al cuero cabelludo, evitando las manchas en la ra\u00edz del cabello. &#8211; Con la\u2026<\/p>\n","protected":false},"featured_media":5361,"comment_status":"open","ping_status":"closed","template":"","meta":[],"product_cat":[1009],"product_tag":[1019,1013,1017,1010,1018,893,1016,1015],"featured_image_urls":{"full":["https:\/\/ccgdistribuidora.com\/wp-content\/uploads\/2023\/11\/Gorro-Siliconado-Reflejos-Dompel-Romana-Dorada-mod391_Sadorada-.jpg",700,700,false],"thumbnail":["https:\/\/ccgdistribuidora.com\/wp-content\/uploads\/2023\/11\/Gorro-Siliconado-Reflejos-Dompel-Romana-Dorada-mod391_Sadorada--150x150.jpg",150,150,true],"medium":["https:\/\/ccgdistribuidora.com\/wp-content\/uploads\/2023\/11\/Gorro-Siliconado-Reflejos-Dompel-Romana-Dorada-mod391_Sadorada--300x300.jpg",300,300,true],"medium_large":["https:\/\/ccgdistribuidora.com\/wp-content\/uploads\/2023\/11\/Gorro-Siliconado-Reflejos-Dompel-Romana-Dorada-mod391_Sadorada-.jpg",700,700,false],"large":["https:\/\/ccgdistribuidora.com\/wp-content\/uploads\/2023\/11\/Gorro-Siliconado-Reflejos-Dompel-Romana-Dorada-mod391_Sadorada-.jpg",700,700,false],"1536x1536":["https:\/\/ccgdistribuidora.com\/wp-content\/uploads\/2023\/11\/Gorro-Siliconado-Reflejos-Dompel-Romana-Dorada-mod391_Sadorada-.jpg",700,700,false],"2048x2048":["https:\/\/ccgdistribuidora.com\/wp-content\/uploads\/2023\/11\/Gorro-Siliconado-Reflejos-Dompel-Romana-Dorada-mod391_Sadorada-.jpg",700,700,false],"mailpoet_newsletter_max":["https:\/\/ccgdistribuidora.com\/wp-content\/uploads\/2023\/11\/Gorro-Siliconado-Reflejos-Dompel-Romana-Dorada-mod391_Sadorada-.jpg",700,700,false],"woocommerce_thumbnail":["https:\/\/ccgdistribuidora.com\/wp-content\/uploads\/2023\/11\/Gorro-Siliconado-Reflejos-Dompel-Romana-Dorada-mod391_Sadorada--300x400.jpg",300,400,true],"woocommerce_single":["https:\/\/ccgdistribuidora.com\/wp-content\/uploads\/2023\/11\/Gorro-Siliconado-Reflejos-Dompel-Romana-Dorada-mod391_Sadorada--600x600.jpg",600,600,true],"woocommerce_gallery_thumbnail":["https:\/\/ccgdistribuidora.com\/wp-content\/uploads\/2023\/11\/Gorro-Siliconado-Reflejos-Dompel-Romana-Dorada-mod391_Sadorada--100x100.jpg",100,100,true],"dgwt-wcas-product-suggestion":["https:\/\/ccgdistribuidora.com\/wp-content\/uploads\/2023\/11\/Gorro-Siliconado-Reflejos-Dompel-Romana-Dorada-mod391_Sadorada--64x64.jpg",64,64,true]},"post_excerpt_stackable":"<p>Caracter\u00edsticas del producto Marca:\u00a0Dompel Color:\u00a0Dorado Caracter\u00edsticas principales Marca Dompel Modelo Romana Material del gorro Silicona Formato de venta Unidad Unidades por pack 1 Unidades por envase 1 Otros Es reutilizable S\u00ed Es perforado S\u00ed Es t\u00e9rmico No Es el\u00e9ctrico No Descripci\u00f3n Gorro Siliconado Reflejos Dompel Romana Dorada \u00a1El Gorro Romana Dompel es tu aliado cuando se trata de reflejos! Fabricado en material resistente y flexible, ha sido desarrollado para adaptarse c\u00f3modamente a la forma de la cabeza. Caracter\u00edsticas: &#8211; Su silicona de alta calidad crea adherencia al cuero cabelludo, evitando las manchas en la ra\u00edz del cabello. &#8211; Con la&hellip;<\/p>\n","category_list":"","author_info":{"name":"","url":""},"comments_num":"0 comentarios","_links":{"self":[{"href":"https:\/\/ccgdistribuidora.com\/index.php\/wp-json\/wp\/v2\/product\/5360"}],"collection":[{"href":"https:\/\/ccgdistribuidora.com\/index.php\/wp-json\/wp\/v2\/product"}],"about":[{"href":"https:\/\/ccgdistribuidora.com\/index.php\/wp-json\/wp\/v2\/types\/product"}],"replies":[{"embeddable":true,"href":"https:\/\/ccgdistribuidora.com\/index.php\/wp-json\/wp\/v2\/comments?post=5360"}],"wp:featuredmedia":[{"embeddable":true,"href":"https:\/\/ccgdistribuidora.com\/index.php\/wp-json\/wp\/v2\/media\/5361"}],"wp:attachment":[{"href":"https:\/\/ccgdistribuidora.com\/index.php\/wp-json\/wp\/v2\/media?parent=5360"}],"wp:term":[{"taxonomy":"product_cat","embeddable":true,"href":"https:\/\/ccgdistribuidora.com\/index.php\/wp-json\/wp\/v2\/product_cat?post=5360"},{"taxonomy":"product_tag","embeddable":true,"href":"https:\/\/ccgdistribuidora.com\/index.php\/wp-json\/wp\/v2\/product_tag?post=5360"}],"curies":[{"name":"wp","href":"https:\/\/api.w.org\/{rel}","templated":true}]}}