{"id":5258,"date":"2023-07-12T21:27:49","date_gmt":"2023-07-13T00:27:49","guid":{"rendered":"https:\/\/ccgdistribuidora.com\/?post_type=product&#038;p=5258"},"modified":"2025-08-19T21:09:22","modified_gmt":"2025-08-20T00:09:22","slug":"crema-para-afeitar-sir-fausto-x-200-grs-barberia-peluqueria","status":"publish","type":"product","link":"https:\/\/ccgdistribuidora.com\/index.php\/product\/crema-para-afeitar-sir-fausto-x-200-grs-barberia-peluqueria\/","title":{"rendered":"Crema Para Afeitar Sir Fausto X 200 Grs Barberia Peluqueria"},"content":{"rendered":"<div id=\"highlighted_specs_attrs\" class=\"ui-pdp-container__row ui-pdp-container__row--highlighted-specs-attrs\">\n<section id=\"highlighted_specs_attrs\" class=\"ui-vpp-highlighted-specs pl-45 pr-45\">\n<div class=\"ui-pdp-container__row ui-pdp-container__row--highlighted-specs-title\">\n<h2 class=\"ui-vpp-text-alignment--left ui-pdp-color--BLACK ui-pdp-size--XLARGE ui-pdp-family--REGULAR highlighted-specs-title\">Caracter\u00edsticas del producto<\/h2>\n<\/div>\n<div class=\"ui-pdp-container__row ui-pdp-container__row--attributes\">\n<div class=\"ui-vpp-highlighted-specs__attribute-columns\">\n<div class=\"ui-vpp-highlighted-specs__attribute-columns__column\">\n<div class=\"ui-pdp-container__row ui-vpp-highlighted-specs__attribute-columns__row\">\n<div class=\"ui-vpp-highlighted-specs__key-value\">\n<div class=\"ui-pdp-background-color--GRAY_40 ui-vpp-highlighted-specs__filled-icon ui-vpp-highlighted-specs__filled-icon--ROUNDED\" aria-hidden=\"true\"><img decoding=\"async\" class=\"ui-pdp-image ui-vpp-image-component\" src=\"https:\/\/http2.mlstatic.com\/storage\/catalog-technical-specs\/images\/assets\/vectorial\/default.svg\" \/><\/div>\n<div class=\"ui-vpp-highlighted-specs__key-value__labels\">\n<p class=\"ui-pdp-family--REGULAR ui-vpp-highlighted-specs__key-value__labels__key-value\"><span class=\"ui-pdp-color--BLACK ui-pdp-size--XSMALL ui-pdp-family--REGULAR\">Unidades por envase:<\/span>\u00a0<span class=\"ui-pdp-color--BLACK ui-pdp-size--XSMALL ui-pdp-family--SEMIBOLD\">1<\/span><\/p>\n<\/div>\n<\/div>\n<\/div>\n<\/div>\n<div class=\"ui-vpp-highlighted-specs__attribute-columns__column\">\n<div class=\"ui-pdp-container__row ui-vpp-highlighted-specs__attribute-columns__row\">\n<div class=\"ui-vpp-highlighted-specs__key-value\">\n<div class=\"ui-pdp-background-color--GRAY_40 ui-vpp-highlighted-specs__filled-icon ui-vpp-highlighted-specs__filled-icon--ROUNDED\" aria-hidden=\"true\"><img decoding=\"async\" class=\"ui-pdp-image ui-vpp-image-component\" src=\"https:\/\/http2.mlstatic.com\/storage\/catalog-technical-specs\/images\/assets\/vectorial\/default.svg\" \/><\/div>\n<div class=\"ui-vpp-highlighted-specs__key-value__labels\">\n<p class=\"ui-pdp-family--REGULAR ui-vpp-highlighted-specs__key-value__labels__key-value\"><span class=\"ui-pdp-color--BLACK ui-pdp-size--XSMALL ui-pdp-family--REGULAR\">Marca:<\/span>\u00a0<span class=\"ui-pdp-color--BLACK ui-pdp-size--XSMALL ui-pdp-family--SEMIBOLD\">Sir Fausto<\/span><\/p>\n<\/div>\n<\/div>\n<\/div>\n<\/div>\n<\/div>\n<\/div>\n<div class=\"ui-pdp-container__row ui-pdp-container__row--technical-specifications\">\n<div class=\"ui-pdp-collapsable ui-vpp-highlighted-specs__striped-collapsed__action\">\n<div class=\"ui-pdp-collapsable__container\">\n<div class=\"ui-vpp-highlighted-specs__striped-specs\">\n<div class=\"ui-vpp-striped-specs\">\n<div class=\"ui-vpp-striped-specs__table\">\n<h3 class=\"ui-vpp-striped-specs__header\">Caracter\u00edsticas principales<\/h3>\n<table class=\"andes-table\">\n<tbody class=\"andes-table__body\">\n<tr class=\"andes-table__row ui-vpp-striped-specs__row\">\n<th class=\"andes-table__header andes-table__header--left ui-vpp-striped-specs__row__column ui-vpp-striped-specs__row__column--id\">Marca<\/th>\n<td class=\"andes-table__column andes-table__column--left ui-vpp-striped-specs__row__column\"><span class=\"andes-table__column--value\">Sir Fausto<\/span><\/td>\n<\/tr>\n<tr class=\"andes-table__row ui-vpp-striped-specs__row\">\n<th class=\"andes-table__header andes-table__header--left ui-vpp-striped-specs__row__column ui-vpp-striped-specs__row__column--id\">Modelo<\/th>\n<td class=\"andes-table__column andes-table__column--left ui-vpp-striped-specs__row__column\"><span class=\"andes-table__column--value\">Crema para barbear<\/span><\/td>\n<\/tr>\n<tr class=\"andes-table__row ui-vpp-striped-specs__row\">\n<th class=\"andes-table__header andes-table__header--left ui-vpp-striped-specs__row__column ui-vpp-striped-specs__row__column--id\">Tipo de humectante<\/th>\n<td class=\"andes-table__column andes-table__column--left ui-vpp-striped-specs__row__column\"><span class=\"andes-table__column--value\">B\u00e1lsamo<\/span><\/td>\n<\/tr>\n<tr class=\"andes-table__row ui-vpp-striped-specs__row\">\n<th class=\"andes-table__header andes-table__header--left ui-vpp-striped-specs__row__column ui-vpp-striped-specs__row__column--id\">Unidades por envase<\/th>\n<td class=\"andes-table__column andes-table__column--left ui-vpp-striped-specs__row__column\"><span class=\"andes-table__column--value\">1<\/span><\/td>\n<\/tr>\n<tr class=\"andes-table__row ui-vpp-striped-specs__row\">\n<th class=\"andes-table__header andes-table__header--left ui-vpp-striped-specs__row__column ui-vpp-striped-specs__row__column--id\">Volumen de la unidad<\/th>\n<td class=\"andes-table__column andes-table__column--left ui-vpp-striped-specs__row__column\"><span class=\"andes-table__column--value\">200 mL<\/span><\/td>\n<\/tr>\n<tr class=\"andes-table__row ui-vpp-striped-specs__row\">\n<th class=\"andes-table__header andes-table__header--left ui-vpp-striped-specs__row__column ui-vpp-striped-specs__row__column--id\">Peso de la unidad<\/th>\n<td class=\"andes-table__column andes-table__column--left ui-vpp-striped-specs__row__column\"><span class=\"andes-table__column--value\">200 g<\/span><\/td>\n<\/tr>\n<\/tbody>\n<\/table>\n<\/div>\n<\/div>\n<div class=\"ui-vpp-striped-specs\">\n<div class=\"ui-vpp-striped-specs__table\">\n<h1 class=\"ui-vpp-striped-specs__header\"><span style=\"font-size: 16px;\">Descripci\u00f3n<\/span><\/h1>\n<\/div>\n<\/div>\n<\/div>\n<\/div>\n<\/div>\n<\/div>\n<\/section>\n<\/div>\n<div id=\"description\" class=\"ui-pdp-container__row ui-pdp-container__row--description\">\n<div class=\"ui-pdp-description\">\n<p class=\"ui-pdp-description__content\">\nCrema para barbear\/afeitar Sir Fausto calidad argentina para hombres. Compuesta por componentes de ra\u00edces naturales del norte de Argentina: Aceite de T\u00e9, Salvia y Cal\u00e9ndula.<\/p>\n<p>Modo de uso:<\/p>\n<p>En primer lugar, aseg\u00farate de que el \u00e1rea a afeitar est\u00e9 limpia. Bas\u00e1ndonos en la tradici\u00f3n, sumerge la brocha en tu lavado de manos con agua caliente. Al remojar las cerdas de la brocha, \u00e9stas toman agua, que es importante para la espuma. Moja la barba. Toma una agradable y larga ducha, o bien, puedes empapar una toalla en agua caliente y aplicarla sobre la cara. Si utilizas una toalla, moja la cara dos o tres veces. Saturarla con agua caliente hace que tu barba est\u00e9 suave y flexible, resultando m\u00e1s f\u00e1cil de cortar. Carga la brocha con la suficiente Crema de Afeitar Sir Fausto para saturar las cerdas y comienza a batir la crema de afeitar hasta crear una espuma ligeramente m\u00e1s aireada. A\u00f1ade agua si es necesario. Apl\u00edcala sobre el rostro utilizando la brocha en peque\u00f1os c\u00edrculos. No tengas miedo de pasarte. El objetivo es lubricar completamente la piel, la barba y los poros, lo que har\u00e1 que tu afeitado sea mucho m\u00e1s c\u00f3modo.<\/p>\n<\/div>\n<\/div>\n","protected":false},"excerpt":{"rendered":"<p>Caracter\u00edsticas del producto Unidades por envase:\u00a01 Marca:\u00a0Sir Fausto Caracter\u00edsticas principales Marca Sir Fausto Modelo Crema para barbear Tipo de humectante B\u00e1lsamo Unidades por envase 1 Volumen de la unidad 200 mL Peso de la unidad 200 g Descripci\u00f3n Crema para barbear\/afeitar Sir Fausto calidad argentina para hombres. Compuesta por componentes de ra\u00edces naturales del norte de Argentina: Aceite de T\u00e9, Salvia y Cal\u00e9ndula. Modo de uso: En primer lugar, aseg\u00farate de que el \u00e1rea a afeitar est\u00e9 limpia. Bas\u00e1ndonos en la tradici\u00f3n, sumerge la brocha en tu lavado de manos con agua caliente. Al remojar las cerdas de la brocha,\u2026<\/p>\n","protected":false},"featured_media":5259,"comment_status":"open","ping_status":"closed","template":"","meta":[],"product_cat":[240,206,278],"product_tag":[959,671,368,355,663,954,960],"featured_image_urls":{"full":["https:\/\/ccgdistribuidora.com\/wp-content\/uploads\/2023\/07\/Crema-Para-Afeitar-Sir-Fausto-X-200-Grs-Barberia-Peluqueria-1.jpg",700,700,false],"thumbnail":["https:\/\/ccgdistribuidora.com\/wp-content\/uploads\/2023\/07\/Crema-Para-Afeitar-Sir-Fausto-X-200-Grs-Barberia-Peluqueria-1-150x150.jpg",150,150,true],"medium":["https:\/\/ccgdistribuidora.com\/wp-content\/uploads\/2023\/07\/Crema-Para-Afeitar-Sir-Fausto-X-200-Grs-Barberia-Peluqueria-1-300x300.jpg",300,300,true],"medium_large":["https:\/\/ccgdistribuidora.com\/wp-content\/uploads\/2023\/07\/Crema-Para-Afeitar-Sir-Fausto-X-200-Grs-Barberia-Peluqueria-1.jpg",700,700,false],"large":["https:\/\/ccgdistribuidora.com\/wp-content\/uploads\/2023\/07\/Crema-Para-Afeitar-Sir-Fausto-X-200-Grs-Barberia-Peluqueria-1.jpg",700,700,false],"1536x1536":["https:\/\/ccgdistribuidora.com\/wp-content\/uploads\/2023\/07\/Crema-Para-Afeitar-Sir-Fausto-X-200-Grs-Barberia-Peluqueria-1.jpg",700,700,false],"2048x2048":["https:\/\/ccgdistribuidora.com\/wp-content\/uploads\/2023\/07\/Crema-Para-Afeitar-Sir-Fausto-X-200-Grs-Barberia-Peluqueria-1.jpg",700,700,false],"mailpoet_newsletter_max":["https:\/\/ccgdistribuidora.com\/wp-content\/uploads\/2023\/07\/Crema-Para-Afeitar-Sir-Fausto-X-200-Grs-Barberia-Peluqueria-1.jpg",700,700,false],"woocommerce_thumbnail":["https:\/\/ccgdistribuidora.com\/wp-content\/uploads\/2023\/07\/Crema-Para-Afeitar-Sir-Fausto-X-200-Grs-Barberia-Peluqueria-1-300x400.jpg",300,400,true],"woocommerce_single":["https:\/\/ccgdistribuidora.com\/wp-content\/uploads\/2023\/07\/Crema-Para-Afeitar-Sir-Fausto-X-200-Grs-Barberia-Peluqueria-1-600x600.jpg",600,600,true],"woocommerce_gallery_thumbnail":["https:\/\/ccgdistribuidora.com\/wp-content\/uploads\/2023\/07\/Crema-Para-Afeitar-Sir-Fausto-X-200-Grs-Barberia-Peluqueria-1-100x100.jpg",100,100,true],"dgwt-wcas-product-suggestion":["https:\/\/ccgdistribuidora.com\/wp-content\/uploads\/2023\/07\/Crema-Para-Afeitar-Sir-Fausto-X-200-Grs-Barberia-Peluqueria-1-64x64.jpg",64,64,true]},"post_excerpt_stackable":"<p>Caracter\u00edsticas del producto Unidades por envase:\u00a01 Marca:\u00a0Sir Fausto Caracter\u00edsticas principales Marca Sir Fausto Modelo Crema para barbear Tipo de humectante B\u00e1lsamo Unidades por envase 1 Volumen de la unidad 200 mL Peso de la unidad 200 g Descripci\u00f3n Crema para barbear\/afeitar Sir Fausto calidad argentina para hombres. Compuesta por componentes de ra\u00edces naturales del norte de Argentina: Aceite de T\u00e9, Salvia y Cal\u00e9ndula. Modo de uso: En primer lugar, aseg\u00farate de que el \u00e1rea a afeitar est\u00e9 limpia. Bas\u00e1ndonos en la tradici\u00f3n, sumerge la brocha en tu lavado de manos con agua caliente. Al remojar las cerdas de la brocha,&hellip;<\/p>\n","category_list":"","author_info":{"name":"","url":""},"comments_num":"0 comentarios","_links":{"self":[{"href":"https:\/\/ccgdistribuidora.com\/index.php\/wp-json\/wp\/v2\/product\/5258"}],"collection":[{"href":"https:\/\/ccgdistribuidora.com\/index.php\/wp-json\/wp\/v2\/product"}],"about":[{"href":"https:\/\/ccgdistribuidora.com\/index.php\/wp-json\/wp\/v2\/types\/product"}],"replies":[{"embeddable":true,"href":"https:\/\/ccgdistribuidora.com\/index.php\/wp-json\/wp\/v2\/comments?post=5258"}],"wp:featuredmedia":[{"embeddable":true,"href":"https:\/\/ccgdistribuidora.com\/index.php\/wp-json\/wp\/v2\/media\/5259"}],"wp:attachment":[{"href":"https:\/\/ccgdistribuidora.com\/index.php\/wp-json\/wp\/v2\/media?parent=5258"}],"wp:term":[{"taxonomy":"product_cat","embeddable":true,"href":"https:\/\/ccgdistribuidora.com\/index.php\/wp-json\/wp\/v2\/product_cat?post=5258"},{"taxonomy":"product_tag","embeddable":true,"href":"https:\/\/ccgdistribuidora.com\/index.php\/wp-json\/wp\/v2\/product_tag?post=5258"}],"curies":[{"name":"wp","href":"https:\/\/api.w.org\/{rel}","templated":true}]}}