{"id":5252,"date":"2023-07-12T19:36:00","date_gmt":"2023-07-12T22:36:00","guid":{"rendered":"https:\/\/ccgdistribuidora.com\/?post_type=product&#038;p=5252"},"modified":"2025-08-19T20:59:42","modified_gmt":"2025-08-19T23:59:42","slug":"oleo-esencial-para-barba-sir-fausto-old-culture-30ml-barbero","status":"publish","type":"product","link":"https:\/\/ccgdistribuidora.com\/index.php\/product\/oleo-esencial-para-barba-sir-fausto-old-culture-30ml-barbero\/","title":{"rendered":"Oleo Esencial Para Barba Sir Fausto Old Culture 30ml Barbero"},"content":{"rendered":"<div id=\"highlighted_specs_attrs\" class=\"ui-pdp-container__row ui-pdp-container__row--highlighted-specs-attrs\">\n<section id=\"highlighted_specs_attrs\" class=\"ui-vpp-highlighted-specs pl-45 pr-45\">\n<div class=\"ui-pdp-container__row ui-pdp-container__row--highlighted-specs-title\">\n<h2 class=\"ui-vpp-text-alignment--left ui-pdp-color--BLACK ui-pdp-size--XLARGE ui-pdp-family--REGULAR highlighted-specs-title\">Caracter\u00edsticas del producto<\/h2>\n<\/div>\n<div class=\"ui-pdp-container__row ui-pdp-container__row--attributes\">\n<div class=\"ui-vpp-highlighted-specs__attribute-columns\">\n<div class=\"ui-vpp-highlighted-specs__attribute-columns__column\">\n<div class=\"ui-pdp-container__row ui-vpp-highlighted-specs__attribute-columns__row\">\n<div class=\"ui-vpp-highlighted-specs__key-value\">\n<div class=\"ui-pdp-background-color--GRAY_40 ui-vpp-highlighted-specs__filled-icon ui-vpp-highlighted-specs__filled-icon--ROUNDED\" aria-hidden=\"true\"><img decoding=\"async\" class=\"ui-pdp-image ui-vpp-image-component\" src=\"https:\/\/http2.mlstatic.com\/storage\/catalog-technical-specs\/images\/assets\/vectorial\/default.svg\" \/><\/div>\n<div class=\"ui-vpp-highlighted-specs__key-value__labels\">\n<p class=\"ui-pdp-family--REGULAR ui-vpp-highlighted-specs__key-value__labels__key-value\"><span class=\"ui-pdp-color--BLACK ui-pdp-size--XSMALL ui-pdp-family--REGULAR\">Unidades por envase:<\/span>\u00a0<span class=\"ui-pdp-color--BLACK ui-pdp-size--XSMALL ui-pdp-family--SEMIBOLD\">1<\/span><\/p>\n<\/div>\n<\/div>\n<\/div>\n<\/div>\n<div class=\"ui-vpp-highlighted-specs__attribute-columns__column\">\n<div class=\"ui-pdp-container__row ui-vpp-highlighted-specs__attribute-columns__row\">\n<div class=\"ui-vpp-highlighted-specs__key-value\">\n<div class=\"ui-pdp-background-color--GRAY_40 ui-vpp-highlighted-specs__filled-icon ui-vpp-highlighted-specs__filled-icon--ROUNDED\" aria-hidden=\"true\"><img decoding=\"async\" class=\"ui-pdp-image ui-vpp-image-component\" src=\"https:\/\/http2.mlstatic.com\/storage\/catalog-technical-specs\/images\/assets\/vectorial\/default.svg\" \/><\/div>\n<div class=\"ui-vpp-highlighted-specs__key-value__labels\">\n<p class=\"ui-pdp-family--REGULAR ui-vpp-highlighted-specs__key-value__labels__key-value\"><span class=\"ui-pdp-color--BLACK ui-pdp-size--XSMALL ui-pdp-family--REGULAR\">Marca:<\/span>\u00a0<span class=\"ui-pdp-color--BLACK ui-pdp-size--XSMALL ui-pdp-family--SEMIBOLD\">Sir Fausto<\/span><\/p>\n<\/div>\n<\/div>\n<\/div>\n<\/div>\n<\/div>\n<\/div>\n<div class=\"ui-pdp-container__row ui-pdp-container__row--technical-specifications\">\n<div class=\"ui-pdp-collapsable ui-vpp-highlighted-specs__striped-collapsed__action\">\n<div class=\"ui-pdp-collapsable__container\">\n<div class=\"ui-vpp-highlighted-specs__striped-specs\">\n<div class=\"ui-vpp-striped-specs\">\n<div class=\"ui-vpp-striped-specs__table\">\n<h3 class=\"ui-vpp-striped-specs__header\">Caracter\u00edsticas principales<\/h3>\n<table class=\"andes-table\">\n<tbody class=\"andes-table__body\">\n<tr class=\"andes-table__row ui-vpp-striped-specs__row\">\n<th class=\"andes-table__header andes-table__header--left ui-vpp-striped-specs__row__column ui-vpp-striped-specs__row__column--id\">Marca<\/th>\n<td class=\"andes-table__column andes-table__column--left ui-vpp-striped-specs__row__column\"><span class=\"andes-table__column--value\">Sir Fausto<\/span><\/td>\n<\/tr>\n<tr class=\"andes-table__row ui-vpp-striped-specs__row\">\n<th class=\"andes-table__header andes-table__header--left ui-vpp-striped-specs__row__column ui-vpp-striped-specs__row__column--id\">Modelo<\/th>\n<td class=\"andes-table__column andes-table__column--left ui-vpp-striped-specs__row__column\"><span class=\"andes-table__column--value\">Sir Fausto<\/span><\/td>\n<\/tr>\n<tr class=\"andes-table__row ui-vpp-striped-specs__row\">\n<th class=\"andes-table__header andes-table__header--left ui-vpp-striped-specs__row__column ui-vpp-striped-specs__row__column--id\">Tipo de humectante<\/th>\n<td class=\"andes-table__column andes-table__column--left ui-vpp-striped-specs__row__column\"><span class=\"andes-table__column--value\">B\u00e1lsamo<\/span><\/td>\n<\/tr>\n<tr class=\"andes-table__row ui-vpp-striped-specs__row\">\n<th class=\"andes-table__header andes-table__header--left ui-vpp-striped-specs__row__column ui-vpp-striped-specs__row__column--id\">Unidades por envase<\/th>\n<td class=\"andes-table__column andes-table__column--left ui-vpp-striped-specs__row__column\"><span class=\"andes-table__column--value\">1<\/span><\/td>\n<\/tr>\n<tr class=\"andes-table__row ui-vpp-striped-specs__row\">\n<th class=\"andes-table__header andes-table__header--left ui-vpp-striped-specs__row__column ui-vpp-striped-specs__row__column--id\">Volumen de la unidad<\/th>\n<td class=\"andes-table__column andes-table__column--left ui-vpp-striped-specs__row__column\"><span class=\"andes-table__column--value\">30 mL<\/span><\/td>\n<\/tr>\n<tr class=\"andes-table__row ui-vpp-striped-specs__row\">\n<th class=\"andes-table__header andes-table__header--left ui-vpp-striped-specs__row__column ui-vpp-striped-specs__row__column--id\">Peso de la unidad<\/th>\n<td class=\"andes-table__column andes-table__column--left ui-vpp-striped-specs__row__column\"><span class=\"andes-table__column--value\">30 g<\/span><\/td>\n<\/tr>\n<\/tbody>\n<\/table>\n<\/div>\n<\/div>\n<div class=\"ui-vpp-striped-specs\">\n<div class=\"ui-vpp-striped-specs__table\">\n<h3><\/h3>\n<h2 class=\"ui-vpp-striped-specs__header\"><span style=\"font-size: 16px;\">Descripci\u00f3n<\/span><\/h2>\n<\/div>\n<\/div>\n<\/div>\n<\/div>\n<\/div>\n<\/div>\n<\/section>\n<\/div>\n<div id=\"description\" class=\"ui-pdp-container__row ui-pdp-container__row--description\">\n<div class=\"ui-pdp-description\">\n<h5 class=\"ui-pdp-description__title\"><strong>\u2022 \u00d3leo Esencial Para Barba Essential Bead Oil Sir Fausto 30ml<\/strong><\/p>\n<p><strong>Posee aceite de jojoba, almendras y abyssinian, vitaminas A y E, col\u00e1geno, elastina y omega 9. Incrementa la suavidad del vello facial. Disminuye el la grasitud. Aceite ligero de origen 100% natural. Aumenta el brillo de la barba.<\/strong><\/p>\n<p><strong>Modo de uso:<\/strong><\/p>\n<p><strong>Luego de haber higienizado tu barba con Shampoo para Barba Sir Fausto, ligeramente h\u00fameda y dependiendo de la longitud de la misma, aplica de 2 a 5 gotas en ambas palmas de las manos y distribuye el \u00f3leo tanto en el vello de la barba como en la piel. TIP: utiliza el secador de cabello con aire templado para eliminar los rastros de humedad y lograr un mayor control y pulido sobre el vello de la barba. Con 20 o 30 segundos es suficiente. Resultado:Obtendr\u00e1s una barba brillante, suave, con un ligero control del vello facial.<\/strong><\/h5>\n<\/div>\n<\/div>\n","protected":false},"excerpt":{"rendered":"<p>Caracter\u00edsticas del producto Unidades por envase:\u00a01 Marca:\u00a0Sir Fausto Caracter\u00edsticas principales Marca Sir Fausto Modelo Sir Fausto Tipo de humectante B\u00e1lsamo Unidades por envase 1 Volumen de la unidad 30 mL Peso de la unidad 30 g Descripci\u00f3n \u2022 \u00d3leo Esencial Para Barba Essential Bead Oil Sir Fausto 30ml Posee aceite de jojoba, almendras y abyssinian, vitaminas A y E, col\u00e1geno, elastina y omega 9. Incrementa la suavidad del vello facial. Disminuye el la grasitud. Aceite ligero de origen 100% natural. Aumenta el brillo de la barba. Modo de uso: Luego de haber higienizado tu barba con Shampoo para Barba Sir\u2026<\/p>\n","protected":false},"featured_media":5253,"comment_status":"open","ping_status":"closed","template":"","meta":[],"product_cat":[240,206,278],"product_tag":[957,942,958,947,955,956,917,355,954],"featured_image_urls":{"full":["https:\/\/ccgdistribuidora.com\/wp-content\/uploads\/2023\/07\/Oleo-Esencial-Para-Barba-Sir-Fausto-Old-Culture-30ml-Barbero.jpg",700,700,false],"thumbnail":["https:\/\/ccgdistribuidora.com\/wp-content\/uploads\/2023\/07\/Oleo-Esencial-Para-Barba-Sir-Fausto-Old-Culture-30ml-Barbero-150x150.jpg",150,150,true],"medium":["https:\/\/ccgdistribuidora.com\/wp-content\/uploads\/2023\/07\/Oleo-Esencial-Para-Barba-Sir-Fausto-Old-Culture-30ml-Barbero-300x300.jpg",300,300,true],"medium_large":["https:\/\/ccgdistribuidora.com\/wp-content\/uploads\/2023\/07\/Oleo-Esencial-Para-Barba-Sir-Fausto-Old-Culture-30ml-Barbero.jpg",700,700,false],"large":["https:\/\/ccgdistribuidora.com\/wp-content\/uploads\/2023\/07\/Oleo-Esencial-Para-Barba-Sir-Fausto-Old-Culture-30ml-Barbero.jpg",700,700,false],"1536x1536":["https:\/\/ccgdistribuidora.com\/wp-content\/uploads\/2023\/07\/Oleo-Esencial-Para-Barba-Sir-Fausto-Old-Culture-30ml-Barbero.jpg",700,700,false],"2048x2048":["https:\/\/ccgdistribuidora.com\/wp-content\/uploads\/2023\/07\/Oleo-Esencial-Para-Barba-Sir-Fausto-Old-Culture-30ml-Barbero.jpg",700,700,false],"mailpoet_newsletter_max":["https:\/\/ccgdistribuidora.com\/wp-content\/uploads\/2023\/07\/Oleo-Esencial-Para-Barba-Sir-Fausto-Old-Culture-30ml-Barbero.jpg",700,700,false],"woocommerce_thumbnail":["https:\/\/ccgdistribuidora.com\/wp-content\/uploads\/2023\/07\/Oleo-Esencial-Para-Barba-Sir-Fausto-Old-Culture-30ml-Barbero-300x400.jpg",300,400,true],"woocommerce_single":["https:\/\/ccgdistribuidora.com\/wp-content\/uploads\/2023\/07\/Oleo-Esencial-Para-Barba-Sir-Fausto-Old-Culture-30ml-Barbero-600x600.jpg",600,600,true],"woocommerce_gallery_thumbnail":["https:\/\/ccgdistribuidora.com\/wp-content\/uploads\/2023\/07\/Oleo-Esencial-Para-Barba-Sir-Fausto-Old-Culture-30ml-Barbero-100x100.jpg",100,100,true],"dgwt-wcas-product-suggestion":["https:\/\/ccgdistribuidora.com\/wp-content\/uploads\/2023\/07\/Oleo-Esencial-Para-Barba-Sir-Fausto-Old-Culture-30ml-Barbero-64x64.jpg",64,64,true]},"post_excerpt_stackable":"<p>Caracter\u00edsticas del producto Unidades por envase:\u00a01 Marca:\u00a0Sir Fausto Caracter\u00edsticas principales Marca Sir Fausto Modelo Sir Fausto Tipo de humectante B\u00e1lsamo Unidades por envase 1 Volumen de la unidad 30 mL Peso de la unidad 30 g Descripci\u00f3n \u2022 \u00d3leo Esencial Para Barba Essential Bead Oil Sir Fausto 30ml Posee aceite de jojoba, almendras y abyssinian, vitaminas A y E, col\u00e1geno, elastina y omega 9. Incrementa la suavidad del vello facial. Disminuye el la grasitud. Aceite ligero de origen 100% natural. Aumenta el brillo de la barba. Modo de uso: Luego de haber higienizado tu barba con Shampoo para Barba Sir&hellip;<\/p>\n","category_list":"","author_info":{"name":"","url":""},"comments_num":"0 comentarios","_links":{"self":[{"href":"https:\/\/ccgdistribuidora.com\/index.php\/wp-json\/wp\/v2\/product\/5252"}],"collection":[{"href":"https:\/\/ccgdistribuidora.com\/index.php\/wp-json\/wp\/v2\/product"}],"about":[{"href":"https:\/\/ccgdistribuidora.com\/index.php\/wp-json\/wp\/v2\/types\/product"}],"replies":[{"embeddable":true,"href":"https:\/\/ccgdistribuidora.com\/index.php\/wp-json\/wp\/v2\/comments?post=5252"}],"wp:featuredmedia":[{"embeddable":true,"href":"https:\/\/ccgdistribuidora.com\/index.php\/wp-json\/wp\/v2\/media\/5253"}],"wp:attachment":[{"href":"https:\/\/ccgdistribuidora.com\/index.php\/wp-json\/wp\/v2\/media?parent=5252"}],"wp:term":[{"taxonomy":"product_cat","embeddable":true,"href":"https:\/\/ccgdistribuidora.com\/index.php\/wp-json\/wp\/v2\/product_cat?post=5252"},{"taxonomy":"product_tag","embeddable":true,"href":"https:\/\/ccgdistribuidora.com\/index.php\/wp-json\/wp\/v2\/product_tag?post=5252"}],"curies":[{"name":"wp","href":"https:\/\/api.w.org\/{rel}","templated":true}]}}