{"id":5118,"date":"2023-05-18T16:54:04","date_gmt":"2023-05-18T19:54:04","guid":{"rendered":"https:\/\/ccgdistribuidora.com\/?post_type=product&#038;p=5118"},"modified":"2024-09-26T10:58:04","modified_gmt":"2024-09-26T13:58:04","slug":"secador-de-pelo-kawa-sapphire-9100-fucsia-220v","status":"publish","type":"product","link":"https:\/\/ccgdistribuidora.com\/index.php\/product\/secador-de-pelo-kawa-sapphire-9100-fucsia-220v\/","title":{"rendered":"Secador de pelo Kawa Sapphire 9100 fucsia 220V"},"content":{"rendered":"<div class=\"ui-pdp-container__row\">\n<div class=\"ui-pdp-container__col col-1 ui-pdp-with--separator ui-pdp-with--separator--40\">\n<div class=\"ui-pdp-specs pl-45 pr-45\">\n<h2 class=\"ui-pdp-specs__title\">Caracter\u00edsticas principales<\/h2>\n<div class=\"ui-pdp-specs__table\">\n<table class=\"andes-table\">\n<tbody class=\"andes-table__body\">\n<tr class=\"andes-table__row\">\n<th class=\"andes-table__header andes-table__header--left ui-pdp-specs__table__column ui-pdp-specs__table__column-title\">Marca<\/th>\n<td class=\"andes-table__column andes-table__column--left ui-pdp-specs__table__column\"><span class=\"andes-table__column--value\">Kawa<\/span><\/td>\n<\/tr>\n<tr class=\"andes-table__row\">\n<th class=\"andes-table__header andes-table__header--left ui-pdp-specs__table__column ui-pdp-specs__table__column-title\">Modelo<\/th>\n<td class=\"andes-table__column andes-table__column--left ui-pdp-specs__table__column\"><span class=\"andes-table__column--value\">Sapphire 9100<\/span><\/td>\n<\/tr>\n<tr class=\"andes-table__row\">\n<th class=\"andes-table__header andes-table__header--left ui-pdp-specs__table__column ui-pdp-specs__table__column-title\">Color<\/th>\n<td class=\"andes-table__column andes-table__column--left ui-pdp-specs__table__column\"><span class=\"andes-table__column--value\">Fucsia<\/span><\/td>\n<\/tr>\n<tr class=\"andes-table__row\">\n<th class=\"andes-table__header andes-table__header--left ui-pdp-specs__table__column ui-pdp-specs__table__column-title\">Voltaje<\/th>\n<td class=\"andes-table__column andes-table__column--left ui-pdp-specs__table__column\"><span class=\"andes-table__column--value\">220V<\/span><\/td>\n<\/tr>\n<\/tbody>\n<\/table>\n<\/div>\n<h3 class=\"ui-pdp-specs__subtitle\">Otros<\/h3>\n<div class=\"ui-pdp-list ui-pdp-specs__list\">\n<ul class=\"ui-pdp-list__wrapper\">\n<li class=\"ui-pdp-list__item\">\n<p class=\"ui-pdp-family--REGULAR ui-pdp-list__text\"><span class=\"ui-pdp-color--BLACK ui-pdp-size--XSMALL ui-pdp-family--BOLD\">Potencia<\/span>: 2300 W<\/p>\n<\/li>\n<li class=\"ui-pdp-list__item\">\n<p class=\"ui-pdp-family--REGULAR ui-pdp-list__text\"><span class=\"ui-pdp-color--BLACK ui-pdp-size--XSMALL ui-pdp-family--BOLD\">Es profesional<\/span>: S\u00ed<\/p>\n<\/li>\n<\/ul>\n<ul class=\"ui-pdp-list__wrapper\">\n<li class=\"ui-pdp-list__item\">\n<p class=\"ui-pdp-family--REGULAR ui-pdp-list__text\"><span class=\"ui-pdp-color--BLACK ui-pdp-size--XSMALL ui-pdp-family--BOLD\">Con aire fr\u00edo<\/span>: S\u00ed<\/p>\n<\/li>\n<li class=\"ui-pdp-list__item\">\n<p class=\"ui-pdp-family--REGULAR ui-pdp-list__text\"><span class=\"ui-pdp-color--BLACK ui-pdp-size--XSMALL ui-pdp-family--BOLD\">Piezas del set<\/span>: 2 boquillas de conducci\u00f3n<\/p>\n<\/li>\n<\/ul>\n<ul class=\"ui-pdp-list__wrapper\">\n<li class=\"ui-pdp-list__item\">\n<p class=\"ui-pdp-family--REGULAR ui-pdp-list__text\"><span class=\"ui-pdp-color--BLACK ui-pdp-size--XSMALL ui-pdp-family--BOLD\">Cantidad de velocidades<\/span>: 2<\/p>\n<\/li>\n<li class=\"ui-pdp-list__item\">\n<p class=\"ui-pdp-family--REGULAR ui-pdp-list__text\"><span class=\"ui-pdp-color--BLACK ui-pdp-size--XSMALL ui-pdp-family--BOLD\">Tipo de motor<\/span>: CA<\/p>\n<\/li>\n<\/ul>\n<ul class=\"ui-pdp-list__wrapper\">\n<li class=\"ui-pdp-list__item\">\n<p class=\"ui-pdp-family--REGULAR ui-pdp-list__text\"><span class=\"ui-pdp-color--BLACK ui-pdp-size--XSMALL ui-pdp-family--BOLD\">Cantidad de niveles de temperatura<\/span>: 3<\/p>\n<\/li>\n<li class=\"ui-pdp-list__item\">\n<p class=\"ui-pdp-family--REGULAR ui-pdp-list__text\"><span class=\"ui-pdp-color--BLACK ui-pdp-size--XSMALL ui-pdp-family--BOLD\">Con filtro removible<\/span>: S\u00ed<\/p>\n<\/li>\n<\/ul>\n<ul class=\"ui-pdp-list__wrapper\">\n<li class=\"ui-pdp-list__item\">\n<p class=\"ui-pdp-family--REGULAR ui-pdp-list__text\"><span class=\"ui-pdp-color--BLACK ui-pdp-size--XSMALL ui-pdp-family--BOLD\">Es silencioso<\/span>: S\u00ed<\/p>\n<\/li>\n<\/ul>\n<\/div>\n<\/div>\n<\/div>\n<\/div>\n<div class=\"ui-pdp-container__row\">\n<div class=\"ui-pdp-container__col col-1 ui-pdp-with--separator ui-pdp-with--separator--40\"><\/div>\n<\/div>\n<div class=\"ui-pdp-container__row\">\n<div class=\"ui-pdp-container__col col-1\">\n<div class=\"ui-pdp-description pl-45 pr-45 ui-pdp-collapsable--is-collapsed\">\n<h2 class=\"ui-pdp-description__title\">Descripci\u00f3n<\/h2>\n<p class=\"ui-pdp-description__content\">Si hay algo que no puede faltar en tu ba\u00f1o es un secador de pelo Kawa Sapphire 9100. En ondas, rulos, lacio, usalo como m\u00e1s te guste. Este producto se encargar\u00e1 de cuidar la salud de tu cabello y de crear el look perfecto para cada ocasi\u00f3n. Es peque\u00f1o, liviano y viene a completar tu set de belleza en el hogar.<\/p>\n<p>Cuidado extremo<br \/>\nAl finalizar, utiliz\u00e1 su sistema de aire fr\u00edo, que cerrar\u00e1 la cut\u00edcula y as\u00ed evitar\u00e1s el da\u00f1o. Adem\u00e1s, fijar\u00e1 tu peinado para que luzcas impecable por m\u00e1s tiempo.<\/p>\n<\/div>\n<\/div>\n<\/div>\n","protected":false},"excerpt":{"rendered":"<p>Caracter\u00edsticas principales Marca Kawa Modelo Sapphire 9100 Color Fucsia Voltaje 220V Otros Potencia: 2300 W Es profesional: S\u00ed Con aire fr\u00edo: S\u00ed Piezas del set: 2 boquillas de conducci\u00f3n Cantidad de velocidades: 2 Tipo de motor: CA Cantidad de niveles de temperatura: 3 Con filtro removible: S\u00ed Es silencioso: S\u00ed Descripci\u00f3n Si hay algo que no puede faltar en tu ba\u00f1o es un secador de pelo Kawa Sapphire 9100. En ondas, rulos, lacio, usalo como m\u00e1s te guste. Este producto se encargar\u00e1 de cuidar la salud de tu cabello y de crear el look perfecto para cada ocasi\u00f3n. Es peque\u00f1o,\u2026<\/p>\n","protected":false},"featured_media":5119,"comment_status":"open","ping_status":"closed","template":"","meta":[],"product_cat":[248,228,206],"product_tag":[831,830,833,834,832],"featured_image_urls":{"full":["https:\/\/ccgdistribuidora.com\/wp-content\/uploads\/2023\/05\/Secador-de-pelo-Kawa-Sapphire-9100-fucsia-220V.jpg",700,700,false],"thumbnail":["https:\/\/ccgdistribuidora.com\/wp-content\/uploads\/2023\/05\/Secador-de-pelo-Kawa-Sapphire-9100-fucsia-220V-150x150.jpg",150,150,true],"medium":["https:\/\/ccgdistribuidora.com\/wp-content\/uploads\/2023\/05\/Secador-de-pelo-Kawa-Sapphire-9100-fucsia-220V-300x300.jpg",300,300,true],"medium_large":["https:\/\/ccgdistribuidora.com\/wp-content\/uploads\/2023\/05\/Secador-de-pelo-Kawa-Sapphire-9100-fucsia-220V.jpg",700,700,false],"large":["https:\/\/ccgdistribuidora.com\/wp-content\/uploads\/2023\/05\/Secador-de-pelo-Kawa-Sapphire-9100-fucsia-220V.jpg",700,700,false],"1536x1536":["https:\/\/ccgdistribuidora.com\/wp-content\/uploads\/2023\/05\/Secador-de-pelo-Kawa-Sapphire-9100-fucsia-220V.jpg",700,700,false],"2048x2048":["https:\/\/ccgdistribuidora.com\/wp-content\/uploads\/2023\/05\/Secador-de-pelo-Kawa-Sapphire-9100-fucsia-220V.jpg",700,700,false],"mailpoet_newsletter_max":["https:\/\/ccgdistribuidora.com\/wp-content\/uploads\/2023\/05\/Secador-de-pelo-Kawa-Sapphire-9100-fucsia-220V.jpg",700,700,false],"woocommerce_thumbnail":["https:\/\/ccgdistribuidora.com\/wp-content\/uploads\/2023\/05\/Secador-de-pelo-Kawa-Sapphire-9100-fucsia-220V-300x400.jpg",300,400,true],"woocommerce_single":["https:\/\/ccgdistribuidora.com\/wp-content\/uploads\/2023\/05\/Secador-de-pelo-Kawa-Sapphire-9100-fucsia-220V-600x600.jpg",600,600,true],"woocommerce_gallery_thumbnail":["https:\/\/ccgdistribuidora.com\/wp-content\/uploads\/2023\/05\/Secador-de-pelo-Kawa-Sapphire-9100-fucsia-220V-100x100.jpg",100,100,true],"dgwt-wcas-product-suggestion":["https:\/\/ccgdistribuidora.com\/wp-content\/uploads\/2023\/05\/Secador-de-pelo-Kawa-Sapphire-9100-fucsia-220V-64x64.jpg",64,64,true]},"post_excerpt_stackable":"<p>Caracter\u00edsticas principales Marca Kawa Modelo Sapphire 9100 Color Fucsia Voltaje 220V Otros Potencia: 2300 W Es profesional: S\u00ed Con aire fr\u00edo: S\u00ed Piezas del set: 2 boquillas de conducci\u00f3n Cantidad de velocidades: 2 Tipo de motor: CA Cantidad de niveles de temperatura: 3 Con filtro removible: S\u00ed Es silencioso: S\u00ed Descripci\u00f3n Si hay algo que no puede faltar en tu ba\u00f1o es un secador de pelo Kawa Sapphire 9100. En ondas, rulos, lacio, usalo como m\u00e1s te guste. Este producto se encargar\u00e1 de cuidar la salud de tu cabello y de crear el look perfecto para cada ocasi\u00f3n. Es peque\u00f1o,&hellip;<\/p>\n","category_list":"","author_info":{"name":"","url":""},"comments_num":"0 comentarios","_links":{"self":[{"href":"https:\/\/ccgdistribuidora.com\/index.php\/wp-json\/wp\/v2\/product\/5118"}],"collection":[{"href":"https:\/\/ccgdistribuidora.com\/index.php\/wp-json\/wp\/v2\/product"}],"about":[{"href":"https:\/\/ccgdistribuidora.com\/index.php\/wp-json\/wp\/v2\/types\/product"}],"replies":[{"embeddable":true,"href":"https:\/\/ccgdistribuidora.com\/index.php\/wp-json\/wp\/v2\/comments?post=5118"}],"wp:featuredmedia":[{"embeddable":true,"href":"https:\/\/ccgdistribuidora.com\/index.php\/wp-json\/wp\/v2\/media\/5119"}],"wp:attachment":[{"href":"https:\/\/ccgdistribuidora.com\/index.php\/wp-json\/wp\/v2\/media?parent=5118"}],"wp:term":[{"taxonomy":"product_cat","embeddable":true,"href":"https:\/\/ccgdistribuidora.com\/index.php\/wp-json\/wp\/v2\/product_cat?post=5118"},{"taxonomy":"product_tag","embeddable":true,"href":"https:\/\/ccgdistribuidora.com\/index.php\/wp-json\/wp\/v2\/product_tag?post=5118"}],"curies":[{"name":"wp","href":"https:\/\/api.w.org\/{rel}","templated":true}]}}