{"id":5010,"date":"2023-05-08T22:24:00","date_gmt":"2023-05-09T01:24:00","guid":{"rendered":"https:\/\/ccgdistribuidora.com\/?post_type=product&#038;p=5010"},"modified":"2025-08-19T21:40:28","modified_gmt":"2025-08-20T00:40:28","slug":"spray-fijacion-fuerte-406-holdbrush-for-me-framesi-500ml","status":"publish","type":"product","link":"https:\/\/ccgdistribuidora.com\/index.php\/product\/spray-fijacion-fuerte-406-holdbrush-for-me-framesi-500ml\/","title":{"rendered":"Spray Fijaci\u00f3n Fuerte 406 Hold&#038;brush For Me Framesi 500ml"},"content":{"rendered":"<div id=\"technical_specifications\" class=\"ui-pdp-container__row ui-pdp-container__row--technical-specifications\">\n<div class=\"ui-pdp-specs\">\n<h2 class=\"ui-pdp-specs__title\">Caracter\u00edsticas principales<\/h2>\n<div class=\"ui-pdp-specs__table\">\n<table class=\"andes-table\">\n<tbody class=\"andes-table__body\">\n<tr class=\"andes-table__row\">\n<th class=\"andes-table__header andes-table__header--left ui-pdp-specs__table__column ui-pdp-specs__table__column-title\">Marca<\/th>\n<td class=\"andes-table__column andes-table__column--left ui-pdp-specs__table__column\"><span class=\"andes-table__column--value\">Framesi<\/span><\/td>\n<\/tr>\n<\/tbody>\n<\/table>\n<\/div>\n<div class=\"ui-pdp-specs-groups-collapsable ui-pdp-specs\">\n<h3 class=\"ui-pdp-specs__subtitle\">Registros de producto<\/h3>\n<div class=\"ui-pdp-list ui-pdp-specs__list\">\n<ul class=\"ui-pdp-list__wrapper\">\n<li class=\"ui-pdp-list__item\">\n<p class=\"ui-pdp-family--REGULAR ui-pdp-list__text\"><span class=\"ui-pdp-color--BLACK ui-pdp-size--XSMALL ui-pdp-family--BOLD\">N\u00famero de legajo resoluci\u00f3n 155\/98<\/span>: 2822<\/p>\n<\/li>\n<\/ul>\n<\/div>\n<h3 class=\"ui-pdp-specs-groups-collapsable__subtitle\">Otros<\/h3>\n<div class=\"ui-pdp-list ui-pdp-specs-groups-collapsable__list\">\n<ul class=\"ui-pdp-list__wrapper\">\n<li class=\"ui-pdp-list__item\">\n<p class=\"ui-pdp-family--REGULAR ui-pdp-list__text\"><span class=\"ui-pdp-color--BLACK ui-pdp-size--XSMALL ui-pdp-family--BOLD\">L\u00ednea<\/span>: For Me<\/p>\n<\/li>\n<li class=\"ui-pdp-list__item\">\n<p class=\"ui-pdp-family--REGULAR ui-pdp-list__text\"><span class=\"ui-pdp-color--BLACK ui-pdp-size--XSMALL ui-pdp-family--BOLD\">Consistencia<\/span>: Spray<\/p>\n<\/li>\n<\/ul>\n<ul class=\"ui-pdp-list__wrapper\">\n<li class=\"ui-pdp-list__item\">\n<p class=\"ui-pdp-family--REGULAR ui-pdp-list__text\"><span class=\"ui-pdp-color--BLACK ui-pdp-size--XSMALL ui-pdp-family--BOLD\">Funciones<\/span>: Fijar<\/p>\n<\/li>\n<li class=\"ui-pdp-list__item\">\n<p class=\"ui-pdp-family--REGULAR ui-pdp-list__text\"><span class=\"ui-pdp-color--BLACK ui-pdp-size--XSMALL ui-pdp-family--BOLD\">Ingredientes destacados<\/span>: Algas Wakame,Film\u00f3genos Anticontaminaci\u00f3n,Pantenol<\/p>\n<\/li>\n<\/ul>\n<ul class=\"ui-pdp-list__wrapper\">\n<li class=\"ui-pdp-list__item\">\n<p class=\"ui-pdp-family--REGULAR ui-pdp-list__text\"><span class=\"ui-pdp-color--BLACK ui-pdp-size--XSMALL ui-pdp-family--BOLD\">Formato de venta<\/span>: Unidad<\/p>\n<\/li>\n<li class=\"ui-pdp-list__item\">\n<p class=\"ui-pdp-family--REGULAR ui-pdp-list__text\"><span class=\"ui-pdp-color--BLACK ui-pdp-size--XSMALL ui-pdp-family--BOLD\">Peso neto<\/span>: 500 mg<\/p>\n<\/li>\n<\/ul>\n<ul class=\"ui-pdp-list__wrapper\">\n<li class=\"ui-pdp-list__item\">\n<p class=\"ui-pdp-family--REGULAR ui-pdp-list__text\"><span class=\"ui-pdp-color--BLACK ui-pdp-size--XSMALL ui-pdp-family--BOLD\">Volumen neto<\/span>: 500 mL<\/p>\n<\/li>\n<li class=\"ui-pdp-list__item\">\n<p class=\"ui-pdp-family--REGULAR ui-pdp-list__text\"><span class=\"ui-pdp-color--BLACK ui-pdp-size--XSMALL ui-pdp-family--BOLD\">Tipo de envase<\/span>: Spray<\/p>\n<\/li>\n<\/ul>\n<ul class=\"ui-pdp-list__wrapper\">\n<li class=\"ui-pdp-list__item\">\n<p class=\"ui-pdp-family--REGULAR ui-pdp-list__text\"><span class=\"ui-pdp-color--BLACK ui-pdp-size--XSMALL ui-pdp-family--BOLD\">Est\u00e1 dermatol\u00f3gicamente testeado<\/span>: S\u00ed<\/p>\n<\/li>\n<li class=\"ui-pdp-list__item\">\n<p class=\"ui-pdp-family--REGULAR ui-pdp-list__text\"><span class=\"ui-pdp-color--BLACK ui-pdp-size--XSMALL ui-pdp-family--BOLD\">Es vegano<\/span>: S\u00ed<\/p>\n<\/li>\n<\/ul>\n<ul class=\"ui-pdp-list__wrapper\">\n<li class=\"ui-pdp-list__item\">\n<p class=\"ui-pdp-family--REGULAR ui-pdp-list__text\"><span class=\"ui-pdp-color--BLACK ui-pdp-size--XSMALL ui-pdp-family--BOLD\">Es libre de gluten<\/span>: S\u00ed<\/p>\n<\/li>\n<li class=\"ui-pdp-list__item\">\n<p class=\"ui-pdp-family--REGULAR ui-pdp-list__text\"><span class=\"ui-pdp-color--BLACK ui-pdp-size--XSMALL ui-pdp-family--BOLD\">Es inflamable<\/span>: S\u00ed<\/p>\n<\/li>\n<\/ul>\n<\/div>\n<\/div>\n<\/div>\n<\/div>\n<div id=\"description\" class=\"ui-pdp-container__row ui-pdp-container__row--description\">\n<div class=\"ui-pdp-description\">\n<h2 class=\"ui-pdp-description__title\">Descripci\u00f3n<\/h2>\n<p class=\"ui-pdp-description__content\">HOLD&amp;BRUSH ME HAIRSPRAY<br \/>\nFijaci\u00f3n fuerte y remodelable<br \/>\nPARA PEINADOS MARCADOS<\/p>\n<p>ACCI\u00d3N<\/p>\n<p>recepillable y reaplicable<br \/>\nprotecci\u00f3n antihumedad<\/p>\n<p>RESULTADO<\/p>\n<p>forma vers\u00e1til<br \/>\ntextura ligera<\/p>\n<p>INGREDIENTES<\/p>\n<p>extracto de Algas Wakame<br \/>\nfilm\u00f3genos anticontaminaci\u00f3n<br \/>\npantenol<\/p>\n<p>MODO DE EMPLEO<\/p>\n<p>agitar<br \/>\nvaporizar uniformemente<br \/>\ncepillar y volver a aplicar si es necesario<\/p>\n<p>500 ml<\/p>\n<\/div>\n<\/div>\n","protected":false},"excerpt":{"rendered":"<p>Caracter\u00edsticas principales Marca Framesi Registros de producto N\u00famero de legajo resoluci\u00f3n 155\/98: 2822 Otros L\u00ednea: For Me Consistencia: Spray Funciones: Fijar Ingredientes destacados: Algas Wakame,Film\u00f3genos Anticontaminaci\u00f3n,Pantenol Formato de venta: Unidad Peso neto: 500 mg Volumen neto: 500 mL Tipo de envase: Spray Est\u00e1 dermatol\u00f3gicamente testeado: S\u00ed Es vegano: S\u00ed Es libre de gluten: S\u00ed Es inflamable: S\u00ed Descripci\u00f3n HOLD&amp;BRUSH ME HAIRSPRAY Fijaci\u00f3n fuerte y remodelable PARA PEINADOS MARCADOS ACCI\u00d3N recepillable y reaplicable protecci\u00f3n antihumedad RESULTADO forma vers\u00e1til textura ligera INGREDIENTES extracto de Algas Wakame film\u00f3genos anticontaminaci\u00f3n pantenol MODO DE EMPLEO agitar vaporizar uniformemente cepillar y volver a aplicar si es\u2026<\/p>\n","protected":false},"featured_media":5011,"comment_status":"open","ping_status":"closed","template":"","meta":[],"product_cat":[222,267],"product_tag":[791,793,790,764,711,489,792,471],"featured_image_urls":{"full":["https:\/\/ccgdistribuidora.com\/wp-content\/uploads\/2023\/05\/Spray-Fijacion-Fuerte-406-Holdbrush-For-Me-Framesi-500ml.jpg",700,700,false],"thumbnail":["https:\/\/ccgdistribuidora.com\/wp-content\/uploads\/2023\/05\/Spray-Fijacion-Fuerte-406-Holdbrush-For-Me-Framesi-500ml-150x150.jpg",150,150,true],"medium":["https:\/\/ccgdistribuidora.com\/wp-content\/uploads\/2023\/05\/Spray-Fijacion-Fuerte-406-Holdbrush-For-Me-Framesi-500ml-300x300.jpg",300,300,true],"medium_large":["https:\/\/ccgdistribuidora.com\/wp-content\/uploads\/2023\/05\/Spray-Fijacion-Fuerte-406-Holdbrush-For-Me-Framesi-500ml.jpg",700,700,false],"large":["https:\/\/ccgdistribuidora.com\/wp-content\/uploads\/2023\/05\/Spray-Fijacion-Fuerte-406-Holdbrush-For-Me-Framesi-500ml.jpg",700,700,false],"1536x1536":["https:\/\/ccgdistribuidora.com\/wp-content\/uploads\/2023\/05\/Spray-Fijacion-Fuerte-406-Holdbrush-For-Me-Framesi-500ml.jpg",700,700,false],"2048x2048":["https:\/\/ccgdistribuidora.com\/wp-content\/uploads\/2023\/05\/Spray-Fijacion-Fuerte-406-Holdbrush-For-Me-Framesi-500ml.jpg",700,700,false],"mailpoet_newsletter_max":["https:\/\/ccgdistribuidora.com\/wp-content\/uploads\/2023\/05\/Spray-Fijacion-Fuerte-406-Holdbrush-For-Me-Framesi-500ml.jpg",700,700,false],"woocommerce_thumbnail":["https:\/\/ccgdistribuidora.com\/wp-content\/uploads\/2023\/05\/Spray-Fijacion-Fuerte-406-Holdbrush-For-Me-Framesi-500ml-300x400.jpg",300,400,true],"woocommerce_single":["https:\/\/ccgdistribuidora.com\/wp-content\/uploads\/2023\/05\/Spray-Fijacion-Fuerte-406-Holdbrush-For-Me-Framesi-500ml-600x600.jpg",600,600,true],"woocommerce_gallery_thumbnail":["https:\/\/ccgdistribuidora.com\/wp-content\/uploads\/2023\/05\/Spray-Fijacion-Fuerte-406-Holdbrush-For-Me-Framesi-500ml-100x100.jpg",100,100,true],"dgwt-wcas-product-suggestion":["https:\/\/ccgdistribuidora.com\/wp-content\/uploads\/2023\/05\/Spray-Fijacion-Fuerte-406-Holdbrush-For-Me-Framesi-500ml-64x64.jpg",64,64,true]},"post_excerpt_stackable":"<p>Caracter\u00edsticas principales Marca Framesi Registros de producto N\u00famero de legajo resoluci\u00f3n 155\/98: 2822 Otros L\u00ednea: For Me Consistencia: Spray Funciones: Fijar Ingredientes destacados: Algas Wakame,Film\u00f3genos Anticontaminaci\u00f3n,Pantenol Formato de venta: Unidad Peso neto: 500 mg Volumen neto: 500 mL Tipo de envase: Spray Est\u00e1 dermatol\u00f3gicamente testeado: S\u00ed Es vegano: S\u00ed Es libre de gluten: S\u00ed Es inflamable: S\u00ed Descripci\u00f3n HOLD&amp;BRUSH ME HAIRSPRAY Fijaci\u00f3n fuerte y remodelable PARA PEINADOS MARCADOS ACCI\u00d3N recepillable y reaplicable protecci\u00f3n antihumedad RESULTADO forma vers\u00e1til textura ligera INGREDIENTES extracto de Algas Wakame film\u00f3genos anticontaminaci\u00f3n pantenol MODO DE EMPLEO agitar vaporizar uniformemente cepillar y volver a aplicar si es&hellip;<\/p>\n","category_list":"","author_info":{"name":"","url":""},"comments_num":"0 comentarios","_links":{"self":[{"href":"https:\/\/ccgdistribuidora.com\/index.php\/wp-json\/wp\/v2\/product\/5010"}],"collection":[{"href":"https:\/\/ccgdistribuidora.com\/index.php\/wp-json\/wp\/v2\/product"}],"about":[{"href":"https:\/\/ccgdistribuidora.com\/index.php\/wp-json\/wp\/v2\/types\/product"}],"replies":[{"embeddable":true,"href":"https:\/\/ccgdistribuidora.com\/index.php\/wp-json\/wp\/v2\/comments?post=5010"}],"wp:featuredmedia":[{"embeddable":true,"href":"https:\/\/ccgdistribuidora.com\/index.php\/wp-json\/wp\/v2\/media\/5011"}],"wp:attachment":[{"href":"https:\/\/ccgdistribuidora.com\/index.php\/wp-json\/wp\/v2\/media?parent=5010"}],"wp:term":[{"taxonomy":"product_cat","embeddable":true,"href":"https:\/\/ccgdistribuidora.com\/index.php\/wp-json\/wp\/v2\/product_cat?post=5010"},{"taxonomy":"product_tag","embeddable":true,"href":"https:\/\/ccgdistribuidora.com\/index.php\/wp-json\/wp\/v2\/product_tag?post=5010"}],"curies":[{"name":"wp","href":"https:\/\/api.w.org\/{rel}","templated":true}]}}