{"id":5004,"date":"2023-05-08T21:15:57","date_gmt":"2023-05-09T00:15:57","guid":{"rendered":"https:\/\/ccgdistribuidora.com\/?post_type=product&#038;p=5004"},"modified":"2026-04-22T14:28:30","modified_gmt":"2026-04-22T17:28:30","slug":"bring-me-to-the-beach-223-for-me-framesi-150ml-efecto-playa","status":"publish","type":"product","link":"https:\/\/ccgdistribuidora.com\/index.php\/product\/bring-me-to-the-beach-223-for-me-framesi-150ml-efecto-playa\/","title":{"rendered":"Bring Me To The Beach 223 For Me Framesi 150ml Efecto Playa"},"content":{"rendered":"<div id=\"technical_specifications\" class=\"ui-pdp-container__row ui-pdp-container__row--technical-specifications\">\n<div class=\"ui-pdp-specs\">\n<h2 class=\"ui-pdp-specs__title\">Caracter\u00edsticas principales<\/h2>\n<div class=\"ui-pdp-specs__table\">\n<table class=\"andes-table\">\n<tbody class=\"andes-table__body\">\n<tr class=\"andes-table__row\">\n<th class=\"andes-table__header andes-table__header--left ui-pdp-specs__table__column ui-pdp-specs__table__column-title\">Marca<\/th>\n<td class=\"andes-table__column andes-table__column--left ui-pdp-specs__table__column\"><span class=\"andes-table__column--value\">Framesi<\/span><\/td>\n<\/tr>\n<\/tbody>\n<\/table>\n<\/div>\n<h3 class=\"ui-pdp-specs__subtitle\">Otros<\/h3>\n<div class=\"ui-pdp-list ui-pdp-specs__list\">\n<ul class=\"ui-pdp-list__wrapper\">\n<li class=\"ui-pdp-list__item\">\n<p class=\"ui-pdp-family--REGULAR ui-pdp-list__text\"><span class=\"ui-pdp-color--BLACK ui-pdp-size--XSMALL ui-pdp-family--BOLD\">L\u00ednea<\/span>: For Me<\/p>\n<\/li>\n<li class=\"ui-pdp-list__item\">\n<p class=\"ui-pdp-family--REGULAR ui-pdp-list__text\"><span class=\"ui-pdp-color--BLACK ui-pdp-size--XSMALL ui-pdp-family--BOLD\">Consistencia<\/span>: Spray<\/p>\n<\/li>\n<\/ul>\n<ul class=\"ui-pdp-list__wrapper\">\n<li class=\"ui-pdp-list__item\">\n<p class=\"ui-pdp-family--REGULAR ui-pdp-list__text\"><span class=\"ui-pdp-color--BLACK ui-pdp-size--XSMALL ui-pdp-family--BOLD\">Funciones<\/span>: Ondas,Texturizador<\/p>\n<\/li>\n<li class=\"ui-pdp-list__item\">\n<p class=\"ui-pdp-family--REGULAR ui-pdp-list__text\"><span class=\"ui-pdp-color--BLACK ui-pdp-size--XSMALL ui-pdp-family--BOLD\">Ingredientes destacados<\/span>: Sales,WAKAME<\/p>\n<\/li>\n<\/ul>\n<ul class=\"ui-pdp-list__wrapper\">\n<li class=\"ui-pdp-list__item\">\n<p class=\"ui-pdp-family--REGULAR ui-pdp-list__text\"><span class=\"ui-pdp-color--BLACK ui-pdp-size--XSMALL ui-pdp-family--BOLD\">Tipo de envase<\/span>: Spray<\/p>\n<\/li>\n<li class=\"ui-pdp-list__item\">\n<p class=\"ui-pdp-family--REGULAR ui-pdp-list__text\"><span class=\"ui-pdp-color--BLACK ui-pdp-size--XSMALL ui-pdp-family--BOLD\">Est\u00e1 dermatol\u00f3gicamente testeado<\/span>: S\u00ed<\/p>\n<\/li>\n<\/ul>\n<ul class=\"ui-pdp-list__wrapper\">\n<li class=\"ui-pdp-list__item\">\n<p class=\"ui-pdp-family--REGULAR ui-pdp-list__text\"><span class=\"ui-pdp-color--BLACK ui-pdp-size--XSMALL ui-pdp-family--BOLD\">Es vegano<\/span>: No<\/p>\n<\/li>\n<li class=\"ui-pdp-list__item\">\n<p class=\"ui-pdp-family--REGULAR ui-pdp-list__text\"><span class=\"ui-pdp-color--BLACK ui-pdp-size--XSMALL ui-pdp-family--BOLD\">Es libre de gluten<\/span>: S\u00ed<\/p>\n<\/li>\n<\/ul>\n<\/div>\n<\/div>\n<\/div>\n<div id=\"description\" class=\"ui-pdp-container__row ui-pdp-container__row--description\">\n<div class=\"ui-pdp-description\">\n<h2 class=\"ui-pdp-description__title\">Descripci\u00f3n<\/h2>\n<p class=\"ui-pdp-description__content\">Recrea el efecto ondas de playa con este spray que soporta todo tipo de peinado, a\u00f1adiendo cuerpo al cabello.<br \/>\nFOR-ME Bring Me To The Beach Salt Spray modela ligeramente el cabello y proporciona un efecto anticrespo.<\/p>\n<p>Contiene:<\/p>\n<p>Extracto de Algas Wakame<br \/>\nSales de magnesio texturizando<br \/>\nFiltro anti UV<br \/>\nAdem\u00e1s, no contiene SLES, Parabenos, Sulfatos, Siliconas ni Gluten.<\/p>\n<p>Modo De Uso:<\/p>\n<p>Rociar sobre el cabello mojado o seco<br \/>\nLuego peinar o dejar secar naturalmente<\/p>\n<\/div>\n<\/div>\n","protected":false},"excerpt":{"rendered":"<p>Caracter\u00edsticas principales Marca Framesi Otros L\u00ednea: For Me Consistencia: Spray Funciones: Ondas,Texturizador Ingredientes destacados: Sales,WAKAME Tipo de envase: Spray Est\u00e1 dermatol\u00f3gicamente testeado: S\u00ed Es vegano: No Es libre de gluten: S\u00ed Descripci\u00f3n Recrea el efecto ondas de playa con este spray que soporta todo tipo de peinado, a\u00f1adiendo cuerpo al cabello. FOR-ME Bring Me To The Beach Salt Spray modela ligeramente el cabello y proporciona un efecto anticrespo. Contiene: Extracto de Algas Wakame Sales de magnesio texturizando Filtro anti UV Adem\u00e1s, no contiene SLES, Parabenos, Sulfatos, Siliconas ni Gluten. Modo De Uso: Rociar sobre el cabello mojado o seco Luego\u2026<\/p>\n","protected":false},"featured_media":5005,"comment_status":"open","ping_status":"closed","template":"","meta":[],"product_cat":[222,267],"product_tag":[740,779,778,774,780,764,711,775,781,777,776],"featured_image_urls":{"full":["https:\/\/ccgdistribuidora.com\/wp-content\/uploads\/2023\/05\/Bring-Me-To-The-Beach-223-For-Me-Framesi-150ml-Efecto-Playa.jpg",700,700,false],"thumbnail":["https:\/\/ccgdistribuidora.com\/wp-content\/uploads\/2023\/05\/Bring-Me-To-The-Beach-223-For-Me-Framesi-150ml-Efecto-Playa-150x150.jpg",150,150,true],"medium":["https:\/\/ccgdistribuidora.com\/wp-content\/uploads\/2023\/05\/Bring-Me-To-The-Beach-223-For-Me-Framesi-150ml-Efecto-Playa-300x300.jpg",300,300,true],"medium_large":["https:\/\/ccgdistribuidora.com\/wp-content\/uploads\/2023\/05\/Bring-Me-To-The-Beach-223-For-Me-Framesi-150ml-Efecto-Playa.jpg",700,700,false],"large":["https:\/\/ccgdistribuidora.com\/wp-content\/uploads\/2023\/05\/Bring-Me-To-The-Beach-223-For-Me-Framesi-150ml-Efecto-Playa.jpg",700,700,false],"1536x1536":["https:\/\/ccgdistribuidora.com\/wp-content\/uploads\/2023\/05\/Bring-Me-To-The-Beach-223-For-Me-Framesi-150ml-Efecto-Playa.jpg",700,700,false],"2048x2048":["https:\/\/ccgdistribuidora.com\/wp-content\/uploads\/2023\/05\/Bring-Me-To-The-Beach-223-For-Me-Framesi-150ml-Efecto-Playa.jpg",700,700,false],"mailpoet_newsletter_max":["https:\/\/ccgdistribuidora.com\/wp-content\/uploads\/2023\/05\/Bring-Me-To-The-Beach-223-For-Me-Framesi-150ml-Efecto-Playa.jpg",700,700,false],"woocommerce_thumbnail":["https:\/\/ccgdistribuidora.com\/wp-content\/uploads\/2023\/05\/Bring-Me-To-The-Beach-223-For-Me-Framesi-150ml-Efecto-Playa-300x400.jpg",300,400,true],"woocommerce_single":["https:\/\/ccgdistribuidora.com\/wp-content\/uploads\/2023\/05\/Bring-Me-To-The-Beach-223-For-Me-Framesi-150ml-Efecto-Playa-600x600.jpg",600,600,true],"woocommerce_gallery_thumbnail":["https:\/\/ccgdistribuidora.com\/wp-content\/uploads\/2023\/05\/Bring-Me-To-The-Beach-223-For-Me-Framesi-150ml-Efecto-Playa-100x100.jpg",100,100,true],"dgwt-wcas-product-suggestion":["https:\/\/ccgdistribuidora.com\/wp-content\/uploads\/2023\/05\/Bring-Me-To-The-Beach-223-For-Me-Framesi-150ml-Efecto-Playa-64x64.jpg",64,64,true]},"post_excerpt_stackable":"<p>Caracter\u00edsticas principales Marca Framesi Otros L\u00ednea: For Me Consistencia: Spray Funciones: Ondas,Texturizador Ingredientes destacados: Sales,WAKAME Tipo de envase: Spray Est\u00e1 dermatol\u00f3gicamente testeado: S\u00ed Es vegano: No Es libre de gluten: S\u00ed Descripci\u00f3n Recrea el efecto ondas de playa con este spray que soporta todo tipo de peinado, a\u00f1adiendo cuerpo al cabello. FOR-ME Bring Me To The Beach Salt Spray modela ligeramente el cabello y proporciona un efecto anticrespo. Contiene: Extracto de Algas Wakame Sales de magnesio texturizando Filtro anti UV Adem\u00e1s, no contiene SLES, Parabenos, Sulfatos, Siliconas ni Gluten. Modo De Uso: Rociar sobre el cabello mojado o seco Luego&hellip;<\/p>\n","category_list":"","author_info":{"name":"","url":""},"comments_num":"0 comentarios","_links":{"self":[{"href":"https:\/\/ccgdistribuidora.com\/index.php\/wp-json\/wp\/v2\/product\/5004"}],"collection":[{"href":"https:\/\/ccgdistribuidora.com\/index.php\/wp-json\/wp\/v2\/product"}],"about":[{"href":"https:\/\/ccgdistribuidora.com\/index.php\/wp-json\/wp\/v2\/types\/product"}],"replies":[{"embeddable":true,"href":"https:\/\/ccgdistribuidora.com\/index.php\/wp-json\/wp\/v2\/comments?post=5004"}],"wp:featuredmedia":[{"embeddable":true,"href":"https:\/\/ccgdistribuidora.com\/index.php\/wp-json\/wp\/v2\/media\/5005"}],"wp:attachment":[{"href":"https:\/\/ccgdistribuidora.com\/index.php\/wp-json\/wp\/v2\/media?parent=5004"}],"wp:term":[{"taxonomy":"product_cat","embeddable":true,"href":"https:\/\/ccgdistribuidora.com\/index.php\/wp-json\/wp\/v2\/product_cat?post=5004"},{"taxonomy":"product_tag","embeddable":true,"href":"https:\/\/ccgdistribuidora.com\/index.php\/wp-json\/wp\/v2\/product_tag?post=5004"}],"curies":[{"name":"wp","href":"https:\/\/api.w.org\/{rel}","templated":true}]}}