{"id":5002,"date":"2023-05-08T21:07:14","date_gmt":"2023-05-09T00:07:14","guid":{"rendered":"https:\/\/ccgdistribuidora.com\/?post_type=product&#038;p=5002"},"modified":"2026-04-22T14:28:58","modified_gmt":"2026-04-22T17:28:58","slug":"fijador-natural-222-shape-me-glaze-for-me-framesi-200ml","status":"publish","type":"product","link":"https:\/\/ccgdistribuidora.com\/index.php\/product\/fijador-natural-222-shape-me-glaze-for-me-framesi-200ml\/","title":{"rendered":"Fijador Natural 222 Shape Me Glaze For Me Framesi 200ml"},"content":{"rendered":"<div id=\"technical_specifications\" class=\"ui-pdp-container__row ui-pdp-container__row--technical-specifications\">\n<div class=\"ui-pdp-specs\">\n<h2 class=\"ui-pdp-specs__title\">Caracter\u00edsticas principales<\/h2>\n<div class=\"ui-pdp-specs__table\">\n<table class=\"andes-table\">\n<tbody class=\"andes-table__body\">\n<tr class=\"andes-table__row\">\n<th class=\"andes-table__header andes-table__header--left ui-pdp-specs__table__column ui-pdp-specs__table__column-title\">Marca<\/th>\n<td class=\"andes-table__column andes-table__column--left ui-pdp-specs__table__column\"><span class=\"andes-table__column--value\">Framesi<\/span><\/td>\n<\/tr>\n<\/tbody>\n<\/table>\n<\/div>\n<h3 class=\"ui-pdp-specs__subtitle\">Otros<\/h3>\n<div class=\"ui-pdp-list ui-pdp-specs__list\">\n<ul class=\"ui-pdp-list__wrapper\">\n<li class=\"ui-pdp-list__item\">\n<p class=\"ui-pdp-family--REGULAR ui-pdp-list__text\"><span class=\"ui-pdp-color--BLACK ui-pdp-size--XSMALL ui-pdp-family--BOLD\">L\u00ednea<\/span>: For Me<\/p>\n<\/li>\n<li class=\"ui-pdp-list__item\">\n<p class=\"ui-pdp-family--REGULAR ui-pdp-list__text\"><span class=\"ui-pdp-color--BLACK ui-pdp-size--XSMALL ui-pdp-family--BOLD\">Consistencia<\/span>: S\u00e9rum<\/p>\n<\/li>\n<\/ul>\n<ul class=\"ui-pdp-list__wrapper\">\n<li class=\"ui-pdp-list__item\">\n<p class=\"ui-pdp-family--REGULAR ui-pdp-list__text\"><span class=\"ui-pdp-color--BLACK ui-pdp-size--XSMALL ui-pdp-family--BOLD\">Funciones<\/span>: Modelador<\/p>\n<\/li>\n<li class=\"ui-pdp-list__item\">\n<p class=\"ui-pdp-family--REGULAR ui-pdp-list__text\"><span class=\"ui-pdp-color--BLACK ui-pdp-size--XSMALL ui-pdp-family--BOLD\">Formato de venta<\/span>: Unidad<\/p>\n<\/li>\n<\/ul>\n<ul class=\"ui-pdp-list__wrapper\">\n<li class=\"ui-pdp-list__item\">\n<p class=\"ui-pdp-family--REGULAR ui-pdp-list__text\"><span class=\"ui-pdp-color--BLACK ui-pdp-size--XSMALL ui-pdp-family--BOLD\">Unidades por pack<\/span>: 1<\/p>\n<\/li>\n<li class=\"ui-pdp-list__item\">\n<p class=\"ui-pdp-family--REGULAR ui-pdp-list__text\"><span class=\"ui-pdp-color--BLACK ui-pdp-size--XSMALL ui-pdp-family--BOLD\">Tipo de envase<\/span>: Botella<\/p>\n<\/li>\n<\/ul>\n<ul class=\"ui-pdp-list__wrapper\">\n<li class=\"ui-pdp-list__item\">\n<p class=\"ui-pdp-family--REGULAR ui-pdp-list__text\"><span class=\"ui-pdp-color--BLACK ui-pdp-size--XSMALL ui-pdp-family--BOLD\">Est\u00e1 dermatol\u00f3gicamente testeado<\/span>: S\u00ed<\/p>\n<\/li>\n<li class=\"ui-pdp-list__item\">\n<p class=\"ui-pdp-family--REGULAR ui-pdp-list__text\"><span class=\"ui-pdp-color--BLACK ui-pdp-size--XSMALL ui-pdp-family--BOLD\">Es vegano<\/span>: No<\/p>\n<\/li>\n<\/ul>\n<ul class=\"ui-pdp-list__wrapper\">\n<li class=\"ui-pdp-list__item\">\n<p class=\"ui-pdp-family--REGULAR ui-pdp-list__text\"><span class=\"ui-pdp-color--BLACK ui-pdp-size--XSMALL ui-pdp-family--BOLD\">Es libre de gluten<\/span>: No<\/p>\n<\/li>\n<\/ul>\n<\/div>\n<\/div>\n<\/div>\n<div id=\"description\" class=\"ui-pdp-container__row ui-pdp-container__row--description\">\n<div class=\"ui-pdp-description\">\n<h2 class=\"ui-pdp-description__title\">Descripci\u00f3n<\/h2>\n<p class=\"ui-pdp-description__content\">222<br \/>\n\/\/Shape Me Glaze \/\/ FOR ME \/\/ FRAMESI<br \/>\nfijaci\u00f3n natural para un peinado con cuerpo<\/p>\n<p>PARA PEINADOS ONDULADOS Y LISOS<\/p>\n<p>ACCI\u00d3N<br \/>\n&gt; estructura el cabello<br \/>\n&gt; peinado moldeable de larga duraci\u00f3n<br \/>\n&gt; hidratante<\/p>\n<p>RESULTADO<br \/>\n&gt; suavidad<br \/>\n&gt; brillo<br \/>\n&gt; reparaci\u00f3n de las imperfecciones de medios y puntas<\/p>\n<p>INGREDIENTES<br \/>\n&gt; extracto de Algas Wakame<br \/>\n&gt; principios funcionales de sujeci\u00f3n del volumen<br \/>\n&gt; filtro UV<\/p>\n<p>MODO DE USO :<br \/>\nDistribuir en el cabello mojado, secar con cepillo y secador.<\/p>\n<p>200 ml.<\/p>\n<\/div>\n<\/div>\n","protected":false},"excerpt":{"rendered":"<p>Caracter\u00edsticas principales Marca Framesi Otros L\u00ednea: For Me Consistencia: S\u00e9rum Funciones: Modelador Formato de venta: Unidad Unidades por pack: 1 Tipo de envase: Botella Est\u00e1 dermatol\u00f3gicamente testeado: S\u00ed Es vegano: No Es libre de gluten: No Descripci\u00f3n 222 \/\/Shape Me Glaze \/\/ FOR ME \/\/ FRAMESI fijaci\u00f3n natural para un peinado con cuerpo PARA PEINADOS ONDULADOS Y LISOS ACCI\u00d3N &gt; estructura el cabello &gt; peinado moldeable de larga duraci\u00f3n &gt; hidratante RESULTADO &gt; suavidad &gt; brillo &gt; reparaci\u00f3n de las imperfecciones de medios y puntas INGREDIENTES &gt; extracto de Algas Wakame &gt; principios funcionales de sujeci\u00f3n del volumen &gt; filtro\u2026<\/p>\n","protected":false},"featured_media":5003,"comment_status":"open","ping_status":"closed","template":"","meta":[],"product_cat":[222,267],"product_tag":[536,771,488,764,711,773,770,772],"featured_image_urls":{"full":["https:\/\/ccgdistribuidora.com\/wp-content\/uploads\/2023\/05\/Fijador-Natural-222-Shape-Me-Glaze-For-Me-Framesi-200ml.jpg",700,700,false],"thumbnail":["https:\/\/ccgdistribuidora.com\/wp-content\/uploads\/2023\/05\/Fijador-Natural-222-Shape-Me-Glaze-For-Me-Framesi-200ml-150x150.jpg",150,150,true],"medium":["https:\/\/ccgdistribuidora.com\/wp-content\/uploads\/2023\/05\/Fijador-Natural-222-Shape-Me-Glaze-For-Me-Framesi-200ml-300x300.jpg",300,300,true],"medium_large":["https:\/\/ccgdistribuidora.com\/wp-content\/uploads\/2023\/05\/Fijador-Natural-222-Shape-Me-Glaze-For-Me-Framesi-200ml.jpg",700,700,false],"large":["https:\/\/ccgdistribuidora.com\/wp-content\/uploads\/2023\/05\/Fijador-Natural-222-Shape-Me-Glaze-For-Me-Framesi-200ml.jpg",700,700,false],"1536x1536":["https:\/\/ccgdistribuidora.com\/wp-content\/uploads\/2023\/05\/Fijador-Natural-222-Shape-Me-Glaze-For-Me-Framesi-200ml.jpg",700,700,false],"2048x2048":["https:\/\/ccgdistribuidora.com\/wp-content\/uploads\/2023\/05\/Fijador-Natural-222-Shape-Me-Glaze-For-Me-Framesi-200ml.jpg",700,700,false],"mailpoet_newsletter_max":["https:\/\/ccgdistribuidora.com\/wp-content\/uploads\/2023\/05\/Fijador-Natural-222-Shape-Me-Glaze-For-Me-Framesi-200ml.jpg",700,700,false],"woocommerce_thumbnail":["https:\/\/ccgdistribuidora.com\/wp-content\/uploads\/2023\/05\/Fijador-Natural-222-Shape-Me-Glaze-For-Me-Framesi-200ml-300x400.jpg",300,400,true],"woocommerce_single":["https:\/\/ccgdistribuidora.com\/wp-content\/uploads\/2023\/05\/Fijador-Natural-222-Shape-Me-Glaze-For-Me-Framesi-200ml-600x600.jpg",600,600,true],"woocommerce_gallery_thumbnail":["https:\/\/ccgdistribuidora.com\/wp-content\/uploads\/2023\/05\/Fijador-Natural-222-Shape-Me-Glaze-For-Me-Framesi-200ml-100x100.jpg",100,100,true],"dgwt-wcas-product-suggestion":["https:\/\/ccgdistribuidora.com\/wp-content\/uploads\/2023\/05\/Fijador-Natural-222-Shape-Me-Glaze-For-Me-Framesi-200ml-64x64.jpg",64,64,true]},"post_excerpt_stackable":"<p>Caracter\u00edsticas principales Marca Framesi Otros L\u00ednea: For Me Consistencia: S\u00e9rum Funciones: Modelador Formato de venta: Unidad Unidades por pack: 1 Tipo de envase: Botella Est\u00e1 dermatol\u00f3gicamente testeado: S\u00ed Es vegano: No Es libre de gluten: No Descripci\u00f3n 222 \/\/Shape Me Glaze \/\/ FOR ME \/\/ FRAMESI fijaci\u00f3n natural para un peinado con cuerpo PARA PEINADOS ONDULADOS Y LISOS ACCI\u00d3N &gt; estructura el cabello &gt; peinado moldeable de larga duraci\u00f3n &gt; hidratante RESULTADO &gt; suavidad &gt; brillo &gt; reparaci\u00f3n de las imperfecciones de medios y puntas INGREDIENTES &gt; extracto de Algas Wakame &gt; principios funcionales de sujeci\u00f3n del volumen &gt; filtro&hellip;<\/p>\n","category_list":"","author_info":{"name":"","url":""},"comments_num":"0 comentarios","_links":{"self":[{"href":"https:\/\/ccgdistribuidora.com\/index.php\/wp-json\/wp\/v2\/product\/5002"}],"collection":[{"href":"https:\/\/ccgdistribuidora.com\/index.php\/wp-json\/wp\/v2\/product"}],"about":[{"href":"https:\/\/ccgdistribuidora.com\/index.php\/wp-json\/wp\/v2\/types\/product"}],"replies":[{"embeddable":true,"href":"https:\/\/ccgdistribuidora.com\/index.php\/wp-json\/wp\/v2\/comments?post=5002"}],"wp:featuredmedia":[{"embeddable":true,"href":"https:\/\/ccgdistribuidora.com\/index.php\/wp-json\/wp\/v2\/media\/5003"}],"wp:attachment":[{"href":"https:\/\/ccgdistribuidora.com\/index.php\/wp-json\/wp\/v2\/media?parent=5002"}],"wp:term":[{"taxonomy":"product_cat","embeddable":true,"href":"https:\/\/ccgdistribuidora.com\/index.php\/wp-json\/wp\/v2\/product_cat?post=5002"},{"taxonomy":"product_tag","embeddable":true,"href":"https:\/\/ccgdistribuidora.com\/index.php\/wp-json\/wp\/v2\/product_tag?post=5002"}],"curies":[{"name":"wp","href":"https:\/\/api.w.org\/{rel}","templated":true}]}}