{"id":4998,"date":"2023-05-08T20:48:41","date_gmt":"2023-05-08T23:48:41","guid":{"rendered":"https:\/\/ccgdistribuidora.com\/?post_type=product&#038;p=4998"},"modified":"2025-08-19T21:42:12","modified_gmt":"2025-08-20T00:42:12","slug":"mousse-finalizador-volumen-401-for-me-framesi-300ml","status":"publish","type":"product","link":"https:\/\/ccgdistribuidora.com\/index.php\/product\/mousse-finalizador-volumen-401-for-me-framesi-300ml\/","title":{"rendered":"Mousse Finalizador Volumen 401 For Me Framesi 300ml"},"content":{"rendered":"<div id=\"technical_specifications\" class=\"ui-pdp-container__row ui-pdp-container__row--technical-specifications\">\n<div class=\"ui-pdp-specs\">\n<h2 class=\"ui-pdp-specs__title\">Caracter\u00edsticas principales<\/h2>\n<div class=\"ui-pdp-specs__table\">\n<table class=\"andes-table\">\n<tbody class=\"andes-table__body\">\n<tr class=\"andes-table__row\">\n<th class=\"andes-table__header andes-table__header--left ui-pdp-specs__table__column ui-pdp-specs__table__column-title\">Marca<\/th>\n<td class=\"andes-table__column andes-table__column--left ui-pdp-specs__table__column\"><span class=\"andes-table__column--value\">Framesi<\/span><\/td>\n<\/tr>\n<\/tbody>\n<\/table>\n<\/div>\n<h3 class=\"ui-pdp-specs__subtitle\">Otros<\/h3>\n<div class=\"ui-pdp-list ui-pdp-specs__list\">\n<ul class=\"ui-pdp-list__wrapper\">\n<li class=\"ui-pdp-list__item\">\n<p class=\"ui-pdp-family--REGULAR ui-pdp-list__text\"><span class=\"ui-pdp-color--BLACK ui-pdp-size--XSMALL ui-pdp-family--BOLD\">L\u00ednea<\/span>: For Me<\/p>\n<\/li>\n<li class=\"ui-pdp-list__item\">\n<p class=\"ui-pdp-family--REGULAR ui-pdp-list__text\"><span class=\"ui-pdp-color--BLACK ui-pdp-size--XSMALL ui-pdp-family--BOLD\">Consistencia<\/span>: mousse<\/p>\n<\/li>\n<\/ul>\n<\/div>\n<\/div>\n<\/div>\n<div id=\"description\" class=\"ui-pdp-container__row ui-pdp-container__row--description\">\n<div class=\"ui-pdp-description\">\n<h2 class=\"ui-pdp-description__title\">Descripci\u00f3n<\/h2>\n<p class=\"ui-pdp-description__content\">401<br \/>\n\/\/ Give Me Body Mousse \/\/ FOR ME \/\/ FRAMESI<br \/>\nvolumizador para peinados estructurados<\/p>\n<p>PARA TODO TIPO DE CABELLO Y PEINADO<br \/>\n300ML<\/p>\n<p>ACCI\u00d3N<br \/>\n&gt; fijaci\u00f3n duradera<br \/>\n&gt; efecto antiest\u00e1tico<br \/>\n&gt; protecci\u00f3n del calor y del estr\u00e9s mec\u00e1nico<\/p>\n<p>RESULTADO<br \/>\n&gt; cabello estructurado<br \/>\n&gt; aumento del volumen<br \/>\n&gt; luminosidad<\/p>\n<p>INGREDIENTES<br \/>\n&gt; extracto de Algas Wakame<br \/>\n&gt; film\u00f3genos anticontaminaci\u00f3n<\/p>\n<p>MODO DE USO :<br \/>\nAgitar bien, aplicar una cantidad como 1-2 nueces de producto en el cabello mojado, distribuir mediante el peine y proceder al secado<\/p>\n<\/div>\n<\/div>\n","protected":false},"excerpt":{"rendered":"<p>Caracter\u00edsticas principales Marca Framesi Otros L\u00ednea: For Me Consistencia: mousse Descripci\u00f3n 401 \/\/ Give Me Body Mousse \/\/ FOR ME \/\/ FRAMESI volumizador para peinados estructurados PARA TODO TIPO DE CABELLO Y PEINADO 300ML ACCI\u00d3N &gt; fijaci\u00f3n duradera &gt; efecto antiest\u00e1tico &gt; protecci\u00f3n del calor y del estr\u00e9s mec\u00e1nico RESULTADO &gt; cabello estructurado &gt; aumento del volumen &gt; luminosidad INGREDIENTES &gt; extracto de Algas Wakame &gt; film\u00f3genos anticontaminaci\u00f3n MODO DE USO : Agitar bien, aplicar una cantidad como 1-2 nueces de producto en el cabello mojado, distribuir mediante el peine y proceder al secado<\/p>\n","protected":false},"featured_media":4999,"comment_status":"open","ping_status":"closed","template":"","meta":[],"product_cat":[222,267],"product_tag":[765,763,761,764,711,560,762],"featured_image_urls":{"full":["https:\/\/ccgdistribuidora.com\/wp-content\/uploads\/2023\/05\/Mousse-Finalizador-Volumen-401-For-Me-Framesi-300ml.jpg",700,700,false],"thumbnail":["https:\/\/ccgdistribuidora.com\/wp-content\/uploads\/2023\/05\/Mousse-Finalizador-Volumen-401-For-Me-Framesi-300ml-150x150.jpg",150,150,true],"medium":["https:\/\/ccgdistribuidora.com\/wp-content\/uploads\/2023\/05\/Mousse-Finalizador-Volumen-401-For-Me-Framesi-300ml-300x300.jpg",300,300,true],"medium_large":["https:\/\/ccgdistribuidora.com\/wp-content\/uploads\/2023\/05\/Mousse-Finalizador-Volumen-401-For-Me-Framesi-300ml.jpg",700,700,false],"large":["https:\/\/ccgdistribuidora.com\/wp-content\/uploads\/2023\/05\/Mousse-Finalizador-Volumen-401-For-Me-Framesi-300ml.jpg",700,700,false],"1536x1536":["https:\/\/ccgdistribuidora.com\/wp-content\/uploads\/2023\/05\/Mousse-Finalizador-Volumen-401-For-Me-Framesi-300ml.jpg",700,700,false],"2048x2048":["https:\/\/ccgdistribuidora.com\/wp-content\/uploads\/2023\/05\/Mousse-Finalizador-Volumen-401-For-Me-Framesi-300ml.jpg",700,700,false],"mailpoet_newsletter_max":["https:\/\/ccgdistribuidora.com\/wp-content\/uploads\/2023\/05\/Mousse-Finalizador-Volumen-401-For-Me-Framesi-300ml.jpg",700,700,false],"woocommerce_thumbnail":["https:\/\/ccgdistribuidora.com\/wp-content\/uploads\/2023\/05\/Mousse-Finalizador-Volumen-401-For-Me-Framesi-300ml-300x400.jpg",300,400,true],"woocommerce_single":["https:\/\/ccgdistribuidora.com\/wp-content\/uploads\/2023\/05\/Mousse-Finalizador-Volumen-401-For-Me-Framesi-300ml-600x600.jpg",600,600,true],"woocommerce_gallery_thumbnail":["https:\/\/ccgdistribuidora.com\/wp-content\/uploads\/2023\/05\/Mousse-Finalizador-Volumen-401-For-Me-Framesi-300ml-100x100.jpg",100,100,true],"dgwt-wcas-product-suggestion":["https:\/\/ccgdistribuidora.com\/wp-content\/uploads\/2023\/05\/Mousse-Finalizador-Volumen-401-For-Me-Framesi-300ml-64x64.jpg",64,64,true]},"post_excerpt_stackable":"<p>Caracter\u00edsticas principales Marca Framesi Otros L\u00ednea: For Me Consistencia: mousse Descripci\u00f3n 401 \/\/ Give Me Body Mousse \/\/ FOR ME \/\/ FRAMESI volumizador para peinados estructurados PARA TODO TIPO DE CABELLO Y PEINADO 300ML ACCI\u00d3N &gt; fijaci\u00f3n duradera &gt; efecto antiest\u00e1tico &gt; protecci\u00f3n del calor y del estr\u00e9s mec\u00e1nico RESULTADO &gt; cabello estructurado &gt; aumento del volumen &gt; luminosidad INGREDIENTES &gt; extracto de Algas Wakame &gt; film\u00f3genos anticontaminaci\u00f3n MODO DE USO : Agitar bien, aplicar una cantidad como 1-2 nueces de producto en el cabello mojado, distribuir mediante el peine y proceder al secado<\/p>\n","category_list":"","author_info":{"name":"","url":""},"comments_num":"0 comentarios","_links":{"self":[{"href":"https:\/\/ccgdistribuidora.com\/index.php\/wp-json\/wp\/v2\/product\/4998"}],"collection":[{"href":"https:\/\/ccgdistribuidora.com\/index.php\/wp-json\/wp\/v2\/product"}],"about":[{"href":"https:\/\/ccgdistribuidora.com\/index.php\/wp-json\/wp\/v2\/types\/product"}],"replies":[{"embeddable":true,"href":"https:\/\/ccgdistribuidora.com\/index.php\/wp-json\/wp\/v2\/comments?post=4998"}],"wp:featuredmedia":[{"embeddable":true,"href":"https:\/\/ccgdistribuidora.com\/index.php\/wp-json\/wp\/v2\/media\/4999"}],"wp:attachment":[{"href":"https:\/\/ccgdistribuidora.com\/index.php\/wp-json\/wp\/v2\/media?parent=4998"}],"wp:term":[{"taxonomy":"product_cat","embeddable":true,"href":"https:\/\/ccgdistribuidora.com\/index.php\/wp-json\/wp\/v2\/product_cat?post=4998"},{"taxonomy":"product_tag","embeddable":true,"href":"https:\/\/ccgdistribuidora.com\/index.php\/wp-json\/wp\/v2\/product_tag?post=4998"}],"curies":[{"name":"wp","href":"https:\/\/api.w.org\/{rel}","templated":true}]}}