{"id":4763,"date":"2023-04-23T23:52:40","date_gmt":"2023-04-24T02:52:40","guid":{"rendered":"https:\/\/ccgdistribuidora.com\/?post_type=product&#038;p=4763"},"modified":"2024-02-19T18:49:24","modified_gmt":"2024-02-19T21:49:24","slug":"protector-termico-capilar-kleno-con-keratina-brillo-local","status":"publish","type":"product","link":"https:\/\/ccgdistribuidora.com\/index.php\/product\/protector-termico-capilar-kleno-con-keratina-brillo-local\/","title":{"rendered":"Protector Termico Capilar Kleno Con Keratina Brillo Local"},"content":{"rendered":"<div id=\"technical_specifications\" class=\"ui-pdp-container__row ui-pdp-container__row--technical-specifications\">\n<div class=\"ui-pdp-specs\">\n<h2 class=\"ui-pdp-specs__title\">Caracter\u00edsticas principales<\/h2>\n<div class=\"ui-pdp-specs__table\">\n<table class=\"andes-table\">\n<tbody class=\"andes-table__body\">\n<tr class=\"andes-table__row\">\n<th class=\"andes-table__header andes-table__header--left ui-pdp-specs__table__column ui-pdp-specs__table__column-title\">Marca<\/th>\n<td class=\"andes-table__column andes-table__column--left ui-pdp-specs__table__column\"><span class=\"andes-table__column--value\">Kleno<\/span><\/td>\n<\/tr>\n<\/tbody>\n<\/table>\n<\/div>\n<div class=\"ui-pdp-specs-groups-collapsable ui-pdp-specs\">\n<h3 class=\"ui-pdp-specs__subtitle\"><span style=\"font-size: 16px;\">Otros<\/span><\/h3>\n<div class=\"ui-pdp-list ui-pdp-specs-groups-collapsable__list\">\n<ul class=\"ui-pdp-list__wrapper\">\n<li class=\"ui-pdp-list__item\">\n<p class=\"ui-pdp-family--REGULAR ui-pdp-list__text\"><span class=\"ui-pdp-color--BLACK ui-pdp-size--XSMALL ui-pdp-family--BOLD\">L\u00ednea<\/span>: Protector T\u00e9rmico<\/p>\n<\/li>\n<li class=\"ui-pdp-list__item\">\n<p class=\"ui-pdp-family--REGULAR ui-pdp-list__text\"><span class=\"ui-pdp-color--BLACK ui-pdp-size--XSMALL ui-pdp-family--BOLD\">Consistencia<\/span>: Spray<\/p>\n<\/li>\n<\/ul>\n<ul class=\"ui-pdp-list__wrapper\">\n<li class=\"ui-pdp-list__item\">\n<p class=\"ui-pdp-family--REGULAR ui-pdp-list__text\"><span class=\"ui-pdp-color--BLACK ui-pdp-size--XSMALL ui-pdp-family--BOLD\">Funciones<\/span>: Protector<\/p>\n<\/li>\n<li class=\"ui-pdp-list__item\">\n<p class=\"ui-pdp-family--REGULAR ui-pdp-list__text\"><span class=\"ui-pdp-color--BLACK ui-pdp-size--XSMALL ui-pdp-family--BOLD\">Ingredientes destacados<\/span>: Keratina<\/p>\n<\/li>\n<\/ul>\n<ul class=\"ui-pdp-list__wrapper\">\n<li class=\"ui-pdp-list__item\">\n<p class=\"ui-pdp-family--REGULAR ui-pdp-list__text\"><span class=\"ui-pdp-color--BLACK ui-pdp-size--XSMALL ui-pdp-family--BOLD\">Formato de venta<\/span>: Unidad<\/p>\n<\/li>\n<li class=\"ui-pdp-list__item\">\n<p class=\"ui-pdp-family--REGULAR ui-pdp-list__text\"><span class=\"ui-pdp-color--BLACK ui-pdp-size--XSMALL ui-pdp-family--BOLD\">Unidades por pack<\/span>: 1<\/p>\n<\/li>\n<\/ul>\n<ul class=\"ui-pdp-list__wrapper\">\n<li class=\"ui-pdp-list__item\">\n<p class=\"ui-pdp-family--REGULAR ui-pdp-list__text\"><span class=\"ui-pdp-color--BLACK ui-pdp-size--XSMALL ui-pdp-family--BOLD\">Peso neto<\/span>: 120 g<\/p>\n<\/li>\n<li class=\"ui-pdp-list__item\">\n<p class=\"ui-pdp-family--REGULAR ui-pdp-list__text\"><span class=\"ui-pdp-color--BLACK ui-pdp-size--XSMALL ui-pdp-family--BOLD\">Volumen neto<\/span>: 120 mL<\/p>\n<\/li>\n<\/ul>\n<ul class=\"ui-pdp-list__wrapper\">\n<li class=\"ui-pdp-list__item\">\n<p class=\"ui-pdp-family--REGULAR ui-pdp-list__text\"><span class=\"ui-pdp-color--BLACK ui-pdp-size--XSMALL ui-pdp-family--BOLD\">Tipo de envase<\/span>: Spray<\/p>\n<\/li>\n<li class=\"ui-pdp-list__item\">\n<p class=\"ui-pdp-family--REGULAR ui-pdp-list__text\"><span class=\"ui-pdp-color--BLACK ui-pdp-size--XSMALL ui-pdp-family--BOLD\">Est\u00e1 dermatol\u00f3gicamente testeado<\/span>: No<\/p>\n<\/li>\n<\/ul>\n<ul class=\"ui-pdp-list__wrapper\">\n<li class=\"ui-pdp-list__item\">\n<p class=\"ui-pdp-family--REGULAR ui-pdp-list__text\"><span class=\"ui-pdp-color--BLACK ui-pdp-size--XSMALL ui-pdp-family--BOLD\">Es vegano<\/span>: No<\/p>\n<\/li>\n<li class=\"ui-pdp-list__item\">\n<p class=\"ui-pdp-family--REGULAR ui-pdp-list__text\"><span class=\"ui-pdp-color--BLACK ui-pdp-size--XSMALL ui-pdp-family--BOLD\">Es libre de gluten<\/span>: No<\/p>\n<\/li>\n<\/ul>\n<\/div>\n<\/div>\n<\/div>\n<\/div>\n<div id=\"description\" class=\"ui-pdp-container__row ui-pdp-container__row--description\">\n<div class=\"ui-pdp-description\">\n<h2 class=\"ui-pdp-description__title\">Descripci\u00f3n<\/h2>\n<p class=\"ui-pdp-description__content\">PROTECTOR TERMICO KLENO TRATAMIENTO CAPILAR KERATINA X 120<\/p>\n<p>Tratamiento capilar activado por el calor. Este producto fue desarrollado para proteger al cabello de las agresiones que producen los trabajos realizados con planchita, secadores, rizadores, ruleros t\u00e9rmicos y cualquier tipo de tratamiento donde los cabellos son sometidos a temperatura. La perfecta combinaci\u00f3n entra la Keratina y la Silicona nos permite una penetraci\u00f3n profunda en la fibra capilar, hidratando y reparando los cabellos da\u00f1ados y puntas florecidas, devolvi\u00e9ndoles todas la suavidad y brillo de una cabello sano.<\/p>\n<\/div>\n<\/div>\n","protected":false},"excerpt":{"rendered":"<p>Caracter\u00edsticas principales Marca Kleno Otros L\u00ednea: Protector T\u00e9rmico Consistencia: Spray Funciones: Protector Ingredientes destacados: Keratina Formato de venta: Unidad Unidades por pack: 1 Peso neto: 120 g Volumen neto: 120 mL Tipo de envase: Spray Est\u00e1 dermatol\u00f3gicamente testeado: No Es vegano: No Es libre de gluten: No Descripci\u00f3n PROTECTOR TERMICO KLENO TRATAMIENTO CAPILAR KERATINA X 120 Tratamiento capilar activado por el calor. Este producto fue desarrollado para proteger al cabello de las agresiones que producen los trabajos realizados con planchita, secadores, rizadores, ruleros t\u00e9rmicos y cualquier tipo de tratamiento donde los cabellos son sometidos a temperatura. La perfecta combinaci\u00f3n entra\u2026<\/p>\n","protected":false},"featured_media":4764,"comment_status":"open","ping_status":"closed","template":"","meta":[],"product_cat":[222,272,206],"product_tag":[604,568,603],"featured_image_urls":{"full":["https:\/\/ccgdistribuidora.com\/wp-content\/uploads\/2023\/04\/Protector-Termico-Capilar-Kleno-Con-Keratina-Brillo-Local.jpg",700,700,false],"thumbnail":["https:\/\/ccgdistribuidora.com\/wp-content\/uploads\/2023\/04\/Protector-Termico-Capilar-Kleno-Con-Keratina-Brillo-Local-150x150.jpg",150,150,true],"medium":["https:\/\/ccgdistribuidora.com\/wp-content\/uploads\/2023\/04\/Protector-Termico-Capilar-Kleno-Con-Keratina-Brillo-Local-300x300.jpg",300,300,true],"medium_large":["https:\/\/ccgdistribuidora.com\/wp-content\/uploads\/2023\/04\/Protector-Termico-Capilar-Kleno-Con-Keratina-Brillo-Local.jpg",700,700,false],"large":["https:\/\/ccgdistribuidora.com\/wp-content\/uploads\/2023\/04\/Protector-Termico-Capilar-Kleno-Con-Keratina-Brillo-Local.jpg",700,700,false],"1536x1536":["https:\/\/ccgdistribuidora.com\/wp-content\/uploads\/2023\/04\/Protector-Termico-Capilar-Kleno-Con-Keratina-Brillo-Local.jpg",700,700,false],"2048x2048":["https:\/\/ccgdistribuidora.com\/wp-content\/uploads\/2023\/04\/Protector-Termico-Capilar-Kleno-Con-Keratina-Brillo-Local.jpg",700,700,false],"mailpoet_newsletter_max":["https:\/\/ccgdistribuidora.com\/wp-content\/uploads\/2023\/04\/Protector-Termico-Capilar-Kleno-Con-Keratina-Brillo-Local.jpg",700,700,false],"woocommerce_thumbnail":["https:\/\/ccgdistribuidora.com\/wp-content\/uploads\/2023\/04\/Protector-Termico-Capilar-Kleno-Con-Keratina-Brillo-Local-300x400.jpg",300,400,true],"woocommerce_single":["https:\/\/ccgdistribuidora.com\/wp-content\/uploads\/2023\/04\/Protector-Termico-Capilar-Kleno-Con-Keratina-Brillo-Local-600x600.jpg",600,600,true],"woocommerce_gallery_thumbnail":["https:\/\/ccgdistribuidora.com\/wp-content\/uploads\/2023\/04\/Protector-Termico-Capilar-Kleno-Con-Keratina-Brillo-Local-100x100.jpg",100,100,true],"dgwt-wcas-product-suggestion":["https:\/\/ccgdistribuidora.com\/wp-content\/uploads\/2023\/04\/Protector-Termico-Capilar-Kleno-Con-Keratina-Brillo-Local-64x64.jpg",64,64,true]},"post_excerpt_stackable":"<p>Caracter\u00edsticas principales Marca Kleno Otros L\u00ednea: Protector T\u00e9rmico Consistencia: Spray Funciones: Protector Ingredientes destacados: Keratina Formato de venta: Unidad Unidades por pack: 1 Peso neto: 120 g Volumen neto: 120 mL Tipo de envase: Spray Est\u00e1 dermatol\u00f3gicamente testeado: No Es vegano: No Es libre de gluten: No Descripci\u00f3n PROTECTOR TERMICO KLENO TRATAMIENTO CAPILAR KERATINA X 120 Tratamiento capilar activado por el calor. Este producto fue desarrollado para proteger al cabello de las agresiones que producen los trabajos realizados con planchita, secadores, rizadores, ruleros t\u00e9rmicos y cualquier tipo de tratamiento donde los cabellos son sometidos a temperatura. La perfecta combinaci\u00f3n entra&hellip;<\/p>\n","category_list":"","author_info":{"name":"","url":""},"comments_num":"0 comentarios","_links":{"self":[{"href":"https:\/\/ccgdistribuidora.com\/index.php\/wp-json\/wp\/v2\/product\/4763"}],"collection":[{"href":"https:\/\/ccgdistribuidora.com\/index.php\/wp-json\/wp\/v2\/product"}],"about":[{"href":"https:\/\/ccgdistribuidora.com\/index.php\/wp-json\/wp\/v2\/types\/product"}],"replies":[{"embeddable":true,"href":"https:\/\/ccgdistribuidora.com\/index.php\/wp-json\/wp\/v2\/comments?post=4763"}],"wp:featuredmedia":[{"embeddable":true,"href":"https:\/\/ccgdistribuidora.com\/index.php\/wp-json\/wp\/v2\/media\/4764"}],"wp:attachment":[{"href":"https:\/\/ccgdistribuidora.com\/index.php\/wp-json\/wp\/v2\/media?parent=4763"}],"wp:term":[{"taxonomy":"product_cat","embeddable":true,"href":"https:\/\/ccgdistribuidora.com\/index.php\/wp-json\/wp\/v2\/product_cat?post=4763"},{"taxonomy":"product_tag","embeddable":true,"href":"https:\/\/ccgdistribuidora.com\/index.php\/wp-json\/wp\/v2\/product_tag?post=4763"}],"curies":[{"name":"wp","href":"https:\/\/api.w.org\/{rel}","templated":true}]}}