{"id":4751,"date":"2023-04-23T23:18:57","date_gmt":"2023-04-24T02:18:57","guid":{"rendered":"https:\/\/ccgdistribuidora.com\/?post_type=product&#038;p=4751"},"modified":"2024-02-19T18:51:05","modified_gmt":"2024-02-19T21:51:05","slug":"crema-oxidante-kleno-20-vol-x-930-cc","status":"publish","type":"product","link":"https:\/\/ccgdistribuidora.com\/index.php\/product\/crema-oxidante-kleno-20-vol-x-930-cc\/","title":{"rendered":"Crema Oxidante Kleno 20 Vol X 930 Cc"},"content":{"rendered":"<div id=\"technical_specifications\" class=\"ui-pdp-container__row ui-pdp-container__row--technical-specifications\">\n<div class=\"ui-pdp-specs\">\n<div class=\"ui-pdp-specs-groups-collapsable ui-pdp-specs\">\n<div class=\"ui-pdp-list ui-pdp-specs__list\">\n<p class=\"ui-pdp-family--REGULAR ui-pdp-list__text\">Otros<\/p>\n<\/div>\n<div class=\"ui-pdp-list ui-pdp-specs-groups-collapsable__list\">\n<ul class=\"ui-pdp-list__wrapper\">\n<li class=\"ui-pdp-list__item\">\n<p class=\"ui-pdp-family--REGULAR ui-pdp-list__text\"><span class=\"ui-pdp-color--BLACK ui-pdp-size--XSMALL ui-pdp-family--BOLD\">Volumen neto<\/span>: 930 mL<\/p>\n<\/li>\n<li class=\"ui-pdp-list__item\">\n<p class=\"ui-pdp-family--REGULAR ui-pdp-list__text\"><span class=\"ui-pdp-color--BLACK ui-pdp-size--XSMALL ui-pdp-family--BOLD\">Peso neto<\/span>: 930 g<\/p>\n<\/li>\n<\/ul>\n<ul class=\"ui-pdp-list__wrapper\">\n<li class=\"ui-pdp-list__item\">\n<p class=\"ui-pdp-family--REGULAR ui-pdp-list__text\"><span class=\"ui-pdp-color--BLACK ui-pdp-size--XSMALL ui-pdp-family--BOLD\">Tipos de producto<\/span>: Crema Oxidante<\/p>\n<\/li>\n<li class=\"ui-pdp-list__item\">\n<p class=\"ui-pdp-family--REGULAR ui-pdp-list__text\"><span class=\"ui-pdp-color--BLACK ui-pdp-size--XSMALL ui-pdp-family--BOLD\">Consistencia<\/span>: Crema<\/p>\n<\/li>\n<\/ul>\n<ul class=\"ui-pdp-list__wrapper\">\n<li class=\"ui-pdp-list__item\">\n<p class=\"ui-pdp-family--REGULAR ui-pdp-list__text\"><span class=\"ui-pdp-color--BLACK ui-pdp-size--XSMALL ui-pdp-family--BOLD\">Presentaci\u00f3n<\/span>: Botella<\/p>\n<\/li>\n<li class=\"ui-pdp-list__item\">\n<p class=\"ui-pdp-family--REGULAR ui-pdp-list__text\"><span class=\"ui-pdp-color--BLACK ui-pdp-size--XSMALL ui-pdp-family--BOLD\">Incluye activador<\/span>: S\u00ed<\/p>\n<\/li>\n<\/ul>\n<ul class=\"ui-pdp-list__wrapper\">\n<li class=\"ui-pdp-list__item\">\n<p class=\"ui-pdp-family--REGULAR ui-pdp-list__text\"><span class=\"ui-pdp-color--BLACK ui-pdp-size--XSMALL ui-pdp-family--BOLD\">Con cobertura de canas<\/span>: No<\/p>\n<\/li>\n<li class=\"ui-pdp-list__item\">\n<p class=\"ui-pdp-family--REGULAR ui-pdp-list__text\"><span class=\"ui-pdp-color--BLACK ui-pdp-size--XSMALL ui-pdp-family--BOLD\">Es sin amon\u00edaco<\/span>: No<\/p>\n<\/li>\n<\/ul>\n<ul class=\"ui-pdp-list__wrapper\">\n<li class=\"ui-pdp-list__item\">\n<p class=\"ui-pdp-family--REGULAR ui-pdp-list__text\"><span class=\"ui-pdp-color--BLACK ui-pdp-size--XSMALL ui-pdp-family--BOLD\">Es libre de gluten<\/span>: No<\/p>\n<\/li>\n<li class=\"ui-pdp-list__item\">\n<p class=\"ui-pdp-family--REGULAR ui-pdp-list__text\"><span class=\"ui-pdp-color--BLACK ui-pdp-size--XSMALL ui-pdp-family--BOLD\">Es vegano<\/span>: No<\/p>\n<\/li>\n<\/ul>\n<ul class=\"ui-pdp-list__wrapper\">\n<li class=\"ui-pdp-list__item\">\n<p class=\"ui-pdp-family--REGULAR ui-pdp-list__text\"><span class=\"ui-pdp-color--BLACK ui-pdp-size--XSMALL ui-pdp-family--BOLD\">Duraci\u00f3n<\/span>: Permanente<\/p>\n<\/li>\n<li class=\"ui-pdp-list__item\">\n<p class=\"ui-pdp-family--REGULAR ui-pdp-list__text\"><span class=\"ui-pdp-color--BLACK ui-pdp-size--XSMALL ui-pdp-family--BOLD\">Tipo de tecnolog\u00eda<\/span>: Oxidante<\/p>\n<\/li>\n<\/ul>\n<ul class=\"ui-pdp-list__wrapper\">\n<li class=\"ui-pdp-list__item\">\n<p class=\"ui-pdp-family--REGULAR ui-pdp-list__text\"><span class=\"ui-pdp-color--BLACK ui-pdp-size--XSMALL ui-pdp-family--BOLD\">Unidades por envase<\/span>: 1<\/p>\n<\/li>\n<\/ul>\n<\/div>\n<\/div>\n<\/div>\n<\/div>\n<div id=\"description\" class=\"ui-pdp-container__row ui-pdp-container__row--description\">\n<div class=\"ui-pdp-description\">\n<h2 class=\"ui-pdp-description__title\">Descripci\u00f3n<\/h2>\n<p class=\"ui-pdp-description__content\">\nAGUA OXIGENADA KLENO 20 VOLUMENES CREMOSO ESTABILIZADO X 930<\/p>\n<p>El Oxidante cremoso Kleno posee una f\u00f3rmula estabilizada que permite una liberaci\u00f3n gradual y constante de ox\u00edgeno durante todo el tiempo de exposici\u00f3n, ofreciendo precisi\u00f3n en los tiempos de trabajo y uniformidad de color. Debido a su viscosidad regulada permite lograr una textura de mezcla consistente, ganar tiempo en la preparaci\u00f3n, localizar con precisi\u00f3n y reforzar la adherencia de la mezcla en ra\u00edces. Por su composici\u00f3n ani\u00f3nica facilita el desenredado y deja el cabello suave, sedoso y brillante.<\/p>\n<p>&#8211; Acondicionadora<br \/>\n&#8211; Hidrataci\u00f3n equilibrada del cabello<br \/>\n&#8211; Viscosidad regulada<br \/>\n&#8211; pH 2.0 \u2013 4.0<br \/>\n&#8211; 20 vol\u00famenes<\/p>\n<\/div>\n<\/div>\n","protected":false},"excerpt":{"rendered":"<p>Otros Volumen neto: 930 mL Peso neto: 930 g Tipos de producto: Crema Oxidante Consistencia: Crema Presentaci\u00f3n: Botella Incluye activador: S\u00ed Con cobertura de canas: No Es sin amon\u00edaco: No Es libre de gluten: No Es vegano: No Duraci\u00f3n: Permanente Tipo de tecnolog\u00eda: Oxidante Unidades por envase: 1 Descripci\u00f3n AGUA OXIGENADA KLENO 20 VOLUMENES CREMOSO ESTABILIZADO X 930 El Oxidante cremoso Kleno posee una f\u00f3rmula estabilizada que permite una liberaci\u00f3n gradual y constante de ox\u00edgeno durante todo el tiempo de exposici\u00f3n, ofreciendo precisi\u00f3n en los tiempos de trabajo y uniformidad de color. Debido a su viscosidad regulada permite lograr una\u2026<\/p>\n","protected":false},"featured_media":4752,"comment_status":"open","ping_status":"closed","template":"","meta":[],"product_cat":[222,272,206],"product_tag":[598,507,568],"featured_image_urls":{"full":["https:\/\/ccgdistribuidora.com\/wp-content\/uploads\/2023\/04\/Crema-Oxidante-Kleno-20-Vol-X-930-Cc.jpg",700,700,false],"thumbnail":["https:\/\/ccgdistribuidora.com\/wp-content\/uploads\/2023\/04\/Crema-Oxidante-Kleno-20-Vol-X-930-Cc-150x150.jpg",150,150,true],"medium":["https:\/\/ccgdistribuidora.com\/wp-content\/uploads\/2023\/04\/Crema-Oxidante-Kleno-20-Vol-X-930-Cc-300x300.jpg",300,300,true],"medium_large":["https:\/\/ccgdistribuidora.com\/wp-content\/uploads\/2023\/04\/Crema-Oxidante-Kleno-20-Vol-X-930-Cc.jpg",700,700,false],"large":["https:\/\/ccgdistribuidora.com\/wp-content\/uploads\/2023\/04\/Crema-Oxidante-Kleno-20-Vol-X-930-Cc.jpg",700,700,false],"1536x1536":["https:\/\/ccgdistribuidora.com\/wp-content\/uploads\/2023\/04\/Crema-Oxidante-Kleno-20-Vol-X-930-Cc.jpg",700,700,false],"2048x2048":["https:\/\/ccgdistribuidora.com\/wp-content\/uploads\/2023\/04\/Crema-Oxidante-Kleno-20-Vol-X-930-Cc.jpg",700,700,false],"mailpoet_newsletter_max":["https:\/\/ccgdistribuidora.com\/wp-content\/uploads\/2023\/04\/Crema-Oxidante-Kleno-20-Vol-X-930-Cc.jpg",700,700,false],"woocommerce_thumbnail":["https:\/\/ccgdistribuidora.com\/wp-content\/uploads\/2023\/04\/Crema-Oxidante-Kleno-20-Vol-X-930-Cc-300x400.jpg",300,400,true],"woocommerce_single":["https:\/\/ccgdistribuidora.com\/wp-content\/uploads\/2023\/04\/Crema-Oxidante-Kleno-20-Vol-X-930-Cc-600x600.jpg",600,600,true],"woocommerce_gallery_thumbnail":["https:\/\/ccgdistribuidora.com\/wp-content\/uploads\/2023\/04\/Crema-Oxidante-Kleno-20-Vol-X-930-Cc-100x100.jpg",100,100,true],"dgwt-wcas-product-suggestion":["https:\/\/ccgdistribuidora.com\/wp-content\/uploads\/2023\/04\/Crema-Oxidante-Kleno-20-Vol-X-930-Cc-64x64.jpg",64,64,true]},"post_excerpt_stackable":"<p>Otros Volumen neto: 930 mL Peso neto: 930 g Tipos de producto: Crema Oxidante Consistencia: Crema Presentaci\u00f3n: Botella Incluye activador: S\u00ed Con cobertura de canas: No Es sin amon\u00edaco: No Es libre de gluten: No Es vegano: No Duraci\u00f3n: Permanente Tipo de tecnolog\u00eda: Oxidante Unidades por envase: 1 Descripci\u00f3n AGUA OXIGENADA KLENO 20 VOLUMENES CREMOSO ESTABILIZADO X 930 El Oxidante cremoso Kleno posee una f\u00f3rmula estabilizada que permite una liberaci\u00f3n gradual y constante de ox\u00edgeno durante todo el tiempo de exposici\u00f3n, ofreciendo precisi\u00f3n en los tiempos de trabajo y uniformidad de color. Debido a su viscosidad regulada permite lograr una&hellip;<\/p>\n","category_list":"","author_info":{"name":"","url":""},"comments_num":"0 comentarios","_links":{"self":[{"href":"https:\/\/ccgdistribuidora.com\/index.php\/wp-json\/wp\/v2\/product\/4751"}],"collection":[{"href":"https:\/\/ccgdistribuidora.com\/index.php\/wp-json\/wp\/v2\/product"}],"about":[{"href":"https:\/\/ccgdistribuidora.com\/index.php\/wp-json\/wp\/v2\/types\/product"}],"replies":[{"embeddable":true,"href":"https:\/\/ccgdistribuidora.com\/index.php\/wp-json\/wp\/v2\/comments?post=4751"}],"wp:featuredmedia":[{"embeddable":true,"href":"https:\/\/ccgdistribuidora.com\/index.php\/wp-json\/wp\/v2\/media\/4752"}],"wp:attachment":[{"href":"https:\/\/ccgdistribuidora.com\/index.php\/wp-json\/wp\/v2\/media?parent=4751"}],"wp:term":[{"taxonomy":"product_cat","embeddable":true,"href":"https:\/\/ccgdistribuidora.com\/index.php\/wp-json\/wp\/v2\/product_cat?post=4751"},{"taxonomy":"product_tag","embeddable":true,"href":"https:\/\/ccgdistribuidora.com\/index.php\/wp-json\/wp\/v2\/product_tag?post=4751"}],"curies":[{"name":"wp","href":"https:\/\/api.w.org\/{rel}","templated":true}]}}