{"id":4743,"date":"2023-04-23T22:48:18","date_gmt":"2023-04-24T01:48:18","guid":{"rendered":"https:\/\/ccgdistribuidora.com\/?post_type=product&#038;p=4743"},"modified":"2024-02-19T19:01:24","modified_gmt":"2024-02-19T22:01:24","slug":"ablandador-de-canas-covers-color-keratin-kleno-x-24","status":"publish","type":"product","link":"https:\/\/ccgdistribuidora.com\/index.php\/product\/ablandador-de-canas-covers-color-keratin-kleno-x-24\/","title":{"rendered":"Ablandador De Canas Covers Color Keratin Kleno X 24"},"content":{"rendered":"<div id=\"highlighted_specs_attrs\" class=\"ui-pdp-container__row ui-pdp-container__row--highlighted-specs-attrs\">\n<section id=\"highlighted_specs_attrs\" class=\"ui-vpp-highlighted-specs pl-45 pr-45\">\n<div class=\"ui-pdp-container__row ui-pdp-container__row--technical-specifications\">\n<div class=\"ui-pdp-collapsable ui-vpp-highlighted-specs__striped-collapsed__action\">\n<div class=\"ui-pdp-collapsable__container\">\n<div class=\"ui-vpp-highlighted-specs__striped-specs\">\n<div class=\"ui-vpp-striped-specs\">\n<div class=\"ui-vpp-striped-specs__table\">\n<h3 class=\"ui-vpp-striped-specs__header\">Caracter\u00edsticas principales<\/h3>\n<table class=\"andes-table\">\n<tbody class=\"andes-table__body\">\n<tr class=\"andes-table__row ui-vpp-striped-specs__row\">\n<th class=\"andes-table__header andes-table__header--left ui-vpp-striped-specs__row__column ui-vpp-striped-specs__row__column--id\">Marca<\/th>\n<td class=\"andes-table__column andes-table__column--left ui-vpp-striped-specs__row__column\"><span class=\"andes-table__column--value\">Kleno<\/span><\/td>\n<\/tr>\n<tr class=\"andes-table__row ui-vpp-striped-specs__row\">\n<th class=\"andes-table__header andes-table__header--left ui-vpp-striped-specs__row__column ui-vpp-striped-specs__row__column--id\">L\u00ednea<\/th>\n<td class=\"andes-table__column andes-table__column--left ui-vpp-striped-specs__row__column\"><span class=\"andes-table__column--value\">Covers Color Keratin<\/span><\/td>\n<\/tr>\n<tr class=\"andes-table__row ui-vpp-striped-specs__row\">\n<th class=\"andes-table__header andes-table__header--left ui-vpp-striped-specs__row__column ui-vpp-striped-specs__row__column--id\">Tipo de producto<\/th>\n<td class=\"andes-table__column andes-table__column--left ui-vpp-striped-specs__row__column\"><span class=\"andes-table__column--value\">Ampollas<\/span><\/td>\n<\/tr>\n<tr class=\"andes-table__row ui-vpp-striped-specs__row\">\n<th class=\"andes-table__header andes-table__header--left ui-vpp-striped-specs__row__column ui-vpp-striped-specs__row__column--id\">Tipo de cuidado<\/th>\n<td class=\"andes-table__column andes-table__column--left ui-vpp-striped-specs__row__column\"><span class=\"andes-table__column--value\">Ablandador de canas<\/span><\/td>\n<\/tr>\n<tr class=\"andes-table__row ui-vpp-striped-specs__row\">\n<th class=\"andes-table__header andes-table__header--left ui-vpp-striped-specs__row__column ui-vpp-striped-specs__row__column--id\">Es kit<\/th>\n<td class=\"andes-table__column andes-table__column--left ui-vpp-striped-specs__row__column\"><span class=\"andes-table__column--value\">No<\/span><\/td>\n<\/tr>\n<tr class=\"andes-table__row ui-vpp-striped-specs__row\">\n<th class=\"andes-table__header andes-table__header--left ui-vpp-striped-specs__row__column ui-vpp-striped-specs__row__column--id\">Formato de venta<\/th>\n<td class=\"andes-table__column andes-table__column--left ui-vpp-striped-specs__row__column\"><span class=\"andes-table__column--value\">Unidad<\/span><\/td>\n<\/tr>\n<tr class=\"andes-table__row ui-vpp-striped-specs__row\">\n<th class=\"andes-table__header andes-table__header--left ui-vpp-striped-specs__row__column ui-vpp-striped-specs__row__column--id\">Volumen neto<\/th>\n<td class=\"andes-table__column andes-table__column--left ui-vpp-striped-specs__row__column\"><span class=\"andes-table__column--value\">72 mL<\/span><\/td>\n<\/tr>\n<\/tbody>\n<\/table>\n<\/div>\n<\/div>\n<div class=\"ui-vpp-striped-specs\">\n<div class=\"ui-vpp-striped-specs__table\">\n<h3 class=\"ui-vpp-striped-specs__header\">Otros<\/h3>\n<table class=\"andes-table\">\n<tbody class=\"andes-table__body\">\n<tr class=\"andes-table__row ui-vpp-striped-specs__row\">\n<th class=\"andes-table__header andes-table__header--left ui-vpp-striped-specs__row__column ui-vpp-striped-specs__row__column--id\">G\u00e9nero<\/th>\n<td class=\"andes-table__column andes-table__column--left ui-vpp-striped-specs__row__column\"><span class=\"andes-table__column--value\">Sin g\u00e9nero<\/span><\/td>\n<\/tr>\n<\/tbody>\n<\/table>\n<\/div>\n<\/div>\n<\/div>\n<\/div>\n<\/div>\n<\/div>\n<\/section>\n<\/div>\n<div id=\"description\" class=\"ui-pdp-container__row ui-pdp-container__row--description\">\n<div class=\"ui-pdp-description\">\n<h2 class=\"ui-pdp-description__title\">Descripci\u00f3n<\/h2>\n<p class=\"ui-pdp-description__content\">ABLANDADOR DE CANAS COVERS COLOR KERATIN KLENO FIJADOR X 24<\/p>\n<p>Aditivo fijador con Keratina para coloraci\u00f3n. Ablandador de canas. Su formulaci\u00f3n permite cubrir eficazmente las canas, logrando mejor calidad en el te\u00f1ido, mayor durabilidad y procesos m\u00e1s r\u00e1pidos. La presencia de Keratina en su composici\u00f3n favorece la protecci\u00f3n y la restauraci\u00f3n del cabello. Dicha acci\u00f3n protectora se explica porque, por absorci\u00f3n<br \/>\nde la fibra capilar, se deposita una pel\u00edcula adhesiva transparente y homog\u00e9nea.<br \/>\nAdem\u00e1s, aumenta el grado de solubilidad de las tinturas, favoreciendo su capacidad cubritiva.<br \/>\nFunciona con cualquier marca o tipo de tintura. Mayor volumen y desenredo.<\/p>\n<p>&#8211; Mejor calidad en el te\u00f1ido<br \/>\n&#8211; Protecci\u00f3n y la restauraci\u00f3n del cabello<br \/>\n&#8211; Ablandador de canas.<\/p>\n<p>Presentaci\u00f3n:<\/p>\n<p>&#8211; Estuche de 24 ampollas de 3cc.<\/p>\n<\/div>\n<\/div>\n","protected":false},"excerpt":{"rendered":"<p>Caracter\u00edsticas principales Marca Kleno L\u00ednea Covers Color Keratin Tipo de producto Ampollas Tipo de cuidado Ablandador de canas Es kit No Formato de venta Unidad Volumen neto 72 mL Otros G\u00e9nero Sin g\u00e9nero Descripci\u00f3n ABLANDADOR DE CANAS COVERS COLOR KERATIN KLENO FIJADOR X 24 Aditivo fijador con Keratina para coloraci\u00f3n. Ablandador de canas. Su formulaci\u00f3n permite cubrir eficazmente las canas, logrando mejor calidad en el te\u00f1ido, mayor durabilidad y procesos m\u00e1s r\u00e1pidos. La presencia de Keratina en su composici\u00f3n favorece la protecci\u00f3n y la restauraci\u00f3n del cabello. Dicha acci\u00f3n protectora se explica porque, por absorci\u00f3n de la fibra capilar, se\u2026<\/p>\n","protected":false},"featured_media":4744,"comment_status":"open","ping_status":"closed","template":"","meta":[],"product_cat":[222,272,206],"product_tag":[592,593,568,594],"featured_image_urls":{"full":["https:\/\/ccgdistribuidora.com\/wp-content\/uploads\/2023\/04\/Ablandador-De-Canas-Covers-Color-Keratin-Kleno-X-24.jpg",700,700,false],"thumbnail":["https:\/\/ccgdistribuidora.com\/wp-content\/uploads\/2023\/04\/Ablandador-De-Canas-Covers-Color-Keratin-Kleno-X-24-150x150.jpg",150,150,true],"medium":["https:\/\/ccgdistribuidora.com\/wp-content\/uploads\/2023\/04\/Ablandador-De-Canas-Covers-Color-Keratin-Kleno-X-24-300x300.jpg",300,300,true],"medium_large":["https:\/\/ccgdistribuidora.com\/wp-content\/uploads\/2023\/04\/Ablandador-De-Canas-Covers-Color-Keratin-Kleno-X-24.jpg",700,700,false],"large":["https:\/\/ccgdistribuidora.com\/wp-content\/uploads\/2023\/04\/Ablandador-De-Canas-Covers-Color-Keratin-Kleno-X-24.jpg",700,700,false],"1536x1536":["https:\/\/ccgdistribuidora.com\/wp-content\/uploads\/2023\/04\/Ablandador-De-Canas-Covers-Color-Keratin-Kleno-X-24.jpg",700,700,false],"2048x2048":["https:\/\/ccgdistribuidora.com\/wp-content\/uploads\/2023\/04\/Ablandador-De-Canas-Covers-Color-Keratin-Kleno-X-24.jpg",700,700,false],"mailpoet_newsletter_max":["https:\/\/ccgdistribuidora.com\/wp-content\/uploads\/2023\/04\/Ablandador-De-Canas-Covers-Color-Keratin-Kleno-X-24.jpg",700,700,false],"woocommerce_thumbnail":["https:\/\/ccgdistribuidora.com\/wp-content\/uploads\/2023\/04\/Ablandador-De-Canas-Covers-Color-Keratin-Kleno-X-24-300x400.jpg",300,400,true],"woocommerce_single":["https:\/\/ccgdistribuidora.com\/wp-content\/uploads\/2023\/04\/Ablandador-De-Canas-Covers-Color-Keratin-Kleno-X-24-600x600.jpg",600,600,true],"woocommerce_gallery_thumbnail":["https:\/\/ccgdistribuidora.com\/wp-content\/uploads\/2023\/04\/Ablandador-De-Canas-Covers-Color-Keratin-Kleno-X-24-100x100.jpg",100,100,true],"dgwt-wcas-product-suggestion":["https:\/\/ccgdistribuidora.com\/wp-content\/uploads\/2023\/04\/Ablandador-De-Canas-Covers-Color-Keratin-Kleno-X-24-64x64.jpg",64,64,true]},"post_excerpt_stackable":"<p>Caracter\u00edsticas principales Marca Kleno L\u00ednea Covers Color Keratin Tipo de producto Ampollas Tipo de cuidado Ablandador de canas Es kit No Formato de venta Unidad Volumen neto 72 mL Otros G\u00e9nero Sin g\u00e9nero Descripci\u00f3n ABLANDADOR DE CANAS COVERS COLOR KERATIN KLENO FIJADOR X 24 Aditivo fijador con Keratina para coloraci\u00f3n. Ablandador de canas. Su formulaci\u00f3n permite cubrir eficazmente las canas, logrando mejor calidad en el te\u00f1ido, mayor durabilidad y procesos m\u00e1s r\u00e1pidos. La presencia de Keratina en su composici\u00f3n favorece la protecci\u00f3n y la restauraci\u00f3n del cabello. Dicha acci\u00f3n protectora se explica porque, por absorci\u00f3n de la fibra capilar, se&hellip;<\/p>\n","category_list":"","author_info":{"name":"","url":""},"comments_num":"0 comentarios","_links":{"self":[{"href":"https:\/\/ccgdistribuidora.com\/index.php\/wp-json\/wp\/v2\/product\/4743"}],"collection":[{"href":"https:\/\/ccgdistribuidora.com\/index.php\/wp-json\/wp\/v2\/product"}],"about":[{"href":"https:\/\/ccgdistribuidora.com\/index.php\/wp-json\/wp\/v2\/types\/product"}],"replies":[{"embeddable":true,"href":"https:\/\/ccgdistribuidora.com\/index.php\/wp-json\/wp\/v2\/comments?post=4743"}],"wp:featuredmedia":[{"embeddable":true,"href":"https:\/\/ccgdistribuidora.com\/index.php\/wp-json\/wp\/v2\/media\/4744"}],"wp:attachment":[{"href":"https:\/\/ccgdistribuidora.com\/index.php\/wp-json\/wp\/v2\/media?parent=4743"}],"wp:term":[{"taxonomy":"product_cat","embeddable":true,"href":"https:\/\/ccgdistribuidora.com\/index.php\/wp-json\/wp\/v2\/product_cat?post=4743"},{"taxonomy":"product_tag","embeddable":true,"href":"https:\/\/ccgdistribuidora.com\/index.php\/wp-json\/wp\/v2\/product_tag?post=4743"}],"curies":[{"name":"wp","href":"https:\/\/api.w.org\/{rel}","templated":true}]}}