{"id":4724,"date":"2023-04-23T21:38:08","date_gmt":"2023-04-24T00:38:08","guid":{"rendered":"https:\/\/ccgdistribuidora.com\/?post_type=product&#038;p=4724"},"modified":"2024-02-19T19:04:20","modified_gmt":"2024-02-19T22:04:20","slug":"acondicionador-x-5-litros-kleno-balsam-cristales-liquidos","status":"publish","type":"product","link":"https:\/\/ccgdistribuidora.com\/index.php\/product\/acondicionador-x-5-litros-kleno-balsam-cristales-liquidos\/","title":{"rendered":"Acondicionador X 5 Litros Kleno , Balsam Cristales L\u00edquidos"},"content":{"rendered":"<div id=\"highlighted_specs_attrs\" class=\"ui-pdp-container__row ui-pdp-container__row--highlighted-specs-attrs\">\n<section id=\"highlighted_specs_attrs\" class=\"ui-vpp-highlighted-specs pl-45 pr-45\">\n<div class=\"ui-pdp-container__row ui-pdp-container__row--technical-specifications\">\n<div class=\"ui-pdp-collapsable ui-vpp-highlighted-specs__striped-collapsed__action\">\n<div class=\"ui-pdp-collapsable__container\">\n<div class=\"ui-vpp-highlighted-specs__striped-specs\">\n<div class=\"ui-vpp-striped-specs\">\n<div class=\"ui-vpp-striped-specs__table\">\n<h3 class=\"ui-vpp-striped-specs__header\">Caracter\u00edsticas principales<\/h3>\n<table class=\"andes-table\">\n<tbody class=\"andes-table__body\">\n<tr class=\"andes-table__row ui-vpp-striped-specs__row\">\n<th class=\"andes-table__header andes-table__header--left ui-vpp-striped-specs__row__column ui-vpp-striped-specs__row__column--id\">Marca<\/th>\n<td class=\"andes-table__column andes-table__column--left ui-vpp-striped-specs__row__column\"><span class=\"andes-table__column--value\">Kleno<\/span><\/td>\n<\/tr>\n<tr class=\"andes-table__row ui-vpp-striped-specs__row\">\n<th class=\"andes-table__header andes-table__header--left ui-vpp-striped-specs__row__column ui-vpp-striped-specs__row__column--id\">L\u00ednea<\/th>\n<td class=\"andes-table__column andes-table__column--left ui-vpp-striped-specs__row__column\"><span class=\"andes-table__column--value\">Profesional<\/span><\/td>\n<\/tr>\n<tr class=\"andes-table__row ui-vpp-striped-specs__row\">\n<th class=\"andes-table__header andes-table__header--left ui-vpp-striped-specs__row__column ui-vpp-striped-specs__row__column--id\">Nombre<\/th>\n<td class=\"andes-table__column andes-table__column--left ui-vpp-striped-specs__row__column\"><span class=\"andes-table__column--value\">CRISTALES LIQUIDOS<\/span><\/td>\n<\/tr>\n<tr class=\"andes-table__row ui-vpp-striped-specs__row\">\n<th class=\"andes-table__header andes-table__header--left ui-vpp-striped-specs__row__column ui-vpp-striped-specs__row__column--id\">Tipo<\/th>\n<td class=\"andes-table__column andes-table__column--left ui-vpp-striped-specs__row__column\"><span class=\"andes-table__column--value\">Acondicionador<\/span><\/td>\n<\/tr>\n<tr class=\"andes-table__row ui-vpp-striped-specs__row\">\n<th class=\"andes-table__header andes-table__header--left ui-vpp-striped-specs__row__column ui-vpp-striped-specs__row__column--id\">Presentaci\u00f3n<\/th>\n<td class=\"andes-table__column andes-table__column--left ui-vpp-striped-specs__row__column\"><span class=\"andes-table__column--value\">BIDON<\/span><\/td>\n<\/tr>\n<tr class=\"andes-table__row ui-vpp-striped-specs__row\">\n<th class=\"andes-table__header andes-table__header--left ui-vpp-striped-specs__row__column ui-vpp-striped-specs__row__column--id\">Contenido total en peso<\/th>\n<td class=\"andes-table__column andes-table__column--left ui-vpp-striped-specs__row__column\"><span class=\"andes-table__column--value\">5000 g<\/span><\/td>\n<\/tr>\n<tr class=\"andes-table__row ui-vpp-striped-specs__row\">\n<th class=\"andes-table__header andes-table__header--left ui-vpp-striped-specs__row__column ui-vpp-striped-specs__row__column--id\">Contenido total en volumen<\/th>\n<td class=\"andes-table__column andes-table__column--left ui-vpp-striped-specs__row__column\"><span class=\"andes-table__column--value\">5000 mL<\/span><\/td>\n<\/tr>\n<tr class=\"andes-table__row ui-vpp-striped-specs__row\">\n<th class=\"andes-table__header andes-table__header--left ui-vpp-striped-specs__row__column ui-vpp-striped-specs__row__column--id\">Formato de venta<\/th>\n<td class=\"andes-table__column andes-table__column--left ui-vpp-striped-specs__row__column\"><span class=\"andes-table__column--value\">Unidad<\/span><\/td>\n<\/tr>\n<\/tbody>\n<\/table>\n<\/div>\n<\/div>\n<div class=\"ui-vpp-striped-specs\">\n<div class=\"ui-vpp-striped-specs__table\">\n<h3 class=\"ui-vpp-striped-specs__header\">Registros de producto<\/h3>\n<table class=\"andes-table\">\n<tbody class=\"andes-table__body\">\n<tr class=\"andes-table__row ui-vpp-striped-specs__row\">\n<th class=\"andes-table__header andes-table__header--left ui-vpp-striped-specs__row__column ui-vpp-striped-specs__row__column--id\">N\u00famero de legajo resoluci\u00f3n 155\/98<\/th>\n<td class=\"andes-table__column andes-table__column--left ui-vpp-striped-specs__row__column\"><span class=\"andes-table__column--value\">2542<\/span><\/td>\n<\/tr>\n<\/tbody>\n<\/table>\n<\/div>\n<div class=\"ui-vpp-striped-specs__table\">\n<h3 class=\"ui-vpp-striped-specs__header\">Otros<\/h3>\n<table class=\"andes-table\">\n<tbody class=\"andes-table__body\">\n<tr class=\"andes-table__row ui-vpp-striped-specs__row\">\n<th class=\"andes-table__header andes-table__header--left ui-vpp-striped-specs__row__column ui-vpp-striped-specs__row__column--id\">Tipos de cabello<\/th>\n<td class=\"andes-table__column andes-table__column--left ui-vpp-striped-specs__row__column\"><span class=\"andes-table__column--value\">CABELLOS CASTIGADOS<\/span><\/td>\n<\/tr>\n<tr class=\"andes-table__row ui-vpp-striped-specs__row\">\n<th class=\"andes-table__header andes-table__header--left ui-vpp-striped-specs__row__column ui-vpp-striped-specs__row__column--id\">Tipos de cuidado del cabello<\/th>\n<td class=\"andes-table__column andes-table__column--left ui-vpp-striped-specs__row__column\"><span class=\"andes-table__column--value\">PROTEINAS,REPARAPUNTAS<\/span><\/td>\n<\/tr>\n<tr class=\"andes-table__row ui-vpp-striped-specs__row\">\n<th class=\"andes-table__header andes-table__header--left ui-vpp-striped-specs__row__column ui-vpp-striped-specs__row__column--id\">Es s\u00f3lido<\/th>\n<td class=\"andes-table__column andes-table__column--left ui-vpp-striped-specs__row__column\"><span class=\"andes-table__column--value\">No<\/span><\/td>\n<\/tr>\n<tr class=\"andes-table__row ui-vpp-striped-specs__row\">\n<th class=\"andes-table__header andes-table__header--left ui-vpp-striped-specs__row__column ui-vpp-striped-specs__row__column--id\">Es hipoalerg\u00e9nico<\/th>\n<td class=\"andes-table__column andes-table__column--left ui-vpp-striped-specs__row__column\"><span class=\"andes-table__column--value\">S\u00ed<\/span><\/td>\n<\/tr>\n<tr class=\"andes-table__row ui-vpp-striped-specs__row\">\n<th class=\"andes-table__header andes-table__header--left ui-vpp-striped-specs__row__column ui-vpp-striped-specs__row__column--id\">Es libre de gluten<\/th>\n<td class=\"andes-table__column andes-table__column--left ui-vpp-striped-specs__row__column\"><span class=\"andes-table__column--value\">No<\/span><\/td>\n<\/tr>\n<tr class=\"andes-table__row ui-vpp-striped-specs__row\">\n<th class=\"andes-table__header andes-table__header--left ui-vpp-striped-specs__row__column ui-vpp-striped-specs__row__column--id\">Es libre de crueldad<\/th>\n<td class=\"andes-table__column andes-table__column--left ui-vpp-striped-specs__row__column\"><span class=\"andes-table__column--value\">S\u00ed<\/span><\/td>\n<\/tr>\n<tr class=\"andes-table__row ui-vpp-striped-specs__row\">\n<th class=\"andes-table__header andes-table__header--left ui-vpp-striped-specs__row__column ui-vpp-striped-specs__row__column--id\">Est\u00e1 dermatol\u00f3gicamente testeado<\/th>\n<td class=\"andes-table__column andes-table__column--left ui-vpp-striped-specs__row__column\"><span class=\"andes-table__column--value\">S\u00ed<\/span><\/td>\n<\/tr>\n<\/tbody>\n<\/table>\n<\/div>\n<\/div>\n<\/div>\n<\/div>\n<\/div>\n<\/div>\n<\/section>\n<\/div>\n<div id=\"description\" class=\"ui-pdp-container__row ui-pdp-container__row--description\">\n<div class=\"ui-pdp-description\">\n<h2 class=\"ui-pdp-description__title\">Descripci\u00f3n<\/h2>\n<p class=\"ui-pdp-description__content\">ACONDICIONADOR CRISTALES L\u00cdQUIDOS<br \/>\nKLENO<br \/>\n=============================<br \/>\nCuando el cabello est\u00e1 da\u00f1ado, la keratina se altera, el cabello se vuelve poroso y sus escamas se levantan. Esto es causado por m\u00faltiples factores: la intemperie (viento, fr\u00edo, calor, sol) los descuidos (cepillados en\u00e9rgicos, herramientas de peinado mal adaptadas, secador de pelo caliente), los factores internos (mala alimentaci\u00f3n, carencias vitam\u00ednicas, desequilibrios hormonales, etc.). Todo esto debilita el cabello y lo reseca. Tambi\u00e9n hay casos en que la fibra capilar est\u00e1 deteriorada por el dep\u00f3sito de residuos. El sebo en exceso, las suciedades, restos de productos para el peinado, champ\u00faes mal enjuagados y restos calc\u00e1reos del agua, opacan el cabello. Resultado: no brilla m\u00e1s porque ya no puede reflejar la luz.. Este producto, resalta y reaviva el color del cabello natural o te\u00f1ido. Aporta al cabello un brillo intenso y natural en forma inmediata. Gracias a la acci\u00f3n de las Semillas de Lino, forma una pel\u00edcula protectora invisible sobre cada fibra capilar que reestructura y alisa la cut\u00edcula, reflejando la luz. Por eso, confiere al cabello brillo y luminosidad sin l\u00edmites, dej\u00e1ndolo suave y sedoso. Instant\u00e1neamente luce saludable, manejable y con un brillo incre\u00edble. Contiene Filtro UV , ricos en vitaminas F y E, que mejoran la elasticidad, revitalizan el cabello y lo protegen de los agentes externos y de la acci\u00f3n del secador. Posee efecto Anti-Frizz que ayuda a controlar cabellos electrizados y pelitos rebeldes.<br \/>\nLoto: nutre la fibra capilar y protege el cabello.<br \/>\nManzanilla: devuelve el brillo al cabello opaco. ya que suaviza la fibra capilar.<br \/>\nTiar\u00e9: ayuda a prevenir el cabello seco.<br \/>\nMargarita: restaura la vitalidad del cabello.<br \/>\nRosa: suministra sustancias nutritivas al cabello<br \/>\nLinaza: proporciona nutrici\u00f3n intensa desde el interior, gracias a esta combinaci\u00f3n, el \u00f3leo transforma tu cabello brind\u00e1ndole nutrici\u00f3n intensa con m\u00e1xima protecci\u00f3n y suavidad; adem\u00e1s, protege la fibra capilar de los efectos de las agresiones externas.<\/p>\n<\/div>\n<\/div>\n","protected":false},"excerpt":{"rendered":"<p>Caracter\u00edsticas principales Marca Kleno L\u00ednea Profesional Nombre CRISTALES LIQUIDOS Tipo Acondicionador Presentaci\u00f3n BIDON Contenido total en peso 5000 g Contenido total en volumen 5000 mL Formato de venta Unidad Registros de producto N\u00famero de legajo resoluci\u00f3n 155\/98 2542 Otros Tipos de cabello CABELLOS CASTIGADOS Tipos de cuidado del cabello PROTEINAS,REPARAPUNTAS Es s\u00f3lido No Es hipoalerg\u00e9nico S\u00ed Es libre de gluten No Es libre de crueldad S\u00ed Est\u00e1 dermatol\u00f3gicamente testeado S\u00ed Descripci\u00f3n ACONDICIONADOR CRISTALES L\u00cdQUIDOS KLENO ============================= Cuando el cabello est\u00e1 da\u00f1ado, la keratina se altera, el cabello se vuelve poroso y sus escamas se levantan. Esto es causado por m\u00faltiples\u2026<\/p>\n","protected":false},"featured_media":4725,"comment_status":"open","ping_status":"closed","template":"","meta":[],"product_cat":[222,272,206],"product_tag":[580,581,571,568],"featured_image_urls":{"full":["https:\/\/ccgdistribuidora.com\/wp-content\/uploads\/2023\/04\/Acondicionador-X-5-Litros-Kleno-Balsam-Cristales-Liquidos.jpg",700,700,false],"thumbnail":["https:\/\/ccgdistribuidora.com\/wp-content\/uploads\/2023\/04\/Acondicionador-X-5-Litros-Kleno-Balsam-Cristales-Liquidos-150x150.jpg",150,150,true],"medium":["https:\/\/ccgdistribuidora.com\/wp-content\/uploads\/2023\/04\/Acondicionador-X-5-Litros-Kleno-Balsam-Cristales-Liquidos-300x300.jpg",300,300,true],"medium_large":["https:\/\/ccgdistribuidora.com\/wp-content\/uploads\/2023\/04\/Acondicionador-X-5-Litros-Kleno-Balsam-Cristales-Liquidos.jpg",700,700,false],"large":["https:\/\/ccgdistribuidora.com\/wp-content\/uploads\/2023\/04\/Acondicionador-X-5-Litros-Kleno-Balsam-Cristales-Liquidos.jpg",700,700,false],"1536x1536":["https:\/\/ccgdistribuidora.com\/wp-content\/uploads\/2023\/04\/Acondicionador-X-5-Litros-Kleno-Balsam-Cristales-Liquidos.jpg",700,700,false],"2048x2048":["https:\/\/ccgdistribuidora.com\/wp-content\/uploads\/2023\/04\/Acondicionador-X-5-Litros-Kleno-Balsam-Cristales-Liquidos.jpg",700,700,false],"mailpoet_newsletter_max":["https:\/\/ccgdistribuidora.com\/wp-content\/uploads\/2023\/04\/Acondicionador-X-5-Litros-Kleno-Balsam-Cristales-Liquidos.jpg",700,700,false],"woocommerce_thumbnail":["https:\/\/ccgdistribuidora.com\/wp-content\/uploads\/2023\/04\/Acondicionador-X-5-Litros-Kleno-Balsam-Cristales-Liquidos-300x400.jpg",300,400,true],"woocommerce_single":["https:\/\/ccgdistribuidora.com\/wp-content\/uploads\/2023\/04\/Acondicionador-X-5-Litros-Kleno-Balsam-Cristales-Liquidos-600x600.jpg",600,600,true],"woocommerce_gallery_thumbnail":["https:\/\/ccgdistribuidora.com\/wp-content\/uploads\/2023\/04\/Acondicionador-X-5-Litros-Kleno-Balsam-Cristales-Liquidos-100x100.jpg",100,100,true],"dgwt-wcas-product-suggestion":["https:\/\/ccgdistribuidora.com\/wp-content\/uploads\/2023\/04\/Acondicionador-X-5-Litros-Kleno-Balsam-Cristales-Liquidos-64x64.jpg",64,64,true]},"post_excerpt_stackable":"<p>Caracter\u00edsticas principales Marca Kleno L\u00ednea Profesional Nombre CRISTALES LIQUIDOS Tipo Acondicionador Presentaci\u00f3n BIDON Contenido total en peso 5000 g Contenido total en volumen 5000 mL Formato de venta Unidad Registros de producto N\u00famero de legajo resoluci\u00f3n 155\/98 2542 Otros Tipos de cabello CABELLOS CASTIGADOS Tipos de cuidado del cabello PROTEINAS,REPARAPUNTAS Es s\u00f3lido No Es hipoalerg\u00e9nico S\u00ed Es libre de gluten No Es libre de crueldad S\u00ed Est\u00e1 dermatol\u00f3gicamente testeado S\u00ed Descripci\u00f3n ACONDICIONADOR CRISTALES L\u00cdQUIDOS KLENO ============================= Cuando el cabello est\u00e1 da\u00f1ado, la keratina se altera, el cabello se vuelve poroso y sus escamas se levantan. Esto es causado por m\u00faltiples&hellip;<\/p>\n","category_list":"","author_info":{"name":"","url":""},"comments_num":"0 comentarios","_links":{"self":[{"href":"https:\/\/ccgdistribuidora.com\/index.php\/wp-json\/wp\/v2\/product\/4724"}],"collection":[{"href":"https:\/\/ccgdistribuidora.com\/index.php\/wp-json\/wp\/v2\/product"}],"about":[{"href":"https:\/\/ccgdistribuidora.com\/index.php\/wp-json\/wp\/v2\/types\/product"}],"replies":[{"embeddable":true,"href":"https:\/\/ccgdistribuidora.com\/index.php\/wp-json\/wp\/v2\/comments?post=4724"}],"wp:featuredmedia":[{"embeddable":true,"href":"https:\/\/ccgdistribuidora.com\/index.php\/wp-json\/wp\/v2\/media\/4725"}],"wp:attachment":[{"href":"https:\/\/ccgdistribuidora.com\/index.php\/wp-json\/wp\/v2\/media?parent=4724"}],"wp:term":[{"taxonomy":"product_cat","embeddable":true,"href":"https:\/\/ccgdistribuidora.com\/index.php\/wp-json\/wp\/v2\/product_cat?post=4724"},{"taxonomy":"product_tag","embeddable":true,"href":"https:\/\/ccgdistribuidora.com\/index.php\/wp-json\/wp\/v2\/product_tag?post=4724"}],"curies":[{"name":"wp","href":"https:\/\/api.w.org\/{rel}","templated":true}]}}