{"id":4689,"date":"2023-04-22T19:48:39","date_gmt":"2023-04-22T22:48:39","guid":{"rendered":"https:\/\/ccgdistribuidora.com\/?post_type=product&#038;p=4689"},"modified":"2024-01-23T13:45:43","modified_gmt":"2024-01-23T16:45:43","slug":"seca-esmalte-emynent-abrillantador-de-unas-en-aerosol-120g","status":"publish","type":"product","link":"https:\/\/ccgdistribuidora.com\/index.php\/product\/seca-esmalte-emynent-abrillantador-de-unas-en-aerosol-120g\/","title":{"rendered":"Seca Esmalte Emynent Abrillantador De U\u00f1as En Aerosol 120g"},"content":{"rendered":"<div id=\"technical_specifications\" class=\"ui-pdp-container__row ui-pdp-container__row--technical-specifications\">\n<div class=\"ui-pdp-specs\">\n<h2 class=\"ui-pdp-specs__title\">Caracter\u00edsticas principales<\/h2>\n<div class=\"ui-pdp-specs__table\">\n<table class=\"andes-table\">\n<tbody class=\"andes-table__body\">\n<tr class=\"andes-table__row\">\n<th class=\"andes-table__header andes-table__header--left ui-pdp-specs__table__column ui-pdp-specs__table__column-title\">Marca<\/th>\n<td class=\"andes-table__column andes-table__column--left ui-pdp-specs__table__column\"><span class=\"andes-table__column--value\">Eminent<\/span><\/td>\n<\/tr>\n<tr class=\"andes-table__row\">\n<th class=\"andes-table__header andes-table__header--left ui-pdp-specs__table__column ui-pdp-specs__table__column-title\">L\u00ednea<\/th>\n<td class=\"andes-table__column andes-table__column--left ui-pdp-specs__table__column\"><span class=\"andes-table__column--value\">Seca Esmalte<\/span><\/td>\n<\/tr>\n<tr class=\"andes-table__row\">\n<th class=\"andes-table__header andes-table__header--left ui-pdp-specs__table__column ui-pdp-specs__table__column-title\">Volumen de la unidad<\/th>\n<td class=\"andes-table__column andes-table__column--left ui-pdp-specs__table__column\"><span class=\"andes-table__column--value\">210 cc<\/span><\/td>\n<\/tr>\n<tr class=\"andes-table__row\">\n<th class=\"andes-table__header andes-table__header--left ui-pdp-specs__table__column ui-pdp-specs__table__column-title\">Unidades por envase<\/th>\n<td class=\"andes-table__column andes-table__column--left ui-pdp-specs__table__column\"><span class=\"andes-table__column--value\">1<\/span><\/td>\n<\/tr>\n<\/tbody>\n<\/table>\n<\/div>\n<\/div>\n<\/div>\n<div id=\"description\" class=\"ui-pdp-container__row ui-pdp-container__row--description\">\n<div class=\"ui-pdp-description\">\n<h2 class=\"ui-pdp-description__title\">Descripci\u00f3n<\/h2>\n<p class=\"ui-pdp-description__content\">Seca Esmalte Profesional Emynent Abrillantador Aerosol 120g<\/p>\n<p>Seca esmalte y abrillantador de u\u00f1as.<\/p>\n<p>Especialmente formulado para lograr un r\u00e1pido secado de u\u00f1as con fijaci\u00f3n inmediata a\u00fan e condiciones de gran humedad otorgando m\u00e1xima protecci\u00f3n y brillo a las u\u00f1as<\/p>\n<p>Permite un r\u00e1pido e impecable secado del esmalte y resalta los colores.<\/p>\n<\/div>\n<\/div>\n","protected":false},"excerpt":{"rendered":"<p>Caracter\u00edsticas principales Marca Eminent L\u00ednea Seca Esmalte Volumen de la unidad 210 cc Unidades por envase 1 Descripci\u00f3n Seca Esmalte Profesional Emynent Abrillantador Aerosol 120g Seca esmalte y abrillantador de u\u00f1as. Especialmente formulado para lograr un r\u00e1pido secado de u\u00f1as con fijaci\u00f3n inmediata a\u00fan e condiciones de gran humedad otorgando m\u00e1xima protecci\u00f3n y brillo a las u\u00f1as Permite un r\u00e1pido e impecable secado del esmalte y resalta los colores.<\/p>\n","protected":false},"featured_media":4690,"comment_status":"open","ping_status":"closed","template":"","meta":[],"product_cat":[251,241],"product_tag":[565,564,556,563],"featured_image_urls":{"full":["https:\/\/ccgdistribuidora.com\/wp-content\/uploads\/2023\/04\/Seca-Esmalte-Emynent-Abrillantador-De-Unas-En-Aerosol-120g.jpg",700,700,false],"thumbnail":["https:\/\/ccgdistribuidora.com\/wp-content\/uploads\/2023\/04\/Seca-Esmalte-Emynent-Abrillantador-De-Unas-En-Aerosol-120g-150x150.jpg",150,150,true],"medium":["https:\/\/ccgdistribuidora.com\/wp-content\/uploads\/2023\/04\/Seca-Esmalte-Emynent-Abrillantador-De-Unas-En-Aerosol-120g-300x300.jpg",300,300,true],"medium_large":["https:\/\/ccgdistribuidora.com\/wp-content\/uploads\/2023\/04\/Seca-Esmalte-Emynent-Abrillantador-De-Unas-En-Aerosol-120g.jpg",700,700,false],"large":["https:\/\/ccgdistribuidora.com\/wp-content\/uploads\/2023\/04\/Seca-Esmalte-Emynent-Abrillantador-De-Unas-En-Aerosol-120g.jpg",700,700,false],"1536x1536":["https:\/\/ccgdistribuidora.com\/wp-content\/uploads\/2023\/04\/Seca-Esmalte-Emynent-Abrillantador-De-Unas-En-Aerosol-120g.jpg",700,700,false],"2048x2048":["https:\/\/ccgdistribuidora.com\/wp-content\/uploads\/2023\/04\/Seca-Esmalte-Emynent-Abrillantador-De-Unas-En-Aerosol-120g.jpg",700,700,false],"mailpoet_newsletter_max":["https:\/\/ccgdistribuidora.com\/wp-content\/uploads\/2023\/04\/Seca-Esmalte-Emynent-Abrillantador-De-Unas-En-Aerosol-120g.jpg",700,700,false],"woocommerce_thumbnail":["https:\/\/ccgdistribuidora.com\/wp-content\/uploads\/2023\/04\/Seca-Esmalte-Emynent-Abrillantador-De-Unas-En-Aerosol-120g-300x400.jpg",300,400,true],"woocommerce_single":["https:\/\/ccgdistribuidora.com\/wp-content\/uploads\/2023\/04\/Seca-Esmalte-Emynent-Abrillantador-De-Unas-En-Aerosol-120g-600x600.jpg",600,600,true],"woocommerce_gallery_thumbnail":["https:\/\/ccgdistribuidora.com\/wp-content\/uploads\/2023\/04\/Seca-Esmalte-Emynent-Abrillantador-De-Unas-En-Aerosol-120g-100x100.jpg",100,100,true],"dgwt-wcas-product-suggestion":["https:\/\/ccgdistribuidora.com\/wp-content\/uploads\/2023\/04\/Seca-Esmalte-Emynent-Abrillantador-De-Unas-En-Aerosol-120g-64x64.jpg",64,64,true]},"post_excerpt_stackable":"<p>Caracter\u00edsticas principales Marca Eminent L\u00ednea Seca Esmalte Volumen de la unidad 210 cc Unidades por envase 1 Descripci\u00f3n Seca Esmalte Profesional Emynent Abrillantador Aerosol 120g Seca esmalte y abrillantador de u\u00f1as. Especialmente formulado para lograr un r\u00e1pido secado de u\u00f1as con fijaci\u00f3n inmediata a\u00fan e condiciones de gran humedad otorgando m\u00e1xima protecci\u00f3n y brillo a las u\u00f1as Permite un r\u00e1pido e impecable secado del esmalte y resalta los colores.<\/p>\n","category_list":"","author_info":{"name":"","url":""},"comments_num":"0 comentarios","_links":{"self":[{"href":"https:\/\/ccgdistribuidora.com\/index.php\/wp-json\/wp\/v2\/product\/4689"}],"collection":[{"href":"https:\/\/ccgdistribuidora.com\/index.php\/wp-json\/wp\/v2\/product"}],"about":[{"href":"https:\/\/ccgdistribuidora.com\/index.php\/wp-json\/wp\/v2\/types\/product"}],"replies":[{"embeddable":true,"href":"https:\/\/ccgdistribuidora.com\/index.php\/wp-json\/wp\/v2\/comments?post=4689"}],"wp:featuredmedia":[{"embeddable":true,"href":"https:\/\/ccgdistribuidora.com\/index.php\/wp-json\/wp\/v2\/media\/4690"}],"wp:attachment":[{"href":"https:\/\/ccgdistribuidora.com\/index.php\/wp-json\/wp\/v2\/media?parent=4689"}],"wp:term":[{"taxonomy":"product_cat","embeddable":true,"href":"https:\/\/ccgdistribuidora.com\/index.php\/wp-json\/wp\/v2\/product_cat?post=4689"},{"taxonomy":"product_tag","embeddable":true,"href":"https:\/\/ccgdistribuidora.com\/index.php\/wp-json\/wp\/v2\/product_tag?post=4689"}],"curies":[{"name":"wp","href":"https:\/\/api.w.org\/{rel}","templated":true}]}}