{"id":4661,"date":"2023-04-22T15:43:29","date_gmt":"2023-04-22T18:43:29","guid":{"rendered":"https:\/\/ccgdistribuidora.com\/?post_type=product&#038;p=4661"},"modified":"2023-10-03T22:08:44","modified_gmt":"2023-10-04T01:08:44","slug":"mascara-color-protect-keratina-issue-saloon-200g","status":"publish","type":"product","link":"https:\/\/ccgdistribuidora.com\/index.php\/product\/mascara-color-protect-keratina-issue-saloon-200g\/","title":{"rendered":"M\u00e1scara Color Protect Keratina Issue Saloon 200g"},"content":{"rendered":"<div id=\"highlighted_specs_attrs\" class=\"ui-pdp-container__row ui-pdp-container__row--highlighted-specs-attrs\">\n<section id=\"highlighted_specs_attrs\" class=\"ui-vpp-highlighted-specs pl-45 pr-45\">\n<div class=\"ui-pdp-container__row ui-pdp-container__row--technical-specifications\">\n<div class=\"ui-pdp-collapsable ui-vpp-highlighted-specs__striped-collapsed__action\">\n<div class=\"ui-pdp-collapsable__container\">\n<div class=\"ui-vpp-highlighted-specs__striped-specs\">\n<div class=\"ui-vpp-striped-specs\">\n<div class=\"ui-vpp-striped-specs__table\">\n<h3 class=\"ui-vpp-striped-specs__header\">Caracter\u00edsticas principales<\/h3>\n<table class=\"andes-table\">\n<tbody class=\"andes-table__body\">\n<tr class=\"andes-table__row ui-vpp-striped-specs__row\">\n<th class=\"andes-table__header andes-table__header--left ui-vpp-striped-specs__row__column ui-vpp-striped-specs__row__column--id\">Marca<\/th>\n<td class=\"andes-table__column andes-table__column--left ui-vpp-striped-specs__row__column\"><span class=\"andes-table__column--value\">Issue Professional<\/span><\/td>\n<\/tr>\n<tr class=\"andes-table__row ui-vpp-striped-specs__row\">\n<th class=\"andes-table__header andes-table__header--left ui-vpp-striped-specs__row__column ui-vpp-striped-specs__row__column--id\">L\u00ednea<\/th>\n<td class=\"andes-table__column andes-table__column--left ui-vpp-striped-specs__row__column\"><span class=\"andes-table__column--value\">color protec<\/span><\/td>\n<\/tr>\n<tr class=\"andes-table__row ui-vpp-striped-specs__row\">\n<th class=\"andes-table__header andes-table__header--left ui-vpp-striped-specs__row__column ui-vpp-striped-specs__row__column--id\">Tipo de producto<\/th>\n<td class=\"andes-table__column andes-table__column--left ui-vpp-striped-specs__row__column\"><span class=\"andes-table__column--value\">Protecci\u00f3n del color<\/span><\/td>\n<\/tr>\n<tr class=\"andes-table__row ui-vpp-striped-specs__row\">\n<th class=\"andes-table__header andes-table__header--left ui-vpp-striped-specs__row__column ui-vpp-striped-specs__row__column--id\">Es kit<\/th>\n<td class=\"andes-table__column andes-table__column--left ui-vpp-striped-specs__row__column\"><span class=\"andes-table__column--value\">No<\/span><\/td>\n<\/tr>\n<tr class=\"andes-table__row ui-vpp-striped-specs__row\">\n<th class=\"andes-table__header andes-table__header--left ui-vpp-striped-specs__row__column ui-vpp-striped-specs__row__column--id\">Unidades por envase<\/th>\n<td class=\"andes-table__column andes-table__column--left ui-vpp-striped-specs__row__column\"><span class=\"andes-table__column--value\">1<\/span><\/td>\n<\/tr>\n<\/tbody>\n<\/table>\n<\/div>\n<\/div>\n<div class=\"ui-vpp-striped-specs\">\n<div class=\"ui-vpp-striped-specs__table\">\n<h3 class=\"ui-vpp-striped-specs__header\">Registros de producto<\/h3>\n<table class=\"andes-table\">\n<tbody class=\"andes-table__body\">\n<tr class=\"andes-table__row ui-vpp-striped-specs__row\">\n<th class=\"andes-table__header andes-table__header--left ui-vpp-striped-specs__row__column ui-vpp-striped-specs__row__column--id\">N\u00famero de legajo resoluci\u00f3n 155\/98<\/th>\n<td class=\"andes-table__column andes-table__column--left ui-vpp-striped-specs__row__column\"><span class=\"andes-table__column--value\">15598<\/span><\/td>\n<\/tr>\n<\/tbody>\n<\/table>\n<\/div>\n<div class=\"ui-vpp-striped-specs__table\">\n<h3 class=\"ui-vpp-striped-specs__header\">Otros<\/h3>\n<table class=\"andes-table\">\n<tbody class=\"andes-table__body\">\n<tr class=\"andes-table__row ui-vpp-striped-specs__row\">\n<th class=\"andes-table__header andes-table__header--left ui-vpp-striped-specs__row__column ui-vpp-striped-specs__row__column--id\">Efectos<\/th>\n<td class=\"andes-table__column andes-table__column--left ui-vpp-striped-specs__row__column\"><span class=\"andes-table__column--value\">Reconstituye e hidrata<\/span><\/td>\n<\/tr>\n<tr class=\"andes-table__row ui-vpp-striped-specs__row\">\n<th class=\"andes-table__header andes-table__header--left ui-vpp-striped-specs__row__column ui-vpp-striped-specs__row__column--id\">Formato<\/th>\n<td class=\"andes-table__column andes-table__column--left ui-vpp-striped-specs__row__column\"><span class=\"andes-table__column--value\">Tubo depresible<\/span><\/td>\n<\/tr>\n<tr class=\"andes-table__row ui-vpp-striped-specs__row\">\n<th class=\"andes-table__header andes-table__header--left ui-vpp-striped-specs__row__column ui-vpp-striped-specs__row__column--id\">Presentaci\u00f3n<\/th>\n<td class=\"andes-table__column andes-table__column--left ui-vpp-striped-specs__row__column\"><span class=\"andes-table__column--value\">200G<\/span><\/td>\n<\/tr>\n<tr class=\"andes-table__row ui-vpp-striped-specs__row\">\n<th class=\"andes-table__header andes-table__header--left ui-vpp-striped-specs__row__column ui-vpp-striped-specs__row__column--id\">Es hipoalerg\u00e9nico<\/th>\n<td class=\"andes-table__column andes-table__column--left ui-vpp-striped-specs__row__column\"><span class=\"andes-table__column--value\">No<\/span><\/td>\n<\/tr>\n<tr class=\"andes-table__row ui-vpp-striped-specs__row\">\n<th class=\"andes-table__header andes-table__header--left ui-vpp-striped-specs__row__column ui-vpp-striped-specs__row__column--id\">Es libre de crueldad<\/th>\n<td class=\"andes-table__column andes-table__column--left ui-vpp-striped-specs__row__column\"><span class=\"andes-table__column--value\">No<\/span><\/td>\n<\/tr>\n<tr class=\"andes-table__row ui-vpp-striped-specs__row\">\n<th class=\"andes-table__header andes-table__header--left ui-vpp-striped-specs__row__column ui-vpp-striped-specs__row__column--id\">Con fragancia<\/th>\n<td class=\"andes-table__column andes-table__column--left ui-vpp-striped-specs__row__column\"><span class=\"andes-table__column--value\">S\u00ed<\/span><\/td>\n<\/tr>\n<tr class=\"andes-table__row ui-vpp-striped-specs__row\">\n<th class=\"andes-table__header andes-table__header--left ui-vpp-striped-specs__row__column ui-vpp-striped-specs__row__column--id\">Es vegano<\/th>\n<td class=\"andes-table__column andes-table__column--left ui-vpp-striped-specs__row__column\"><span class=\"andes-table__column--value\">No<\/span><\/td>\n<\/tr>\n<\/tbody>\n<\/table>\n<\/div>\n<\/div>\n<\/div>\n<\/div>\n<\/div>\n<\/div>\n<\/section>\n<\/div>\n<div id=\"description\" class=\"ui-pdp-container__row ui-pdp-container__row--description\">\n<div class=\"ui-pdp-description\">\n<h2 class=\"ui-pdp-description__title\">Descripci\u00f3n<\/h2>\n<p class=\"ui-pdp-description__content\">M\u00e1scara Color Protect Keratina Issue Saloon 200g<\/p>\n<p>Reconstituye la fibra capilar, devolviendo resistencia y elasticidad al cabello. Es ideal para cabellos te\u00f1idos y cabellos qu\u00edmicamente tratados, devolviendo la suavidad y el brillo natural que tienen los cabellos sanos<\/p>\n<\/div>\n<\/div>\n","protected":false},"excerpt":{"rendered":"<p>Caracter\u00edsticas principales Marca Issue Professional L\u00ednea color protec Tipo de producto Protecci\u00f3n del color Es kit No Unidades por envase 1 Registros de producto N\u00famero de legajo resoluci\u00f3n 155\/98 15598 Otros Efectos Reconstituye e hidrata Formato Tubo depresible Presentaci\u00f3n 200G Es hipoalerg\u00e9nico No Es libre de crueldad No Con fragancia S\u00ed Es vegano No Descripci\u00f3n M\u00e1scara Color Protect Keratina Issue Saloon 200g Reconstituye la fibra capilar, devolviendo resistencia y elasticidad al cabello. Es ideal para cabellos te\u00f1idos y cabellos qu\u00edmicamente tratados, devolviendo la suavidad y el brillo natural que tienen los cabellos sanos<\/p>\n","protected":false},"featured_media":4663,"comment_status":"open","ping_status":"closed","template":"","meta":[],"product_cat":[222,270,206],"product_tag":[547,546,495,373,370,526],"featured_image_urls":{"full":["https:\/\/ccgdistribuidora.com\/wp-content\/uploads\/2023\/04\/Mascara-Color-Protect-Keratina-Issue-Saloon-200g.jpg",700,700,false],"thumbnail":["https:\/\/ccgdistribuidora.com\/wp-content\/uploads\/2023\/04\/Mascara-Color-Protect-Keratina-Issue-Saloon-200g-150x150.jpg",150,150,true],"medium":["https:\/\/ccgdistribuidora.com\/wp-content\/uploads\/2023\/04\/Mascara-Color-Protect-Keratina-Issue-Saloon-200g-300x300.jpg",300,300,true],"medium_large":["https:\/\/ccgdistribuidora.com\/wp-content\/uploads\/2023\/04\/Mascara-Color-Protect-Keratina-Issue-Saloon-200g.jpg",700,700,false],"large":["https:\/\/ccgdistribuidora.com\/wp-content\/uploads\/2023\/04\/Mascara-Color-Protect-Keratina-Issue-Saloon-200g.jpg",700,700,false],"1536x1536":["https:\/\/ccgdistribuidora.com\/wp-content\/uploads\/2023\/04\/Mascara-Color-Protect-Keratina-Issue-Saloon-200g.jpg",700,700,false],"2048x2048":["https:\/\/ccgdistribuidora.com\/wp-content\/uploads\/2023\/04\/Mascara-Color-Protect-Keratina-Issue-Saloon-200g.jpg",700,700,false],"mailpoet_newsletter_max":["https:\/\/ccgdistribuidora.com\/wp-content\/uploads\/2023\/04\/Mascara-Color-Protect-Keratina-Issue-Saloon-200g.jpg",700,700,false],"woocommerce_thumbnail":["https:\/\/ccgdistribuidora.com\/wp-content\/uploads\/2023\/04\/Mascara-Color-Protect-Keratina-Issue-Saloon-200g-300x400.jpg",300,400,true],"woocommerce_single":["https:\/\/ccgdistribuidora.com\/wp-content\/uploads\/2023\/04\/Mascara-Color-Protect-Keratina-Issue-Saloon-200g-600x600.jpg",600,600,true],"woocommerce_gallery_thumbnail":["https:\/\/ccgdistribuidora.com\/wp-content\/uploads\/2023\/04\/Mascara-Color-Protect-Keratina-Issue-Saloon-200g-100x100.jpg",100,100,true],"dgwt-wcas-product-suggestion":["https:\/\/ccgdistribuidora.com\/wp-content\/uploads\/2023\/04\/Mascara-Color-Protect-Keratina-Issue-Saloon-200g-64x64.jpg",64,64,true]},"post_excerpt_stackable":"<p>Caracter\u00edsticas principales Marca Issue Professional L\u00ednea color protec Tipo de producto Protecci\u00f3n del color Es kit No Unidades por envase 1 Registros de producto N\u00famero de legajo resoluci\u00f3n 155\/98 15598 Otros Efectos Reconstituye e hidrata Formato Tubo depresible Presentaci\u00f3n 200G Es hipoalerg\u00e9nico No Es libre de crueldad No Con fragancia S\u00ed Es vegano No Descripci\u00f3n M\u00e1scara Color Protect Keratina Issue Saloon 200g Reconstituye la fibra capilar, devolviendo resistencia y elasticidad al cabello. Es ideal para cabellos te\u00f1idos y cabellos qu\u00edmicamente tratados, devolviendo la suavidad y el brillo natural que tienen los cabellos sanos<\/p>\n","category_list":"","author_info":{"name":"","url":""},"comments_num":"0 comentarios","_links":{"self":[{"href":"https:\/\/ccgdistribuidora.com\/index.php\/wp-json\/wp\/v2\/product\/4661"}],"collection":[{"href":"https:\/\/ccgdistribuidora.com\/index.php\/wp-json\/wp\/v2\/product"}],"about":[{"href":"https:\/\/ccgdistribuidora.com\/index.php\/wp-json\/wp\/v2\/types\/product"}],"replies":[{"embeddable":true,"href":"https:\/\/ccgdistribuidora.com\/index.php\/wp-json\/wp\/v2\/comments?post=4661"}],"wp:featuredmedia":[{"embeddable":true,"href":"https:\/\/ccgdistribuidora.com\/index.php\/wp-json\/wp\/v2\/media\/4663"}],"wp:attachment":[{"href":"https:\/\/ccgdistribuidora.com\/index.php\/wp-json\/wp\/v2\/media?parent=4661"}],"wp:term":[{"taxonomy":"product_cat","embeddable":true,"href":"https:\/\/ccgdistribuidora.com\/index.php\/wp-json\/wp\/v2\/product_cat?post=4661"},{"taxonomy":"product_tag","embeddable":true,"href":"https:\/\/ccgdistribuidora.com\/index.php\/wp-json\/wp\/v2\/product_tag?post=4661"}],"curies":[{"name":"wp","href":"https:\/\/api.w.org\/{rel}","templated":true}]}}

Máscara Color Protect Keratina Issue Saloon 200g

<div id="highlighted_specs_attrs" class="ui-pdp-container__row ui-pdp-container__row--highlighted-specs-attrs">
<section id="highlighted_specs_attrs" class="ui-vpp-highlighted-specs pl-45 pr-45">
<div class="ui-pdp-container__row ui-pdp-container__row--technical-specifications">
<div class="ui-pdp-collapsable ui-vpp-highlighted-specs__striped-collapsed__action">
<div class="ui-pdp-collapsable__container">
<div class="ui-vpp-highlighted-specs__striped-specs">
<div class="ui-vpp-striped-specs">
<div class="ui-vpp-striped-specs__table">
<h3 class="ui-vpp-striped-specs__header">Características principales</h3>
<table class="andes-table">
<tbody class="andes-table__body">
<tr class="andes-table__row ui-vpp-striped-specs__row">
<th class="andes-table__header andes-table__header--left ui-vpp-striped-specs__row__column ui-vpp-striped-specs__row__column--id">Marca</th>
<td class="andes-table__column andes-table__column--left ui-vpp-striped-specs__row__column"><span class="andes-table__column--value">Issue Professional</span></td>
</tr>
<tr class="andes-table__row ui-vpp-striped-specs__row">
<th class="andes-table__header andes-table__header--left ui-vpp-striped-specs__row__column ui-vpp-striped-specs__row__column--id">Línea</th>
<td class="andes-table__column andes-table__column--left ui-vpp-striped-specs__row__column"><span class="andes-table__column--value">color protec</span></td>
</tr>
<tr class="andes-table__row ui-vpp-striped-specs__row">
<th class="andes-table__header andes-table__header--left ui-vpp-striped-specs__row__column ui-vpp-striped-specs__row__column--id">Tipo de producto</th>
<td class="andes-table__column andes-table__column--left ui-vpp-striped-specs__row__column"><span class="andes-table__column--value">Protección del color</span></td>
</tr>
<tr class="andes-table__row ui-vpp-striped-specs__row">
<th class="andes-table__header andes-table__header--left ui-vpp-striped-specs__row__column ui-vpp-striped-specs__row__column--id">Es kit</th>
<td class="andes-table__column andes-table__column--left ui-vpp-striped-specs__row__column"><span class="andes-table__column--value">No</span></td>
</tr>
<tr class="andes-table__row ui-vpp-striped-specs__row">
<th class="andes-table__header andes-table__header--left ui-vpp-striped-specs__row__column ui-vpp-striped-specs__row__column--id">Unidades por envase</th>
<td class="andes-table__column andes-table__column--left ui-vpp-striped-specs__row__column"><span class="andes-table__column--value">1</span></td>
</tr>
</tbody>
</table>
</div>
</div>
<div class="ui-vpp-striped-specs">
<div class="ui-vpp-striped-specs__table">
<h3 class="ui-vpp-striped-specs__header">Registros de producto</h3>
<table class="andes-table">
<tbody class="andes-table__body">
<tr class="andes-table__row ui-vpp-striped-specs__row">
<th class="andes-table__header andes-table__header--left ui-vpp-striped-specs__row__column ui-vpp-striped-specs__row__column--id">Número de legajo resolución 155/98</th>
<td class="andes-table__column andes-table__column--left ui-vpp-striped-specs__row__column"><span class="andes-table__column--value">15598</span></td>
</tr>
</tbody>
</table>
</div>
<div class="ui-vpp-striped-specs__table">
<h3 class="ui-vpp-striped-specs__header">Otros</h3>
<table class="andes-table">
<tbody class="andes-table__body">
<tr class="andes-table__row ui-vpp-striped-specs__row">
<th class="andes-table__header andes-table__header--left ui-vpp-striped-specs__row__column ui-vpp-striped-specs__row__column--id">Efectos</th>
<td class="andes-table__column andes-table__column--left ui-vpp-striped-specs__row__column"><span class="andes-table__column--value">Reconstituye e hidrata</span></td>
</tr>
<tr class="andes-table__row ui-vpp-striped-specs__row">
<th class="andes-table__header andes-table__header--left ui-vpp-striped-specs__row__column ui-vpp-striped-specs__row__column--id">Formato</th>
<td class="andes-table__column andes-table__column--left ui-vpp-striped-specs__row__column"><span class="andes-table__column--value">Tubo depresible</span></td>
</tr>
<tr class="andes-table__row ui-vpp-striped-specs__row">
<th class="andes-table__header andes-table__header--left ui-vpp-striped-specs__row__column ui-vpp-striped-specs__row__column--id">Presentación</th>
<td class="andes-table__column andes-table__column--left ui-vpp-striped-specs__row__column"><span class="andes-table__column--value">200G</span></td>
</tr>
<tr class="andes-table__row ui-vpp-striped-specs__row">
<th class="andes-table__header andes-table__header--left ui-vpp-striped-specs__row__column ui-vpp-striped-specs__row__column--id">Es hipoalergénico</th>
<td class="andes-table__column andes-table__column--left ui-vpp-striped-specs__row__column"><span class="andes-table__column--value">No</span></td>
</tr>
<tr class="andes-table__row ui-vpp-striped-specs__row">
<th class="andes-table__header andes-table__header--left ui-vpp-striped-specs__row__column ui-vpp-striped-specs__row__column--id">Es libre de crueldad</th>
<td class="andes-table__column andes-table__column--left ui-vpp-striped-specs__row__column"><span class="andes-table__column--value">No</span></td>
</tr>
<tr class="andes-table__row ui-vpp-striped-specs__row">
<th class="andes-table__header andes-table__header--left ui-vpp-striped-specs__row__column ui-vpp-striped-specs__row__column--id">Con fragancia</th>
<td class="andes-table__column andes-table__column--left ui-vpp-striped-specs__row__column"><span class="andes-table__column--value">Sí</span></td>
</tr>
<tr class="andes-table__row ui-vpp-striped-specs__row">
<th class="andes-table__header andes-table__header--left ui-vpp-striped-specs__row__column ui-vpp-striped-specs__row__column--id">Es vegano</th>
<td class="andes-table__column andes-table__column--left ui-vpp-striped-specs__row__column"><span class="andes-table__column--value">No</span></td>
</tr>
</tbody>
</table>
</div>
</div>
</div>
</div>
</div>
</div>
</section>
</div>
<div id="description" class="ui-pdp-container__row ui-pdp-container__row--description">
<div class="ui-pdp-description">
<h2 class="ui-pdp-description__title">Descripción</h2>
<p class="ui-pdp-description__content">Máscara Color Protect Keratina Issue Saloon 200g</p>
<p>Reconstituye la fibra capilar, devolviendo resistencia y elasticidad al cabello. Es ideal para cabellos teñidos y cabellos químicamente tratados, devolviendo la suavidad y el brillo natural que tienen los cabellos sanos</p>
</div>
</div>

<p>Características principales Marca Issue Professional Línea color protec Tipo de producto Protección del color Es kit No Unidades por envase 1 Registros de producto Número de legajo resolución 155/98 15598 Otros Efectos Reconstituye e hidrata Formato Tubo depresible Presentación 200G Es hipoalergénico No Es libre de crueldad No Con fragancia Sí Es vegano No Descripción Máscara Color Protect Keratina Issue Saloon 200g Reconstituye la fibra capilar, devolviendo resistencia y elasticidad al cabello. Es ideal para cabellos teñidos y cabellos químicamente tratados, devolviendo la suavidad y el brillo natural que tienen los cabellos sanos</p>
