{"id":4584,"date":"2023-04-21T17:09:41","date_gmt":"2023-04-21T20:09:41","guid":{"rendered":"https:\/\/ccgdistribuidora.com\/?post_type=product&#038;p=4584"},"modified":"2024-09-25T22:50:28","modified_gmt":"2024-09-26T01:50:28","slug":"coloracion-sin-amoniaco-natural-shine-70g-issue-professional","status":"publish","type":"product","link":"https:\/\/ccgdistribuidora.com\/index.php\/product\/coloracion-sin-amoniaco-natural-shine-70g-issue-professional\/","title":{"rendered":"Coloracion Sin Amon\u00edaco Natural Shine 70g Issue Professional"},"content":{"rendered":"<div id=\"technical_specifications\" class=\"ui-pdp-container__row ui-pdp-container__row--technical-specifications\">\n<div class=\"ui-pdp-specs\">\n<h2 class=\"ui-pdp-specs__title\">Caracter\u00edsticas principales<\/h2>\n<div class=\"ui-pdp-specs__table\">\n<table class=\"andes-table\">\n<tbody class=\"andes-table__body\">\n<tr class=\"andes-table__row\">\n<th class=\"andes-table__header andes-table__header--left ui-pdp-specs__table__column ui-pdp-specs__table__column-title\">Marca<\/th>\n<td class=\"andes-table__column andes-table__column--left ui-pdp-specs__table__column\"><span class=\"andes-table__column--value\">Issue<\/span><\/td>\n<\/tr>\n<tr class=\"andes-table__row\">\n<th class=\"andes-table__header andes-table__header--left ui-pdp-specs__table__column ui-pdp-specs__table__column-title\">L\u00ednea<\/th>\n<td class=\"andes-table__column andes-table__column--left ui-pdp-specs__table__column\"><span class=\"andes-table__column--value\">Natural Shine<\/span><\/td>\n<\/tr>\n<tr class=\"andes-table__row\">\n<th class=\"andes-table__header andes-table__header--left ui-pdp-specs__table__column ui-pdp-specs__table__column-title\">Nombre<\/th>\n<td class=\"andes-table__column andes-table__column--left ui-pdp-specs__table__column\"><span class=\"andes-table__column--value\">Tintura Issue<\/span><\/td>\n<\/tr>\n<\/tbody>\n<\/table>\n<\/div>\n<h3 class=\"ui-pdp-specs__subtitle\">Otros<\/h3>\n<div class=\"ui-pdp-list ui-pdp-specs__list\">\n<ul class=\"ui-pdp-list__wrapper\">\n<li class=\"ui-pdp-list__item\">\n<p class=\"ui-pdp-family--REGULAR ui-pdp-list__text\"><span class=\"ui-pdp-color--BLACK ui-pdp-size--XSMALL ui-pdp-family--BOLD\">Volumen neto<\/span>: \u00a070 mL<\/p>\n<\/li>\n<li class=\"ui-pdp-list__item\">\n<p class=\"ui-pdp-family--REGULAR ui-pdp-list__text\"><span class=\"ui-pdp-color--BLACK ui-pdp-size--XSMALL ui-pdp-family--BOLD\">Peso neto<\/span>: \u00a070 g<\/p>\n<\/li>\n<\/ul>\n<ul class=\"ui-pdp-list__wrapper\">\n<li class=\"ui-pdp-list__item\">\n<p class=\"ui-pdp-family--REGULAR ui-pdp-list__text\"><span class=\"ui-pdp-color--BLACK ui-pdp-size--XSMALL ui-pdp-family--BOLD\">Tipos de producto<\/span>: Tintura<\/p>\n<\/li>\n<li class=\"ui-pdp-list__item\">\n<p class=\"ui-pdp-family--REGULAR ui-pdp-list__text\"><span class=\"ui-pdp-color--BLACK ui-pdp-size--XSMALL ui-pdp-family--BOLD\">Presentaci\u00f3n<\/span>: Pomo<\/p>\n<\/li>\n<\/ul>\n<ul class=\"ui-pdp-list__wrapper\">\n<li class=\"ui-pdp-list__item\">\n<p class=\"ui-pdp-family--REGULAR ui-pdp-list__text\"><span class=\"ui-pdp-color--BLACK ui-pdp-size--XSMALL ui-pdp-family--BOLD\">Incluye activador<\/span>: No<\/p>\n<\/li>\n<li class=\"ui-pdp-list__item\">\n<p class=\"ui-pdp-family--REGULAR ui-pdp-list__text\"><span class=\"ui-pdp-color--BLACK ui-pdp-size--XSMALL ui-pdp-family--BOLD\">Con cobertura de canas<\/span>: S\u00ed<\/p>\n<\/li>\n<\/ul>\n<ul class=\"ui-pdp-list__wrapper\">\n<li class=\"ui-pdp-list__item\">\n<p class=\"ui-pdp-family--REGULAR ui-pdp-list__text\"><span class=\"ui-pdp-color--BLACK ui-pdp-size--XSMALL ui-pdp-family--BOLD\">Es sin amon\u00edaco<\/span>: S\u00ed<\/p>\n<\/li>\n<li class=\"ui-pdp-list__item\">\n<p class=\"ui-pdp-family--REGULAR ui-pdp-list__text\"><span class=\"ui-pdp-color--BLACK ui-pdp-size--XSMALL ui-pdp-family--BOLD\">Unidades por envase<\/span>: 1<\/p>\n<\/li>\n<\/ul>\n<\/div>\n<\/div>\n<\/div>\n<div id=\"description\" class=\"ui-pdp-container__row ui-pdp-container__row--description\">\n<div class=\"ui-pdp-description\">\n<h2 class=\"ui-pdp-description__title\">Descripci\u00f3n<\/h2>\n<p class=\"ui-pdp-description__content\">Coloraci\u00f3n Profesional Permanente sin Amon\u00edaco<br \/>\nIssue Professional Natural Shine ha logrado reunir en una sola f\u00f3rmula la tecnolog\u00eda del \u00f3leo gel y de la crema color sin amon\u00edaco. El equilibrio de sus componentes asegura una m\u00e1xima penetraci\u00f3n en la fibra capilar, obteniendo resultados incre\u00edbles y duraderos en color con hasta un 100% de cobertura de canas, adem\u00e1s de tonos profundos y luminosos.<\/p>\n<p><strong>MODO DE USO<\/strong><\/p>\n<p>Mezcle el contenido del pomo de Coloraci\u00f3n Issue Professional Natural Shine (70g) con 70 ml de Crema Oxidante Compatible Issue Professional Color de 10, 20, 30 \u00f3 40 vol\u00famenes, seg\u00fan el trabajo a realizar, hasta obtener una crema untuosa y homog\u00e9nea. No utilice utensilios met\u00e1licos. Aplique con un pincel sobre cabellos secos y no lavados. El tiempo total de exposici\u00f3n, despu\u00e9s de la aplicaci\u00f3n es de 40 minutos a 50 minutos, dependiendo del caso. Pasado dicho tiempo, emulsione suavemente y enjuague con abundante agua tibia. Lave con Shampoo Issue Saloon hasta eliminar los restos de coloraci\u00f3n y neutralizar la alcalinidad del tinte.<\/p><\/div>\n<\/div>\n","protected":false},"excerpt":{"rendered":"<p>Caracter\u00edsticas principales Marca Issue L\u00ednea Natural Shine Nombre Tintura Issue Otros Volumen neto: \u00a070 mL Peso neto: \u00a070 g Tipos de producto: Tintura Presentaci\u00f3n: Pomo Incluye activador: No Con cobertura de canas: S\u00ed Es sin amon\u00edaco: S\u00ed Unidades por envase: 1 Descripci\u00f3n Coloraci\u00f3n Profesional Permanente sin Amon\u00edaco Issue Professional Natural Shine ha logrado reunir en una sola f\u00f3rmula la tecnolog\u00eda del \u00f3leo gel y de la crema color sin amon\u00edaco. El equilibrio de sus componentes asegura una m\u00e1xima penetraci\u00f3n en la fibra capilar, obteniendo resultados incre\u00edbles y duraderos en color con hasta un 100% de cobertura de canas, adem\u00e1s de\u2026<\/p>\n","protected":false},"featured_media":4585,"comment_status":"open","ping_status":"closed","template":"","meta":[],"product_cat":[222,247,270,206],"product_tag":[508,495,516,517,503],"featured_image_urls":{"full":["https:\/\/ccgdistribuidora.com\/wp-content\/uploads\/2023\/04\/Coloracion-Sin-Amoniaco-Natural-Shine-70g-Issue-Professional.jpg",700,700,false],"thumbnail":["https:\/\/ccgdistribuidora.com\/wp-content\/uploads\/2023\/04\/Coloracion-Sin-Amoniaco-Natural-Shine-70g-Issue-Professional-150x150.jpg",150,150,true],"medium":["https:\/\/ccgdistribuidora.com\/wp-content\/uploads\/2023\/04\/Coloracion-Sin-Amoniaco-Natural-Shine-70g-Issue-Professional-300x300.jpg",300,300,true],"medium_large":["https:\/\/ccgdistribuidora.com\/wp-content\/uploads\/2023\/04\/Coloracion-Sin-Amoniaco-Natural-Shine-70g-Issue-Professional.jpg",700,700,false],"large":["https:\/\/ccgdistribuidora.com\/wp-content\/uploads\/2023\/04\/Coloracion-Sin-Amoniaco-Natural-Shine-70g-Issue-Professional.jpg",700,700,false],"1536x1536":["https:\/\/ccgdistribuidora.com\/wp-content\/uploads\/2023\/04\/Coloracion-Sin-Amoniaco-Natural-Shine-70g-Issue-Professional.jpg",700,700,false],"2048x2048":["https:\/\/ccgdistribuidora.com\/wp-content\/uploads\/2023\/04\/Coloracion-Sin-Amoniaco-Natural-Shine-70g-Issue-Professional.jpg",700,700,false],"mailpoet_newsletter_max":["https:\/\/ccgdistribuidora.com\/wp-content\/uploads\/2023\/04\/Coloracion-Sin-Amoniaco-Natural-Shine-70g-Issue-Professional.jpg",700,700,false],"woocommerce_thumbnail":["https:\/\/ccgdistribuidora.com\/wp-content\/uploads\/2023\/04\/Coloracion-Sin-Amoniaco-Natural-Shine-70g-Issue-Professional-300x400.jpg",300,400,true],"woocommerce_single":["https:\/\/ccgdistribuidora.com\/wp-content\/uploads\/2023\/04\/Coloracion-Sin-Amoniaco-Natural-Shine-70g-Issue-Professional-600x600.jpg",600,600,true],"woocommerce_gallery_thumbnail":["https:\/\/ccgdistribuidora.com\/wp-content\/uploads\/2023\/04\/Coloracion-Sin-Amoniaco-Natural-Shine-70g-Issue-Professional-100x100.jpg",100,100,true],"dgwt-wcas-product-suggestion":["https:\/\/ccgdistribuidora.com\/wp-content\/uploads\/2023\/04\/Coloracion-Sin-Amoniaco-Natural-Shine-70g-Issue-Professional.jpg",64,64,false]},"post_excerpt_stackable":"<p>Caracter\u00edsticas principales Marca Issue L\u00ednea Natural Shine Nombre Tintura Issue Otros Volumen neto: \u00a070 mL Peso neto: \u00a070 g Tipos de producto: Tintura Presentaci\u00f3n: Pomo Incluye activador: No Con cobertura de canas: S\u00ed Es sin amon\u00edaco: S\u00ed Unidades por envase: 1 Descripci\u00f3n Coloraci\u00f3n Profesional Permanente sin Amon\u00edaco Issue Professional Natural Shine ha logrado reunir en una sola f\u00f3rmula la tecnolog\u00eda del \u00f3leo gel y de la crema color sin amon\u00edaco. El equilibrio de sus componentes asegura una m\u00e1xima penetraci\u00f3n en la fibra capilar, obteniendo resultados incre\u00edbles y duraderos en color con hasta un 100% de cobertura de canas, adem\u00e1s de&hellip;<\/p>\n","category_list":"","author_info":{"name":"","url":""},"comments_num":"0 comentarios","_links":{"self":[{"href":"https:\/\/ccgdistribuidora.com\/index.php\/wp-json\/wp\/v2\/product\/4584"}],"collection":[{"href":"https:\/\/ccgdistribuidora.com\/index.php\/wp-json\/wp\/v2\/product"}],"about":[{"href":"https:\/\/ccgdistribuidora.com\/index.php\/wp-json\/wp\/v2\/types\/product"}],"replies":[{"embeddable":true,"href":"https:\/\/ccgdistribuidora.com\/index.php\/wp-json\/wp\/v2\/comments?post=4584"}],"wp:featuredmedia":[{"embeddable":true,"href":"https:\/\/ccgdistribuidora.com\/index.php\/wp-json\/wp\/v2\/media\/4585"}],"wp:attachment":[{"href":"https:\/\/ccgdistribuidora.com\/index.php\/wp-json\/wp\/v2\/media?parent=4584"}],"wp:term":[{"taxonomy":"product_cat","embeddable":true,"href":"https:\/\/ccgdistribuidora.com\/index.php\/wp-json\/wp\/v2\/product_cat?post=4584"},{"taxonomy":"product_tag","embeddable":true,"href":"https:\/\/ccgdistribuidora.com\/index.php\/wp-json\/wp\/v2\/product_tag?post=4584"}],"curies":[{"name":"wp","href":"https:\/\/api.w.org\/{rel}","templated":true}]}}