{"id":4566,"date":"2023-04-21T14:52:39","date_gmt":"2023-04-21T17:52:39","guid":{"rendered":"https:\/\/ccgdistribuidora.com\/?post_type=product&#038;p=4566"},"modified":"2026-04-22T12:33:28","modified_gmt":"2026-04-22T15:33:28","slug":"issue-professional-polvo-decolorante-white-white-700g","status":"publish","type":"product","link":"https:\/\/ccgdistribuidora.com\/index.php\/product\/issue-professional-polvo-decolorante-white-white-700g\/","title":{"rendered":"Issue Professional Polvo Decolorante White &#038; White 700g"},"content":{"rendered":"<div id=\"technical_specifications\" class=\"ui-pdp-container__row ui-pdp-container__row--technical-specifications\">\n<div class=\"ui-pdp-specs\">\n<h2 class=\"ui-pdp-specs__title\">Caracter\u00edsticas principales<\/h2>\n<div class=\"ui-pdp-specs__table\">\n<table class=\"andes-table\">\n<tbody class=\"andes-table__body\">\n<tr class=\"andes-table__row\">\n<th class=\"andes-table__header andes-table__header--left ui-pdp-specs__table__column ui-pdp-specs__table__column-title\">Marca<\/th>\n<td class=\"andes-table__column andes-table__column--left ui-pdp-specs__table__column\"><span class=\"andes-table__column--value\">Issue<\/span><\/td>\n<\/tr>\n<tr class=\"andes-table__row\">\n<th class=\"andes-table__header andes-table__header--left ui-pdp-specs__table__column ui-pdp-specs__table__column-title\">L\u00ednea<\/th>\n<td class=\"andes-table__column andes-table__column--left ui-pdp-specs__table__column\"><span class=\"andes-table__column--value\">Issue Pro<\/span><\/td>\n<\/tr>\n<tr class=\"andes-table__row\">\n<th class=\"andes-table__header andes-table__header--left ui-pdp-specs__table__column ui-pdp-specs__table__column-title\">Nombre<\/th>\n<td class=\"andes-table__column andes-table__column--left ui-pdp-specs__table__column\"><span class=\"andes-table__column--value\">White &amp; white<\/span><\/td>\n<\/tr>\n<\/tbody>\n<\/table>\n<\/div>\n<h3 class=\"ui-pdp-specs__subtitle\">Otros<\/h3>\n<div class=\"ui-pdp-list ui-pdp-specs__list\">\n<ul class=\"ui-pdp-list__wrapper\">\n<li class=\"ui-pdp-list__item\">\n<p class=\"ui-pdp-family--REGULAR ui-pdp-list__text\"><span class=\"ui-pdp-color--BLACK ui-pdp-size--XSMALL ui-pdp-family--BOLD\">Volumen neto<\/span>: 700 mL<\/p>\n<\/li>\n<li class=\"ui-pdp-list__item\">\n<p class=\"ui-pdp-family--REGULAR ui-pdp-list__text\"><span class=\"ui-pdp-color--BLACK ui-pdp-size--XSMALL ui-pdp-family--BOLD\">Peso neto<\/span>: 700 g<\/p>\n<\/li>\n<\/ul>\n<ul class=\"ui-pdp-list__wrapper\">\n<li class=\"ui-pdp-list__item\">\n<p class=\"ui-pdp-family--REGULAR ui-pdp-list__text\"><span class=\"ui-pdp-color--BLACK ui-pdp-size--XSMALL ui-pdp-family--BOLD\">Tipos de producto<\/span>: Decolorante<\/p>\n<\/li>\n<li class=\"ui-pdp-list__item\">\n<p class=\"ui-pdp-family--REGULAR ui-pdp-list__text\"><span class=\"ui-pdp-color--BLACK ui-pdp-size--XSMALL ui-pdp-family--BOLD\">Presentaci\u00f3n<\/span>: Polvo<\/p>\n<\/li>\n<\/ul>\n<ul class=\"ui-pdp-list__wrapper\">\n<li class=\"ui-pdp-list__item\">\n<p class=\"ui-pdp-family--REGULAR ui-pdp-list__text\"><span class=\"ui-pdp-color--BLACK ui-pdp-size--XSMALL ui-pdp-family--BOLD\">Incluye activador<\/span>: No<\/p>\n<\/li>\n<li class=\"ui-pdp-list__item\">\n<p class=\"ui-pdp-family--REGULAR ui-pdp-list__text\"><span class=\"ui-pdp-color--BLACK ui-pdp-size--XSMALL ui-pdp-family--BOLD\">Es sin amon\u00edaco<\/span>: No<\/p>\n<\/li>\n<\/ul>\n<ul class=\"ui-pdp-list__wrapper\">\n<li class=\"ui-pdp-list__item\">\n<p class=\"ui-pdp-family--REGULAR ui-pdp-list__text\"><span class=\"ui-pdp-color--BLACK ui-pdp-size--XSMALL ui-pdp-family--BOLD\">Duraci\u00f3n<\/span>: Permanente<\/p>\n<\/li>\n<li class=\"ui-pdp-list__item\">\n<p class=\"ui-pdp-family--REGULAR ui-pdp-list__text\"><span class=\"ui-pdp-color--BLACK ui-pdp-size--XSMALL ui-pdp-family--BOLD\">Tipo de tecnolog\u00eda<\/span>: Anti yellow<\/p>\n<\/li>\n<\/ul>\n<ul class=\"ui-pdp-list__wrapper\">\n<li class=\"ui-pdp-list__item\">\n<p class=\"ui-pdp-family--REGULAR ui-pdp-list__text\"><span class=\"ui-pdp-color--BLACK ui-pdp-size--XSMALL ui-pdp-family--BOLD\">Unidades por envase<\/span>: 1<\/p>\n<\/li>\n<\/ul>\n<\/div>\n<\/div>\n<\/div>\n<div id=\"description\" class=\"ui-pdp-container__row ui-pdp-container__row--description\">\n<div class=\"ui-pdp-description\">\n<h2 class=\"ui-pdp-description__title\">Descripci\u00f3n<\/h2>\n<p>Ideal para una m\u00e1xima aclaraci\u00f3n<\/p>\n<p>El polvo decolorante White &amp; White ofrece una m\u00e1xima aclaraci\u00f3n gracias una innovadora tecnolog\u00eda ANTI YELLOW. Esta innovadora f\u00f3rmula ayuda a controlar y decolorar mejor la feomelanina (pigmentos amarillos). Adem\u00e1s, contiene Keratina que permite mejorar la elasticidad de los cabellos.<\/p>\n<p><strong>MODO DE USO<\/strong><br \/>\nMezclar una parte de Polvo Decolorante con dos partes de Crema Oxidante Compatible Issue Professional en un recipiente pl\u00e1stico no met\u00e1lico hasta conseguir una consistencia homog\u00e9nea.<br \/>\nSugerencias de mezcla:<br \/>\n&#8211; Proporci\u00f3n 1+1 con oxidante de 30 vol y 40 vol: para cabellos oscuros y resistentes.- Proporci\u00f3n 1+1,5 con oxidante hasta 30 vol: para cabellos ligeramente procesados.<br \/>\n&#8211; Proporci\u00f3n 1+2 con oxidante hasta 20 vol: para cabellos muy procesados, con colores claros.<br \/>\nLuego, aplicar sobre cabellos secos y no lavados. White &amp; White tiene una acci\u00f3n decolorante gradual desde su aplicaci\u00f3n hasta los 60 minutos, seg\u00fan la aclaraci\u00f3n que se desee conseguir. Pasado dicho tiempo, enjuagar abundantemente hasta eliminar la crema decolorante por completo, luego lavar con Shampoo Neutro Issue Professional. Siempre recomendamos leer las instrucciones del envase.<\/p>\n<p>* Prueba de sensibilidad:<br \/>\nPreparar un poco de producto siguiendo las instrucciones de uso. Aplicar en un mech\u00f3n y piel detr\u00e1s de la oreja, dejar 30 minutos y enjuagar. No aplicar el producto si a las 48 hs. observa irritaci\u00f3n de la piel, picaz\u00f3n, enrojecimiento en la zona de aplicaci\u00f3n \u00f3 quiebre del cabello.<\/p>\n<p>&nbsp;<\/p>\n<\/div>\n<\/div>\n","protected":false},"excerpt":{"rendered":"<p>Caracter\u00edsticas principales Marca Issue L\u00ednea Issue Pro Nombre White &amp; white Otros Volumen neto: 700 mL Peso neto: 700 g Tipos de producto: Decolorante Presentaci\u00f3n: Polvo Incluye activador: No Es sin amon\u00edaco: No Duraci\u00f3n: Permanente Tipo de tecnolog\u00eda: Anti yellow Unidades por envase: 1 Descripci\u00f3n Ideal para una m\u00e1xima aclaraci\u00f3n El polvo decolorante White &amp; White ofrece una m\u00e1xima aclaraci\u00f3n gracias una innovadora tecnolog\u00eda ANTI YELLOW. Esta innovadora f\u00f3rmula ayuda a controlar y decolorar mejor la feomelanina (pigmentos amarillos). Adem\u00e1s, contiene Keratina que permite mejorar la elasticidad de los cabellos. MODO DE USO Mezclar una parte de Polvo Decolorante con\u2026<\/p>\n","protected":false},"featured_media":4567,"comment_status":"open","ping_status":"closed","template":"","meta":[],"product_cat":[222,247,270,206],"product_tag":[498,505,442,506],"featured_image_urls":{"full":["https:\/\/ccgdistribuidora.com\/wp-content\/uploads\/2023\/04\/Issue-Professional-Polvo-Decolorante-White-White-700g.jpg",700,700,false],"thumbnail":["https:\/\/ccgdistribuidora.com\/wp-content\/uploads\/2023\/04\/Issue-Professional-Polvo-Decolorante-White-White-700g-150x150.jpg",150,150,true],"medium":["https:\/\/ccgdistribuidora.com\/wp-content\/uploads\/2023\/04\/Issue-Professional-Polvo-Decolorante-White-White-700g-300x300.jpg",300,300,true],"medium_large":["https:\/\/ccgdistribuidora.com\/wp-content\/uploads\/2023\/04\/Issue-Professional-Polvo-Decolorante-White-White-700g.jpg",700,700,false],"large":["https:\/\/ccgdistribuidora.com\/wp-content\/uploads\/2023\/04\/Issue-Professional-Polvo-Decolorante-White-White-700g.jpg",700,700,false],"1536x1536":["https:\/\/ccgdistribuidora.com\/wp-content\/uploads\/2023\/04\/Issue-Professional-Polvo-Decolorante-White-White-700g.jpg",700,700,false],"2048x2048":["https:\/\/ccgdistribuidora.com\/wp-content\/uploads\/2023\/04\/Issue-Professional-Polvo-Decolorante-White-White-700g.jpg",700,700,false],"mailpoet_newsletter_max":["https:\/\/ccgdistribuidora.com\/wp-content\/uploads\/2023\/04\/Issue-Professional-Polvo-Decolorante-White-White-700g.jpg",700,700,false],"woocommerce_thumbnail":["https:\/\/ccgdistribuidora.com\/wp-content\/uploads\/2023\/04\/Issue-Professional-Polvo-Decolorante-White-White-700g-300x400.jpg",300,400,true],"woocommerce_single":["https:\/\/ccgdistribuidora.com\/wp-content\/uploads\/2023\/04\/Issue-Professional-Polvo-Decolorante-White-White-700g-600x600.jpg",600,600,true],"woocommerce_gallery_thumbnail":["https:\/\/ccgdistribuidora.com\/wp-content\/uploads\/2023\/04\/Issue-Professional-Polvo-Decolorante-White-White-700g-100x100.jpg",100,100,true],"dgwt-wcas-product-suggestion":["https:\/\/ccgdistribuidora.com\/wp-content\/uploads\/2023\/04\/Issue-Professional-Polvo-Decolorante-White-White-700g.jpg",64,64,false]},"post_excerpt_stackable":"<p>Caracter\u00edsticas principales Marca Issue L\u00ednea Issue Pro Nombre White &amp; white Otros Volumen neto: 700 mL Peso neto: 700 g Tipos de producto: Decolorante Presentaci\u00f3n: Polvo Incluye activador: No Es sin amon\u00edaco: No Duraci\u00f3n: Permanente Tipo de tecnolog\u00eda: Anti yellow Unidades por envase: 1 Descripci\u00f3n Ideal para una m\u00e1xima aclaraci\u00f3n El polvo decolorante White &amp; White ofrece una m\u00e1xima aclaraci\u00f3n gracias una innovadora tecnolog\u00eda ANTI YELLOW. Esta innovadora f\u00f3rmula ayuda a controlar y decolorar mejor la feomelanina (pigmentos amarillos). Adem\u00e1s, contiene Keratina que permite mejorar la elasticidad de los cabellos. MODO DE USO Mezclar una parte de Polvo Decolorante con&hellip;<\/p>\n","category_list":"","author_info":{"name":"","url":""},"comments_num":"0 comentarios","_links":{"self":[{"href":"https:\/\/ccgdistribuidora.com\/index.php\/wp-json\/wp\/v2\/product\/4566"}],"collection":[{"href":"https:\/\/ccgdistribuidora.com\/index.php\/wp-json\/wp\/v2\/product"}],"about":[{"href":"https:\/\/ccgdistribuidora.com\/index.php\/wp-json\/wp\/v2\/types\/product"}],"replies":[{"embeddable":true,"href":"https:\/\/ccgdistribuidora.com\/index.php\/wp-json\/wp\/v2\/comments?post=4566"}],"wp:featuredmedia":[{"embeddable":true,"href":"https:\/\/ccgdistribuidora.com\/index.php\/wp-json\/wp\/v2\/media\/4567"}],"wp:attachment":[{"href":"https:\/\/ccgdistribuidora.com\/index.php\/wp-json\/wp\/v2\/media?parent=4566"}],"wp:term":[{"taxonomy":"product_cat","embeddable":true,"href":"https:\/\/ccgdistribuidora.com\/index.php\/wp-json\/wp\/v2\/product_cat?post=4566"},{"taxonomy":"product_tag","embeddable":true,"href":"https:\/\/ccgdistribuidora.com\/index.php\/wp-json\/wp\/v2\/product_tag?post=4566"}],"curies":[{"name":"wp","href":"https:\/\/api.w.org\/{rel}","templated":true}]}}