{"id":4561,"date":"2023-04-21T14:21:03","date_gmt":"2023-04-21T17:21:03","guid":{"rendered":"https:\/\/ccgdistribuidora.com\/?post_type=product&#038;p=4561"},"modified":"2024-09-25T22:55:09","modified_gmt":"2024-09-26T01:55:09","slug":"polvo-decolorante-blanc-nature-x700gr-issue","status":"publish","type":"product","link":"https:\/\/ccgdistribuidora.com\/index.php\/product\/polvo-decolorante-blanc-nature-x700gr-issue\/","title":{"rendered":"Polvo Decolorante Blanc Nature X700gr Issue"},"content":{"rendered":"<div id=\"technical_specifications\" class=\"ui-pdp-container__row ui-pdp-container__row--technical-specifications\">\n<div class=\"ui-pdp-specs\">\n<h2 class=\"ui-pdp-specs__title\">Caracter\u00edsticas principales<\/h2>\n<div class=\"ui-pdp-specs__table\">\n<table class=\"andes-table\">\n<tbody class=\"andes-table__body\">\n<tr class=\"andes-table__row\">\n<th class=\"andes-table__header andes-table__header--left ui-pdp-specs__table__column ui-pdp-specs__table__column-title\">Marca<\/th>\n<td class=\"andes-table__column andes-table__column--left ui-pdp-specs__table__column\"><span class=\"andes-table__column--value\">Issue<\/span><\/td>\n<\/tr>\n<tr class=\"andes-table__row\">\n<th class=\"andes-table__header andes-table__header--left ui-pdp-specs__table__column ui-pdp-specs__table__column-title\">L\u00ednea<\/th>\n<td class=\"andes-table__column andes-table__column--left ui-pdp-specs__table__column\"><span class=\"andes-table__column--value\">Blanc Nature<\/span><\/td>\n<\/tr>\n<tr class=\"andes-table__row\">\n<th class=\"andes-table__header andes-table__header--left ui-pdp-specs__table__column ui-pdp-specs__table__column-title\">Nombre<\/th>\n<td class=\"andes-table__column andes-table__column--left ui-pdp-specs__table__column\"><span class=\"andes-table__column--value\">Aclaro e Hidrato<\/span><\/td>\n<\/tr>\n<\/tbody>\n<\/table>\n<\/div>\n<h3 class=\"ui-pdp-specs__subtitle\">Otros<\/h3>\n<div class=\"ui-pdp-list ui-pdp-specs__list\">\n<ul class=\"ui-pdp-list__wrapper\">\n<li class=\"ui-pdp-list__item\">\n<p class=\"ui-pdp-family--REGULAR ui-pdp-list__text\"><span class=\"ui-pdp-color--BLACK ui-pdp-size--XSMALL ui-pdp-family--BOLD\">Volumen neto<\/span>: 700 mL<\/p>\n<\/li>\n<li class=\"ui-pdp-list__item\">\n<p class=\"ui-pdp-family--REGULAR ui-pdp-list__text\"><span class=\"ui-pdp-color--BLACK ui-pdp-size--XSMALL ui-pdp-family--BOLD\">Peso neto<\/span>: 700 g<\/p>\n<\/li>\n<\/ul>\n<ul class=\"ui-pdp-list__wrapper\">\n<li class=\"ui-pdp-list__item\">\n<p class=\"ui-pdp-family--REGULAR ui-pdp-list__text\"><span class=\"ui-pdp-color--BLACK ui-pdp-size--XSMALL ui-pdp-family--BOLD\">Tipos de producto<\/span>: Decolorante<\/p>\n<\/li>\n<li class=\"ui-pdp-list__item\">\n<p class=\"ui-pdp-family--REGULAR ui-pdp-list__text\"><span class=\"ui-pdp-color--BLACK ui-pdp-size--XSMALL ui-pdp-family--BOLD\">Consistencia<\/span>: Polvo<\/p>\n<\/li>\n<\/ul>\n<ul class=\"ui-pdp-list__wrapper\">\n<li class=\"ui-pdp-list__item\">\n<p class=\"ui-pdp-family--REGULAR ui-pdp-list__text\"><span class=\"ui-pdp-color--BLACK ui-pdp-size--XSMALL ui-pdp-family--BOLD\">Incluye activador<\/span>: No<\/p>\n<\/li>\n<li class=\"ui-pdp-list__item\">\n<p class=\"ui-pdp-family--REGULAR ui-pdp-list__text\"><span class=\"ui-pdp-color--BLACK ui-pdp-size--XSMALL ui-pdp-family--BOLD\">Es libre de gluten<\/span>: No<\/p>\n<\/li>\n<\/ul>\n<ul class=\"ui-pdp-list__wrapper\">\n<li class=\"ui-pdp-list__item\">\n<p class=\"ui-pdp-family--REGULAR ui-pdp-list__text\"><span class=\"ui-pdp-color--BLACK ui-pdp-size--XSMALL ui-pdp-family--BOLD\">Es vegano<\/span>: No<\/p>\n<\/li>\n<\/ul>\n<\/div>\n<\/div>\n<\/div>\n<div id=\"description\" class=\"ui-pdp-container__row ui-pdp-container__row--description\">\n<div class=\"ui-pdp-description\">\n<h2 class=\"ui-pdp-description__title\">Descripci\u00f3n<\/h2>\n<p class=\"ui-pdp-description__content\">Polvo Decolorante Blanc Nature x700gr Issue<br \/>\n__________________________________________________<\/p>\n<p>Descripci\u00f3n:<\/p>\n<p>MODO DE EMPLEO:<br \/>\nMezclar una parte de polvo decolorante con 1.5 partes de Crema Oxidante de 20,30 o 40 vol\u00famenes en un recipiente pl\u00e1stico no met\u00e1lico y mezclar hasta conseguir una consistencia homog\u00e9nea<br \/>\nAPLICACION:<br \/>\n\u2022Sobre cabellos secos y no lavados, aplicar cuidadosamente la mezcla con pincel en las zonas a decolorar<br \/>\n\u2022Sobre cabellos v\u00edrgenes: Comenzar la decoloraci\u00f3n por largos y puntas, sin tocar las ra\u00edces. Dejar actuar durante 20 a 30 minutos teniendo en cuenta la calidad del cabello. Luego aplicar en las ra\u00edces hasta obtener una decoloraci\u00f3n uniforme<br \/>\nTIEMPO DE EXPOSICI\u00d3N<br \/>\nBlanc Nature tiene una acci\u00f3n decolorante gradual desde su aplicaci\u00f3n hasta los 60 minutos, seg\u00fan la aclaraci\u00f3n que se desee conseguir<\/p>\n<p>Luego de la aplicaci\u00f3n enjuagar abundantemente hasta eliminar por completo la crema decolorante y lavar con shampoo neutro.<\/p>\n<\/div>\n<\/div>\n","protected":false},"excerpt":{"rendered":"<p>Caracter\u00edsticas principales Marca Issue L\u00ednea Blanc Nature Nombre Aclaro e Hidrato Otros Volumen neto: 700 mL Peso neto: 700 g Tipos de producto: Decolorante Consistencia: Polvo Incluye activador: No Es libre de gluten: No Es vegano: No Descripci\u00f3n Polvo Decolorante Blanc Nature x700gr Issue __________________________________________________ Descripci\u00f3n: MODO DE EMPLEO: Mezclar una parte de polvo decolorante con 1.5 partes de Crema Oxidante de 20,30 o 40 vol\u00famenes en un recipiente pl\u00e1stico no met\u00e1lico y mezclar hasta conseguir una consistencia homog\u00e9nea APLICACION: \u2022Sobre cabellos secos y no lavados, aplicar cuidadosamente la mezcla con pincel en las zonas a decolorar \u2022Sobre cabellos v\u00edrgenes:\u2026<\/p>\n","protected":false},"featured_media":4562,"comment_status":"open","ping_status":"closed","template":"","meta":[],"product_cat":[222,247,270,206],"product_tag":[499,495,442,500],"featured_image_urls":{"full":["https:\/\/ccgdistribuidora.com\/wp-content\/uploads\/2023\/04\/Polvo-Decolorante-Blanc-Nature-X700gr-Issue.jpg",700,700,false],"thumbnail":["https:\/\/ccgdistribuidora.com\/wp-content\/uploads\/2023\/04\/Polvo-Decolorante-Blanc-Nature-X700gr-Issue-150x150.jpg",150,150,true],"medium":["https:\/\/ccgdistribuidora.com\/wp-content\/uploads\/2023\/04\/Polvo-Decolorante-Blanc-Nature-X700gr-Issue-300x300.jpg",300,300,true],"medium_large":["https:\/\/ccgdistribuidora.com\/wp-content\/uploads\/2023\/04\/Polvo-Decolorante-Blanc-Nature-X700gr-Issue.jpg",700,700,false],"large":["https:\/\/ccgdistribuidora.com\/wp-content\/uploads\/2023\/04\/Polvo-Decolorante-Blanc-Nature-X700gr-Issue.jpg",700,700,false],"1536x1536":["https:\/\/ccgdistribuidora.com\/wp-content\/uploads\/2023\/04\/Polvo-Decolorante-Blanc-Nature-X700gr-Issue.jpg",700,700,false],"2048x2048":["https:\/\/ccgdistribuidora.com\/wp-content\/uploads\/2023\/04\/Polvo-Decolorante-Blanc-Nature-X700gr-Issue.jpg",700,700,false],"mailpoet_newsletter_max":["https:\/\/ccgdistribuidora.com\/wp-content\/uploads\/2023\/04\/Polvo-Decolorante-Blanc-Nature-X700gr-Issue.jpg",700,700,false],"woocommerce_thumbnail":["https:\/\/ccgdistribuidora.com\/wp-content\/uploads\/2023\/04\/Polvo-Decolorante-Blanc-Nature-X700gr-Issue-300x400.jpg",300,400,true],"woocommerce_single":["https:\/\/ccgdistribuidora.com\/wp-content\/uploads\/2023\/04\/Polvo-Decolorante-Blanc-Nature-X700gr-Issue-600x600.jpg",600,600,true],"woocommerce_gallery_thumbnail":["https:\/\/ccgdistribuidora.com\/wp-content\/uploads\/2023\/04\/Polvo-Decolorante-Blanc-Nature-X700gr-Issue-100x100.jpg",100,100,true],"dgwt-wcas-product-suggestion":["https:\/\/ccgdistribuidora.com\/wp-content\/uploads\/2023\/04\/Polvo-Decolorante-Blanc-Nature-X700gr-Issue.jpg",64,64,false]},"post_excerpt_stackable":"<p>Caracter\u00edsticas principales Marca Issue L\u00ednea Blanc Nature Nombre Aclaro e Hidrato Otros Volumen neto: 700 mL Peso neto: 700 g Tipos de producto: Decolorante Consistencia: Polvo Incluye activador: No Es libre de gluten: No Es vegano: No Descripci\u00f3n Polvo Decolorante Blanc Nature x700gr Issue __________________________________________________ Descripci\u00f3n: MODO DE EMPLEO: Mezclar una parte de polvo decolorante con 1.5 partes de Crema Oxidante de 20,30 o 40 vol\u00famenes en un recipiente pl\u00e1stico no met\u00e1lico y mezclar hasta conseguir una consistencia homog\u00e9nea APLICACION: \u2022Sobre cabellos secos y no lavados, aplicar cuidadosamente la mezcla con pincel en las zonas a decolorar \u2022Sobre cabellos v\u00edrgenes:&hellip;<\/p>\n","category_list":"","author_info":{"name":"","url":""},"comments_num":"0 comentarios","_links":{"self":[{"href":"https:\/\/ccgdistribuidora.com\/index.php\/wp-json\/wp\/v2\/product\/4561"}],"collection":[{"href":"https:\/\/ccgdistribuidora.com\/index.php\/wp-json\/wp\/v2\/product"}],"about":[{"href":"https:\/\/ccgdistribuidora.com\/index.php\/wp-json\/wp\/v2\/types\/product"}],"replies":[{"embeddable":true,"href":"https:\/\/ccgdistribuidora.com\/index.php\/wp-json\/wp\/v2\/comments?post=4561"}],"wp:featuredmedia":[{"embeddable":true,"href":"https:\/\/ccgdistribuidora.com\/index.php\/wp-json\/wp\/v2\/media\/4562"}],"wp:attachment":[{"href":"https:\/\/ccgdistribuidora.com\/index.php\/wp-json\/wp\/v2\/media?parent=4561"}],"wp:term":[{"taxonomy":"product_cat","embeddable":true,"href":"https:\/\/ccgdistribuidora.com\/index.php\/wp-json\/wp\/v2\/product_cat?post=4561"},{"taxonomy":"product_tag","embeddable":true,"href":"https:\/\/ccgdistribuidora.com\/index.php\/wp-json\/wp\/v2\/product_tag?post=4561"}],"curies":[{"name":"wp","href":"https:\/\/api.w.org\/{rel}","templated":true}]}}