{"id":4529,"date":"2023-04-18T21:24:58","date_gmt":"2023-04-19T00:24:58","guid":{"rendered":"https:\/\/ccgdistribuidora.com\/?post_type=product&#038;p=4529"},"modified":"2024-09-25T19:42:29","modified_gmt":"2024-09-25T22:42:29","slug":"tintura-profesional-exiline-intensive-color-plex-x-60grs","status":"publish","type":"product","link":"https:\/\/ccgdistribuidora.com\/index.php\/product\/tintura-profesional-exiline-intensive-color-plex-x-60grs\/","title":{"rendered":"Tintura Profesional Exiline Intensive Color Plex X 60grs"},"content":{"rendered":"<div id=\"technical_specifications\" class=\"ui-pdp-container__row ui-pdp-container__row--technical-specifications\">\n<div class=\"ui-pdp-specs\">\n<h2 class=\"ui-pdp-specs__title\">Caracter\u00edsticas principales<\/h2>\n<div class=\"ui-pdp-specs__table\">\n<table class=\"andes-table\">\n<tbody class=\"andes-table__body\">\n<tr class=\"andes-table__row\">\n<th class=\"andes-table__header andes-table__header--left ui-pdp-specs__table__column ui-pdp-specs__table__column-title\">Marca<\/th>\n<td class=\"andes-table__column andes-table__column--left ui-pdp-specs__table__column\"><span class=\"andes-table__column--value\">Exiline<\/span><\/td>\n<\/tr>\n<tr class=\"andes-table__row\">\n<th class=\"andes-table__header andes-table__header--left ui-pdp-specs__table__column ui-pdp-specs__table__column-title\">L\u00ednea<\/th>\n<td class=\"andes-table__column andes-table__column--left ui-pdp-specs__table__column\"><span class=\"andes-table__column--value\">Intensive Color Plex<\/span><\/td>\n<\/tr>\n<tr class=\"andes-table__row\">\n<th class=\"andes-table__header andes-table__header--left ui-pdp-specs__table__column ui-pdp-specs__table__column-title\">Nombre<\/th>\n<td class=\"andes-table__column andes-table__column--left ui-pdp-specs__table__column\"><span class=\"andes-table__column--value\">Tintura Intensive Color Plex<\/span><\/td>\n<\/tr>\n<\/tbody>\n<\/table>\n<\/div>\n<div class=\"ui-pdp-specs-groups-collapsable ui-pdp-specs\">\n<h3 class=\"ui-pdp-specs__subtitle\">Registros de producto<\/h3>\n<div class=\"ui-pdp-list ui-pdp-specs__list\">\n<ul class=\"ui-pdp-list__wrapper\">\n<li class=\"ui-pdp-list__item\">\n<p class=\"ui-pdp-family--REGULAR ui-pdp-list__text\"><span class=\"ui-pdp-color--BLACK ui-pdp-size--XSMALL ui-pdp-family--BOLD\">N\u00famero de legajo resoluci\u00f3n 155\/98<\/span>: 2508<\/p>\n<\/li>\n<\/ul>\n<\/div>\n<h3 class=\"ui-pdp-specs-groups-collapsable__subtitle\">Otros<\/h3>\n<div class=\"ui-pdp-list ui-pdp-specs-groups-collapsable__list\">\n<ul class=\"ui-pdp-list__wrapper\">\n<li class=\"ui-pdp-list__item\">\n<p class=\"ui-pdp-family--REGULAR ui-pdp-list__text\"><span class=\"ui-pdp-color--BLACK ui-pdp-size--XSMALL ui-pdp-family--BOLD\">Volumen neto<\/span>: 60 mL<\/p>\n<\/li>\n<li class=\"ui-pdp-list__item\">\n<p class=\"ui-pdp-family--REGULAR ui-pdp-list__text\"><span class=\"ui-pdp-color--BLACK ui-pdp-size--XSMALL ui-pdp-family--BOLD\">Peso neto<\/span>: 60 g<\/p>\n<\/li>\n<\/ul>\n<ul class=\"ui-pdp-list__wrapper\">\n<li class=\"ui-pdp-list__item\">\n<p class=\"ui-pdp-family--REGULAR ui-pdp-list__text\"><span class=\"ui-pdp-color--BLACK ui-pdp-size--XSMALL ui-pdp-family--BOLD\">Tipos de producto<\/span>: Tintura<\/p>\n<\/li>\n<li class=\"ui-pdp-list__item\">\n<p class=\"ui-pdp-family--REGULAR ui-pdp-list__text\"><span class=\"ui-pdp-color--BLACK ui-pdp-size--XSMALL ui-pdp-family--BOLD\">Consistencia<\/span>: Crema<\/p>\n<\/li>\n<\/ul>\n<ul class=\"ui-pdp-list__wrapper\">\n<li class=\"ui-pdp-list__item\">\n<p class=\"ui-pdp-family--REGULAR ui-pdp-list__text\"><span class=\"ui-pdp-color--BLACK ui-pdp-size--XSMALL ui-pdp-family--BOLD\">Presentaci\u00f3n<\/span>: Pomo<\/p>\n<\/li>\n<li class=\"ui-pdp-list__item\">\n<p class=\"ui-pdp-family--REGULAR ui-pdp-list__text\"><span class=\"ui-pdp-color--BLACK ui-pdp-size--XSMALL ui-pdp-family--BOLD\">Incluye activador<\/span>: No<\/p>\n<\/li>\n<\/ul>\n<ul class=\"ui-pdp-list__wrapper\">\n<li class=\"ui-pdp-list__item\">\n<p class=\"ui-pdp-family--REGULAR ui-pdp-list__text\"><span class=\"ui-pdp-color--BLACK ui-pdp-size--XSMALL ui-pdp-family--BOLD\">Con cobertura de canas<\/span>: S\u00ed<\/p>\n<\/li>\n<li class=\"ui-pdp-list__item\">\n<p class=\"ui-pdp-family--REGULAR ui-pdp-list__text\"><span class=\"ui-pdp-color--BLACK ui-pdp-size--XSMALL ui-pdp-family--BOLD\">Es sin amon\u00edaco<\/span>: No<\/p>\n<\/li>\n<\/ul>\n<ul class=\"ui-pdp-list__wrapper\">\n<li class=\"ui-pdp-list__item\">\n<p class=\"ui-pdp-family--REGULAR ui-pdp-list__text\"><span class=\"ui-pdp-color--BLACK ui-pdp-size--XSMALL ui-pdp-family--BOLD\">Es libre de gluten<\/span>: S\u00ed<\/p>\n<\/li>\n<li class=\"ui-pdp-list__item\">\n<p class=\"ui-pdp-family--REGULAR ui-pdp-list__text\"><span class=\"ui-pdp-color--BLACK ui-pdp-size--XSMALL ui-pdp-family--BOLD\">Es vegano<\/span>: No<\/p>\n<\/li>\n<\/ul>\n<ul class=\"ui-pdp-list__wrapper\">\n<li class=\"ui-pdp-list__item\">\n<p class=\"ui-pdp-family--REGULAR ui-pdp-list__text\"><span class=\"ui-pdp-color--BLACK ui-pdp-size--XSMALL ui-pdp-family--BOLD\">Duraci\u00f3n<\/span>: Semi permanente<\/p>\n<\/li>\n<li class=\"ui-pdp-list__item\">\n<p class=\"ui-pdp-family--REGULAR ui-pdp-list__text\"><span class=\"ui-pdp-color--BLACK ui-pdp-size--XSMALL ui-pdp-family--BOLD\">Unidades por envase<\/span>: 1<\/p>\n<\/li>\n<\/ul>\n<\/div>\n<\/div>\n<\/div>\n<\/div>\n<div id=\"description\" class=\"ui-pdp-container__row ui-pdp-container__row--description\">\n<div class=\"ui-pdp-description\">\n<h2 class=\"ui-pdp-description__title\">Descripci\u00f3n<\/h2>\n<p class=\"ui-pdp-description__content\">TINTURA INTENSIVE COLOR PLEX EXILINE X 60GRS<\/p>\n<p>INTENSIVE COLOR PLEX repone el 100% los amino\u00e1cidos esenciales del cabello. Con la incorporaci\u00f3n de los activos naturales que contiene el complejo Plex, brindamos a su vez una restauraci\u00f3n completa.<\/p>\n<p>Tintura de Oxidaci\u00f3n en crema. Repara instant\u00e1neamente desde la cut\u00edcula hasta el c\u00f3rtex. Resaltando el color y el brillo del cabello. Logrando un 100% de cobertura de canas.<\/p>\n<p>BIOPLEX ARGININA + KREATINA: Conducen las mol\u00e9culas del color hasta el interior del c\u00f3rtex del cabello repar\u00e1ndolo en su totalidad, obteniendo una coloraci\u00f3n m\u00e1s duradera, m\u00e1s resistente al desvanecimiento y protegiendo el cabello de las agresiones externas.<\/p>\n<p>BIOPLEX CHIA OIL: Protege la piel y nutre en profundidad el cabello, siendo un poderoso antioxidante y anti-radical libre. Protege las fibras del cabello de las altas temperaturas, sol, planchas y secadores, evitando la deshidrataci\u00f3n del mismo.<\/p>\n<p>BIOPLEX MORINGA ACTIVE: Crea una pel\u00edcula invisible protectora de la piel y el cabello evitando el dep\u00f3sito de contaminantes. Gracias a \u00e9sta pel\u00edcula disminuyen los niveles de irritaci\u00f3n sobre la piel.<\/p>\n<p>MEADOW EXTRACT: Poderoso acondicionador natural, que brinda fortalecimiento, reparaci\u00f3n y mayor retenci\u00f3n del color en las fibras del cabello. Anti-Age.<\/p>\n<p>MODO DE USO<br \/>\nPreparaci\u00f3n: Mezclar Intensive Color Plex de 60 g con 90 gr de oxidante<\/p>\n<p>. Aplicaci\u00f3n: Sin lavado previo y una vez elegido el color realizar la mezcla. En caso de querer te\u00f1ir todo el cabello, comenzar aplicando en ra\u00edces y luego pasar inmediatamente a medios y a puntas. En caso de presencia de canas, comenzar por donde existan m\u00e1s cabellos blancos y por la zona frontal.<\/p>\n<p>. Tiempo de pose: 40 minutos.<\/p>\n<p>. Tratamiento final: Con un poco de agua, masajear y emulsionar el tinte. Luego enjuagar con abundante agua. Dependiendo el diagnostico usar la l\u00ednea Biocell Therapy o Nutriv Plex para el lavado.<\/p>\n<p>RESULTADO: El cabello lucir\u00e1 con el color deseado, fortalecido, reparado y luminoso.<\/p>\n<p><strong>Precauciones:<\/strong><\/p>\n<p>Contiene: diaminofenoles, resorcinol y amoniaco.<\/p>\n<p>Puede provocar reacci\u00f3n al\u00e9rgica, hacer prueba de toque.<\/p>\n<p>Enjuagar bien el cabello luego de la aplicaci\u00f3n.<\/p>\n<p>No usar en pesta\u00f1as o en cejas.<\/p>\n<p>En caso de contacto con los ojos, lavar con agua en abundancia.<\/p>\n<p>No utilizar si el cuero cabelludo estuviera irritado o lesionado.<\/p>\n<p>Evitar en mujeres embarazadas.<\/p>\n<\/div>\n<\/div>\n","protected":false},"excerpt":{"rendered":"<p>Caracter\u00edsticas principales Marca Exiline L\u00ednea Intensive Color Plex Nombre Tintura Intensive Color Plex Registros de producto N\u00famero de legajo resoluci\u00f3n 155\/98: 2508 Otros Volumen neto: 60 mL Peso neto: 60 g Tipos de producto: Tintura Consistencia: Crema Presentaci\u00f3n: Pomo Incluye activador: No Con cobertura de canas: S\u00ed Es sin amon\u00edaco: No Es libre de gluten: S\u00ed Es vegano: No Duraci\u00f3n: Semi permanente Unidades por envase: 1 Descripci\u00f3n TINTURA INTENSIVE COLOR PLEX EXILINE X 60GRS INTENSIVE COLOR PLEX repone el 100% los amino\u00e1cidos esenciales del cabello. Con la incorporaci\u00f3n de los activos naturales que contiene el complejo Plex, brindamos a su\u2026<\/p>\n","protected":false},"featured_media":4530,"comment_status":"open","ping_status":"closed","template":"","meta":[],"product_cat":[222,247,265,206],"product_tag":[465,357,358,464],"featured_image_urls":{"full":["https:\/\/ccgdistribuidora.com\/wp-content\/uploads\/2023\/04\/Tintura-Profesional-Exiline-Intensive-Color-Plex-X-60grs1.jpg",700,700,false],"thumbnail":["https:\/\/ccgdistribuidora.com\/wp-content\/uploads\/2023\/04\/Tintura-Profesional-Exiline-Intensive-Color-Plex-X-60grs1-150x150.jpg",150,150,true],"medium":["https:\/\/ccgdistribuidora.com\/wp-content\/uploads\/2023\/04\/Tintura-Profesional-Exiline-Intensive-Color-Plex-X-60grs1-300x300.jpg",300,300,true],"medium_large":["https:\/\/ccgdistribuidora.com\/wp-content\/uploads\/2023\/04\/Tintura-Profesional-Exiline-Intensive-Color-Plex-X-60grs1.jpg",700,700,false],"large":["https:\/\/ccgdistribuidora.com\/wp-content\/uploads\/2023\/04\/Tintura-Profesional-Exiline-Intensive-Color-Plex-X-60grs1.jpg",700,700,false],"1536x1536":["https:\/\/ccgdistribuidora.com\/wp-content\/uploads\/2023\/04\/Tintura-Profesional-Exiline-Intensive-Color-Plex-X-60grs1.jpg",700,700,false],"2048x2048":["https:\/\/ccgdistribuidora.com\/wp-content\/uploads\/2023\/04\/Tintura-Profesional-Exiline-Intensive-Color-Plex-X-60grs1.jpg",700,700,false],"mailpoet_newsletter_max":["https:\/\/ccgdistribuidora.com\/wp-content\/uploads\/2023\/04\/Tintura-Profesional-Exiline-Intensive-Color-Plex-X-60grs1.jpg",700,700,false],"woocommerce_thumbnail":["https:\/\/ccgdistribuidora.com\/wp-content\/uploads\/2023\/04\/Tintura-Profesional-Exiline-Intensive-Color-Plex-X-60grs1-300x400.jpg",300,400,true],"woocommerce_single":["https:\/\/ccgdistribuidora.com\/wp-content\/uploads\/2023\/04\/Tintura-Profesional-Exiline-Intensive-Color-Plex-X-60grs1-600x600.jpg",600,600,true],"woocommerce_gallery_thumbnail":["https:\/\/ccgdistribuidora.com\/wp-content\/uploads\/2023\/04\/Tintura-Profesional-Exiline-Intensive-Color-Plex-X-60grs1-100x100.jpg",100,100,true],"dgwt-wcas-product-suggestion":["https:\/\/ccgdistribuidora.com\/wp-content\/uploads\/2023\/04\/Tintura-Profesional-Exiline-Intensive-Color-Plex-X-60grs1.jpg",64,64,false]},"post_excerpt_stackable":"<p>Caracter\u00edsticas principales Marca Exiline L\u00ednea Intensive Color Plex Nombre Tintura Intensive Color Plex Registros de producto N\u00famero de legajo resoluci\u00f3n 155\/98: 2508 Otros Volumen neto: 60 mL Peso neto: 60 g Tipos de producto: Tintura Consistencia: Crema Presentaci\u00f3n: Pomo Incluye activador: No Con cobertura de canas: S\u00ed Es sin amon\u00edaco: No Es libre de gluten: S\u00ed Es vegano: No Duraci\u00f3n: Semi permanente Unidades por envase: 1 Descripci\u00f3n TINTURA INTENSIVE COLOR PLEX EXILINE X 60GRS INTENSIVE COLOR PLEX repone el 100% los amino\u00e1cidos esenciales del cabello. Con la incorporaci\u00f3n de los activos naturales que contiene el complejo Plex, brindamos a su&hellip;<\/p>\n","category_list":"","author_info":{"name":"","url":""},"comments_num":"0 comentarios","_links":{"self":[{"href":"https:\/\/ccgdistribuidora.com\/index.php\/wp-json\/wp\/v2\/product\/4529"}],"collection":[{"href":"https:\/\/ccgdistribuidora.com\/index.php\/wp-json\/wp\/v2\/product"}],"about":[{"href":"https:\/\/ccgdistribuidora.com\/index.php\/wp-json\/wp\/v2\/types\/product"}],"replies":[{"embeddable":true,"href":"https:\/\/ccgdistribuidora.com\/index.php\/wp-json\/wp\/v2\/comments?post=4529"}],"wp:featuredmedia":[{"embeddable":true,"href":"https:\/\/ccgdistribuidora.com\/index.php\/wp-json\/wp\/v2\/media\/4530"}],"wp:attachment":[{"href":"https:\/\/ccgdistribuidora.com\/index.php\/wp-json\/wp\/v2\/media?parent=4529"}],"wp:term":[{"taxonomy":"product_cat","embeddable":true,"href":"https:\/\/ccgdistribuidora.com\/index.php\/wp-json\/wp\/v2\/product_cat?post=4529"},{"taxonomy":"product_tag","embeddable":true,"href":"https:\/\/ccgdistribuidora.com\/index.php\/wp-json\/wp\/v2\/product_tag?post=4529"}],"curies":[{"name":"wp","href":"https:\/\/api.w.org\/{rel}","templated":true}]}}