{"id":3565,"date":"2023-03-13T20:16:04","date_gmt":"2023-03-13T23:16:04","guid":{"rendered":"https:\/\/ccgdistribuidora.com\/?page_id=3565"},"modified":"2023-05-04T16:26:07","modified_gmt":"2023-05-04T19:26:07","slug":"marcas","status":"publish","type":"page","link":"https:\/\/ccgdistribuidora.com\/index.php\/marcas\/","title":{"rendered":"Productos"},"content":{"rendered":"\n<div class=\"wp-block-stackable-columns stk-block-columns stk-block stk-83fe5bb\" data-block-id=\"83fe5bb\"><div class=\"stk-row stk-inner-blocks stk-block-content stk-content-align stk-83fe5bb-column\">\n<div class=\"wp-block-stackable-column stk-block-column stk-block-column--v3 stk-column stk-block-column--v2 stk-block stk-565a0a8\" data-block-id=\"565a0a8\"><div class=\"stk-column-wrapper stk-block-column__content stk-container stk-565a0a8-container stk--no-background stk--no-padding\"><div class=\"stk-block-content stk-inner-blocks stk-565a0a8-inner-blocks\"><div  class=\"dgwt-wcas-search-wrapp dgwt-wcas-has-submit woocommerce dgwt-wcas-style-pirx js-dgwt-wcas-layout-classic dgwt-wcas-layout-classic js-dgwt-wcas-mobile-overlay-enabled\">\n\t\t<form class=\"dgwt-wcas-search-form\" role=\"search\" action=\"https:\/\/ccgdistribuidora.com\/\" method=\"get\">\n\t\t<div class=\"dgwt-wcas-sf-wrapp\">\n\t\t\t\t\t\t<label class=\"screen-reader-text\"\n\t\t\t       for=\"dgwt-wcas-search-input-1\">B\u00fasqueda de productos<\/label>\n\n\t\t\t<input id=\"dgwt-wcas-search-input-1\"\n\t\t\t       type=\"search\"\n\t\t\t       class=\"dgwt-wcas-search-input\"\n\t\t\t       name=\"s\"\n\t\t\t       value=\"\"\n\t\t\t\t   placeholder=\"Buscar...\"\n\t\t\t       autocomplete=\"off\"\n\t\t\t\t   \t\t\t\/>\n\t\t\t<div class=\"dgwt-wcas-preloader\"><\/div>\n\n\t\t\t<div class=\"dgwt-wcas-voice-search\"><\/div>\n\n\t\t\t\t\t\t\t<button type=\"submit\"\n\t\t\t\t        aria-label=\"Buscar\"\n\t\t\t\t        class=\"dgwt-wcas-search-submit\">\t\t\t\t<svg class=\"dgwt-wcas-ico-magnifier\" xmlns=\"http:\/\/www.w3.org\/2000\/svg\" width=\"18\" height=\"18\" viewBox=\"0 0 18 18\">\n\t\t\t\t\t<path  d=\" M 16.722523,17.901412 C 16.572585,17.825208 15.36088,16.670476 14.029846,15.33534 L 11.609782,12.907819 11.01926,13.29667 C 8.7613237,14.783493 5.6172703,14.768302 3.332423,13.259528 -0.07366363,11.010358 -1.0146502,6.5989684 1.1898146,3.2148776\n\t\t\t\t\t\t  1.5505179,2.6611594 2.4056498,1.7447266 2.9644271,1.3130497 3.4423015,0.94387379 4.3921825,0.48568469 5.1732652,0.2475835 5.886299,0.03022609 6.1341883,0 7.2037391,0 8.2732897,0 8.521179,0.03022609 9.234213,0.2475835 c 0.781083,0.23810119 1.730962,0.69629029 2.208837,1.0654662\n\t\t\t\t\t\t  0.532501,0.4113763 1.39922,1.3400096 1.760153,1.8858877 1.520655,2.2998531 1.599025,5.3023778 0.199549,7.6451086 -0.208076,0.348322 -0.393306,0.668209 -0.411622,0.710863 -0.01831,0.04265 1.065556,1.18264 2.408603,2.533307 1.343046,1.350666 2.486621,2.574792 2.541278,2.720279 0.282475,0.7519\n\t\t\t\t\t\t  -0.503089,1.456506 -1.218488,1.092917 z M 8.4027892,12.475062 C 9.434946,12.25579 10.131043,11.855461 10.99416,10.984753 11.554519,10.419467 11.842507,10.042366 12.062078,9.5863882 12.794223,8.0659672 12.793657,6.2652398 12.060578,4.756293 11.680383,3.9737304 10.453587,2.7178427\n\t\t\t\t\t\t  9.730569,2.3710306 8.6921295,1.8729196 8.3992147,1.807606 7.2037567,1.807606 6.0082984,1.807606 5.7153841,1.87292 4.6769446,2.3710306 3.9539263,2.7178427 2.7271301,3.9737304 2.3469352,4.756293 1.6138384,6.2652398 1.6132726,8.0659672 2.3454252,9.5863882 c 0.4167354,0.8654208 1.5978784,2.0575608\n\t\t\t\t\t\t  2.4443766,2.4671358 1.0971012,0.530827 2.3890403,0.681561 3.6130134,0.421538 z\n\t\t\t\t\t\"\/>\n\t\t\t\t<\/svg>\n\t\t\t\t<\/button>\n\t\t\t\n\t\t\t<input type=\"hidden\" name=\"post_type\" value=\"product\"\/>\n\t\t\t<input type=\"hidden\" name=\"dgwt_wcas\" value=\"1\"\/>\n\n\t\t\t\n\t\t\t\t\t<\/div>\n\t<\/form>\n<\/div>\n\n<\/div><\/div><\/div>\n<\/div><\/div>\n\n\n\n<div class=\"wp-block-stackable-columns stk-block-columns stk-block stk-b6c640d\" data-block-id=\"b6c640d\"><div class=\"stk-row stk-inner-blocks stk-block-content stk-content-align stk-b6c640d-column\">\n<div class=\"wp-block-stackable-column stk-block-column stk-block-column--v3 stk-column stk-block-column--v2 stk-block stk-4b839d5\" data-block-id=\"4b839d5\"><div class=\"stk-column-wrapper stk-block-column__content stk-container stk-4b839d5-container stk--no-background stk--no-padding\"><div class=\"stk-block-content stk-inner-blocks stk-4b839d5-inner-blocks\">\n<div class=\"wp-block-stackable-columns stk-block-columns stk-block stk-4a6fbc1\" data-block-id=\"4a6fbc1\"><div class=\"stk-row stk-inner-blocks stk-block-content stk-content-align stk-4a6fbc1-column alignwide\">\n<div class=\"wp-block-stackable-column stk-block-column stk-block-column--v3 stk-column stk-block-column--v2 stk-block stk-c0d6089\" data-block-id=\"c0d6089\"><div class=\"stk-column-wrapper stk-block-column__content stk-container stk-c0d6089-container stk--no-background stk--no-padding\"><div class=\"stk-block-content stk-inner-blocks stk-c0d6089-inner-blocks\">\n<div class=\"wp-block-columns is-layout-flex wp-container-3 wp-block-columns-is-layout-flex\">\n<div class=\"wp-block-column is-layout-flow wp-block-column-is-layout-flow\" style=\"flex-basis:100%\">\n<div class=\"wp-block-stackable-columns stk-block-columns stk-block stk-d160227\" data-block-id=\"d160227\"><div class=\"stk-row stk-inner-blocks stk-block-content stk-content-align stk-d160227-column\">\n<div class=\"wp-block-stackable-column stk-block-column stk-block-column--v3 stk-column stk-block-column--v2 stk-block stk-f687094\" data-block-id=\"f687094\"><style>.stk-f687094-container{margin-top:0px !important;margin-right:0px !important;margin-bottom:0px !important;margin-left:0px !important}<\/style><div class=\"stk-column-wrapper stk-block-column__content stk-container stk-f687094-container stk--no-background stk--no-padding\"><div class=\"stk-block-content stk-inner-blocks stk-f687094-inner-blocks\">\n<div class=\"wp-block-stackable-columns stk-block-columns stk-block stk-99cd0bd\" data-block-id=\"99cd0bd\"><div class=\"stk-row stk-inner-blocks stk-block-content stk-content-align stk-99cd0bd-column\">\n<div class=\"wp-block-stackable-column stk-block-column stk-block-column--v3 stk-column stk-block-column--v2 stk-block stk-cc8f040\" data-block-id=\"cc8f040\"><div class=\"stk-column-wrapper stk-block-column__content stk-container stk-cc8f040-container stk--no-background stk--no-padding\"><div class=\"stk-block-content stk-inner-blocks stk-cc8f040-inner-blocks\"><div data-block-name=\"woocommerce\/product-category\" data-categories=\"[206]\" class=\"wc-block-grid wp-block-product-category wc-block-product-category has-3-columns has-multiple-rows\"><ul class=\"wc-block-grid__products\"><li class=\"wc-block-grid__product\">\n\t\t\t\t<a href=\"https:\/\/ccgdistribuidora.com\/index.php\/product\/tycel-gorra-para-claritos-sin-perforar-con-barbijo-x-12-uni-color-blanca-cod-324\/\" class=\"wc-block-grid__product-link\">\n\t\t\t\t\t\n\t\t\t\t\t<div class=\"wc-block-grid__product-image\"><img width=\"300\" height=\"400\" src=\"https:\/\/ccgdistribuidora.com\/wp-content\/uploads\/2023\/11\/Tycel-Gorra-Para-Claritos-Sin-Perforar-Con-Barbijo-X-12-Uni-Color-Blanca-Cod-32-1-300x400.jpg\" class=\"attachment-woocommerce_thumbnail size-woocommerce_thumbnail\" alt=\"Tycel Gorra Para Claritos Sin Perforar Con Barbijo X 12 Uni Color Blanca Cod: 324\" decoding=\"async\" loading=\"lazy\" \/><\/div>\n\t\t\t\t\t<div class=\"wc-block-grid__product-title\">Tycel Gorra Para Claritos Sin Perforar Con Barbijo X 12 Uni Color Blanca Cod: 324<\/div>\n\t\t\t\t<\/a>\n\t\t\t\t<div class=\"wc-block-grid__product-price price\"><span class=\"woocommerce-Price-amount amount\"><span class=\"woocommerce-Price-currencySymbol\">&#036;<\/span>&nbsp;17.800,00<\/span><\/div>\n\t\t\t\t\n\t\t\t\t<div class=\"wp-block-button wc-block-grid__product-add-to-cart\"><a href=\"?add-to-cart=5366\" aria-label=\"A\u00f1ade &ldquo;Tycel Gorra Para Claritos Sin Perforar Con Barbijo X 12 Uni Color Blanca Cod: 324&rdquo; a tu carrito\" data-quantity=\"1\" data-product_id=\"5366\" data-product_sku=\"\" rel=\"nofollow\" class=\"wp-block-button__link  add_to_cart_button ajax_add_to_cart\">A\u00f1adir al carrito<\/a><\/div>\n\t\t\t<\/li><li class=\"wc-block-grid__product\">\n\t\t\t\t<a href=\"https:\/\/ccgdistribuidora.com\/index.php\/product\/gorro-claritos-mechas-siliconado-preperforado-aguja-dompel\/\" class=\"wc-block-grid__product-link\">\n\t\t\t\t\t\n\t\t\t\t\t<div class=\"wc-block-grid__product-image\"><img width=\"300\" height=\"400\" src=\"https:\/\/ccgdistribuidora.com\/wp-content\/uploads\/2023\/11\/Gorro-Claritos-Mechas-Siliconado-Preperforado-Aguja-Dompel--300x400.jpg\" class=\"attachment-woocommerce_thumbnail size-woocommerce_thumbnail\" alt=\"Gorro Claritos Mechas Siliconado Preperforado + Aguja Dompel\" decoding=\"async\" loading=\"lazy\" \/><\/div>\n\t\t\t\t\t<div class=\"wc-block-grid__product-title\">Gorro Claritos Mechas Siliconado Preperforado + Aguja Dompel<\/div>\n\t\t\t\t<\/a>\n\t\t\t\t<div class=\"wc-block-grid__product-price price\"><span class=\"woocommerce-Price-amount amount\"><span class=\"woocommerce-Price-currencySymbol\">&#036;<\/span>&nbsp;6.000,00<\/span><\/div>\n\t\t\t\t\n\t\t\t\t<div class=\"wp-block-button wc-block-grid__product-add-to-cart\"><a href=\"?add-to-cart=5364\" aria-label=\"A\u00f1ade &ldquo;Gorro Claritos Mechas Siliconado Preperforado + Aguja Dompel&rdquo; a tu carrito\" data-quantity=\"1\" data-product_id=\"5364\" data-product_sku=\"\" rel=\"nofollow\" class=\"wp-block-button__link  add_to_cart_button ajax_add_to_cart\">A\u00f1adir al carrito<\/a><\/div>\n\t\t\t<\/li><li class=\"wc-block-grid__product\">\n\t\t\t\t<a href=\"https:\/\/ccgdistribuidora.com\/index.php\/product\/gorro-siliconado-reflejos-dompel-romana-dorada-mod391_sadorada\/\" class=\"wc-block-grid__product-link\">\n\t\t\t\t\t\n\t\t\t\t\t<div class=\"wc-block-grid__product-image\"><img width=\"300\" height=\"400\" src=\"https:\/\/ccgdistribuidora.com\/wp-content\/uploads\/2023\/11\/Gorro-Siliconado-Reflejos-Dompel-Romana-Dorada-mod391_Sadorada--300x400.jpg\" class=\"attachment-woocommerce_thumbnail size-woocommerce_thumbnail\" alt=\"Gorro Siliconado Reflejos Dompel Romana Dorada mod:391_Sadorada\" decoding=\"async\" loading=\"lazy\" \/><\/div>\n\t\t\t\t\t<div class=\"wc-block-grid__product-title\">Gorro Siliconado Reflejos Dompel Romana Dorada mod:391_Sadorada<\/div>\n\t\t\t\t<\/a>\n\t\t\t\t<div class=\"wc-block-grid__product-price price\"><span class=\"woocommerce-Price-amount amount\"><span class=\"woocommerce-Price-currencySymbol\">&#036;<\/span>&nbsp;9.100,00<\/span><\/div>\n\t\t\t\t\n\t\t\t\t<div class=\"wp-block-button wc-block-grid__product-add-to-cart\"><a href=\"?add-to-cart=5360\" aria-label=\"A\u00f1ade &ldquo;Gorro Siliconado Reflejos Dompel Romana Dorada mod:391_Sadorada&rdquo; a tu carrito\" data-quantity=\"1\" data-product_id=\"5360\" data-product_sku=\"\" rel=\"nofollow\" class=\"wp-block-button__link  add_to_cart_button ajax_add_to_cart\">A\u00f1adir al carrito<\/a><\/div>\n\t\t\t<\/li><li class=\"wc-block-grid__product\">\n\t\t\t\t<a href=\"https:\/\/ccgdistribuidora.com\/index.php\/product\/gorro-termico-metalizado-de-aluminio-dompel-mod-231\/\" class=\"wc-block-grid__product-link\">\n\t\t\t\t\t\n\t\t\t\t\t<div class=\"wc-block-grid__product-image\"><img width=\"300\" height=\"400\" src=\"https:\/\/ccgdistribuidora.com\/wp-content\/uploads\/2023\/11\/Gorro-Termico-Metalizado-De-Aluminio-Dompel-Mod-231-300x400.jpg\" class=\"attachment-woocommerce_thumbnail size-woocommerce_thumbnail\" alt=\"Gorro T\u00e9rmico Metalizado De Aluminio Dompel Mod 231\" decoding=\"async\" loading=\"lazy\" \/><\/div>\n\t\t\t\t\t<div class=\"wc-block-grid__product-title\">Gorro T\u00e9rmico Metalizado De Aluminio Dompel Mod 231<\/div>\n\t\t\t\t<\/a>\n\t\t\t\t<div class=\"wc-block-grid__product-price price\"><span class=\"woocommerce-Price-amount amount\"><span class=\"woocommerce-Price-currencySymbol\">&#036;<\/span>&nbsp;2.900,00<\/span><\/div>\n\t\t\t\t\n\t\t\t\t<div class=\"wp-block-button wc-block-grid__product-add-to-cart\"><a href=\"?add-to-cart=5355\" aria-label=\"A\u00f1ade &ldquo;Gorro T\u00e9rmico Metalizado De Aluminio Dompel Mod 231&rdquo; a tu carrito\" data-quantity=\"1\" data-product_id=\"5355\" data-product_sku=\"\" rel=\"nofollow\" class=\"wp-block-button__link  add_to_cart_button ajax_add_to_cart\">A\u00f1adir al carrito<\/a><\/div>\n\t\t\t<\/li><li class=\"wc-block-grid__product\">\n\t\t\t\t<a href=\"https:\/\/ccgdistribuidora.com\/index.php\/product\/tijera-master-tools-microdentada-5-code799-5-e799-55-e799-6-e799-65\/\" class=\"wc-block-grid__product-link\">\n\t\t\t\t\t\n\t\t\t\t\t<div class=\"wc-block-grid__product-image\"><img width=\"300\" height=\"400\" src=\"https:\/\/ccgdistribuidora.com\/wp-content\/uploads\/2023\/11\/Tijera-Master-Tools-Microdentada-5-CodE7995-E79955-E7996-E79965-300x400.jpg\" class=\"attachment-woocommerce_thumbnail size-woocommerce_thumbnail\" alt=\"Tijera Master Tools Microdentada 5 Cod:E799\/5 \/ E799\/5,5 \/ E799\/6 \/ E799\/6,5\" decoding=\"async\" loading=\"lazy\" \/><\/div>\n\t\t\t\t\t<div class=\"wc-block-grid__product-title\">Tijera Master Tools Microdentada 5 Cod:E799\/5 \/ E799\/5,5 \/ E799\/6 \/ E799\/6,5<\/div>\n\t\t\t\t<\/a>\n\t\t\t\t<div class=\"wc-block-grid__product-price price\"><span class=\"woocommerce-Price-amount amount\"><span class=\"woocommerce-Price-currencySymbol\">&#036;<\/span>&nbsp;22.950,00<\/span><\/div>\n\t\t\t\t\n\t\t\t\t<div class=\"wp-block-button wc-block-grid__product-add-to-cart\"><a href=\"?add-to-cart=5350\" aria-label=\"A\u00f1ade &ldquo;Tijera Master Tools Microdentada 5 Cod:E799\/5 \/ E799\/5,5 \/ E799\/6 \/ E799\/6,5&rdquo; a tu carrito\" data-quantity=\"1\" data-product_id=\"5350\" data-product_sku=\"\" rel=\"nofollow\" class=\"wp-block-button__link  add_to_cart_button ajax_add_to_cart\">A\u00f1adir al carrito<\/a><\/div>\n\t\t\t<\/li><li class=\"wc-block-grid__product\">\n\t\t\t\t<a href=\"https:\/\/ccgdistribuidora.com\/index.php\/product\/tijera-de-pulir-peluqueria-profesional-master-tools-5-5-cod-e769-55\/\" class=\"wc-block-grid__product-link\">\n\t\t\t\t\t\n\t\t\t\t\t<div class=\"wc-block-grid__product-image\"><img width=\"300\" height=\"400\" src=\"https:\/\/ccgdistribuidora.com\/wp-content\/uploads\/2023\/11\/Tijera-De-Pulir-Peluqueria-Profesional-Master-Tools-5.5-Cod-E76955-300x400.jpg\" class=\"attachment-woocommerce_thumbnail size-woocommerce_thumbnail\" alt=\"Tijera De Pulir Peluqueria Profesional Master Tools 5.5 Cod: E769\/5,5\" decoding=\"async\" loading=\"lazy\" \/><\/div>\n\t\t\t\t\t<div class=\"wc-block-grid__product-title\">Tijera De Pulir Peluqueria Profesional Master Tools 5.5 Cod: E769\/5,5<\/div>\n\t\t\t\t<\/a>\n\t\t\t\t<div class=\"wc-block-grid__product-price price\"><span class=\"woocommerce-Price-amount amount\"><span class=\"woocommerce-Price-currencySymbol\">&#036;<\/span>&nbsp;24.900,00<\/span><\/div>\n\t\t\t\t\n\t\t\t\t<div class=\"wp-block-button wc-block-grid__product-add-to-cart\"><a href=\"?add-to-cart=5345\" aria-label=\"A\u00f1ade &ldquo;Tijera De Pulir Peluqueria Profesional Master Tools 5.5 Cod: E769\/5,5&rdquo; a tu carrito\" data-quantity=\"1\" data-product_id=\"5345\" data-product_sku=\"\" rel=\"nofollow\" class=\"wp-block-button__link  add_to_cart_button ajax_add_to_cart\">A\u00f1adir al carrito<\/a><\/div>\n\t\t\t<\/li><li class=\"wc-block-grid__product\">\n\t\t\t\t<a href=\"https:\/\/ccgdistribuidora.com\/index.php\/product\/tijera-filo-navaja-peluqueria-profesional-master-tools-5-code799-5-e799-55-e799-6-e799-65\/\" class=\"wc-block-grid__product-link\">\n\t\t\t\t\t\n\t\t\t\t\t<div class=\"wc-block-grid__product-image\"><img width=\"300\" height=\"400\" src=\"https:\/\/ccgdistribuidora.com\/wp-content\/uploads\/2023\/11\/Tijera-Filo-Navaja-Peluqueria-Profesional-Master-Tools-5-CodE7995-E79955-E7996-E79965-300x400.jpg\" class=\"attachment-woocommerce_thumbnail size-woocommerce_thumbnail\" alt=\"Tijera Filo Navaja Peluqueria Profesional Master Tools 5 Cod:E799\/5 \/ E799\/5,5 \/ E799\/6 \/ E799\/6,5\" decoding=\"async\" loading=\"lazy\" \/><\/div>\n\t\t\t\t\t<div class=\"wc-block-grid__product-title\">Tijera Filo Navaja Peluqueria Profesional Master Tools 5 Cod:E799\/5 \/ E799\/5,5 \/ E799\/6 \/ E799\/6,5<\/div>\n\t\t\t\t<\/a>\n\t\t\t\t<div class=\"wc-block-grid__product-price price\"><span class=\"woocommerce-Price-amount amount\"><span class=\"woocommerce-Price-currencySymbol\">&#036;<\/span>&nbsp;28.900,00<\/span><\/div>\n\t\t\t\t\n\t\t\t\t<div class=\"wp-block-button wc-block-grid__product-add-to-cart\"><a href=\"?add-to-cart=5341\" aria-label=\"A\u00f1ade &ldquo;Tijera Filo Navaja Peluqueria Profesional Master Tools 5 Cod:E799\/5 \/ E799\/5,5 \/ E799\/6 \/ E799\/6,5&rdquo; a tu carrito\" data-quantity=\"1\" data-product_id=\"5341\" data-product_sku=\"\" rel=\"nofollow\" class=\"wp-block-button__link  add_to_cart_button ajax_add_to_cart\">A\u00f1adir al carrito<\/a><\/div>\n\t\t\t<\/li><li class=\"wc-block-grid__product\">\n\t\t\t\t<a href=\"https:\/\/ccgdistribuidora.com\/index.php\/product\/zato-cobalto-tijera-de-corte-microdentada-5-cod-tj0008-tj0009-tj0011-tj0012\/\" class=\"wc-block-grid__product-link\">\n\t\t\t\t\t\n\t\t\t\t\t<div class=\"wc-block-grid__product-image\"><img width=\"300\" height=\"400\" src=\"https:\/\/ccgdistribuidora.com\/wp-content\/uploads\/2023\/11\/Zato-Cobalto-Tijera-De-Corte-Microdentada-5-300x400.jpg\" class=\"attachment-woocommerce_thumbnail size-woocommerce_thumbnail\" alt=\"Zato Cobalto Tijera De Corte Microdentada 5&#039;&#039; Cod:  TJ0008\/TJ0009 \/TJ0011\/TJ0012\" decoding=\"async\" loading=\"lazy\" \/><\/div>\n\t\t\t\t\t<div class=\"wc-block-grid__product-title\">Zato Cobalto Tijera De Corte Microdentada 5&#8221; Cod:  TJ0008\/TJ0009 \/TJ0011\/TJ0012<\/div>\n\t\t\t\t<\/a>\n\t\t\t\t<div class=\"wc-block-grid__product-price price\"><span class=\"woocommerce-Price-amount amount\"><span class=\"woocommerce-Price-currencySymbol\">&#036;<\/span>&nbsp;18.700,00<\/span><\/div>\n\t\t\t\t\n\t\t\t\t<div class=\"wp-block-button wc-block-grid__product-add-to-cart\"><a href=\"?add-to-cart=5335\" aria-label=\"A\u00f1ade &ldquo;Zato Cobalto Tijera De Corte Microdentada 5&#039;&#039; Cod:  TJ0008\/TJ0009 \/TJ0011\/TJ0012&rdquo; a tu carrito\" data-quantity=\"1\" data-product_id=\"5335\" data-product_sku=\"\" rel=\"nofollow\" class=\"wp-block-button__link  add_to_cart_button ajax_add_to_cart\">A\u00f1adir al carrito<\/a><\/div>\n\t\t\t<\/li><li class=\"wc-block-grid__product\">\n\t\t\t\t<a href=\"https:\/\/ccgdistribuidora.com\/index.php\/product\/zato-cobalto-tijera-de-corte-pulir-peluqueria-6-5-codtj0015-tj0037\/\" class=\"wc-block-grid__product-link\">\n\t\t\t\t\t\n\t\t\t\t\t<div class=\"wc-block-grid__product-image\"><img width=\"300\" height=\"400\" src=\"https:\/\/ccgdistribuidora.com\/wp-content\/uploads\/2023\/11\/Zato-Cobalto-Tijera-De-Corte-Pulir-Peluqueria-6.5--300x400.jpg\" class=\"attachment-woocommerce_thumbnail size-woocommerce_thumbnail\" alt=\"Zato Cobalto Tijera De Corte Pulir Peluqueria 6.5 Cod:TJ0015\/TJ0037\" decoding=\"async\" loading=\"lazy\" \/><\/div>\n\t\t\t\t\t<div class=\"wc-block-grid__product-title\">Zato Cobalto Tijera De Corte Pulir Peluqueria 6.5 Cod:TJ0015\/TJ0037<\/div>\n\t\t\t\t<\/a>\n\t\t\t\t<div class=\"wc-block-grid__product-price price\"><span class=\"woocommerce-Price-amount amount\"><span class=\"woocommerce-Price-currencySymbol\">&#036;<\/span>&nbsp;18.700,00<\/span><\/div>\n\t\t\t\t\n\t\t\t\t<div class=\"wp-block-button wc-block-grid__product-add-to-cart\"><a href=\"?add-to-cart=5330\" aria-label=\"A\u00f1ade &ldquo;Zato Cobalto Tijera De Corte Pulir Peluqueria 6.5 Cod:TJ0015\/TJ0037&rdquo; a tu carrito\" data-quantity=\"1\" data-product_id=\"5330\" data-product_sku=\"\" rel=\"nofollow\" class=\"wp-block-button__link  add_to_cart_button ajax_add_to_cart\">A\u00f1adir al carrito<\/a><\/div>\n\t\t\t<\/li><\/ul><\/div><\/div><\/div><\/div>\n<\/div><\/div>\n<\/div><\/div><\/div>\n<\/div><\/div>\n<\/div>\n<\/div>\n<\/div><\/div><\/div>\n<\/div><\/div>\n<\/div><\/div><\/div>\n<\/div><\/div>\n","protected":false},"excerpt":{"rendered":"","protected":false},"author":1,"featured_media":0,"parent":0,"menu_order":0,"comment_status":"closed","ping_status":"closed","template":"","meta":{"footnotes":""},"blocksy_meta":"","featured_image_urls":{"full":"","thumbnail":"","medium":"","medium_large":"","large":"","1536x1536":"","2048x2048":"","mailpoet_newsletter_max":"","woocommerce_thumbnail":"","woocommerce_single":"","woocommerce_gallery_thumbnail":"","dgwt-wcas-product-suggestion":""},"post_excerpt_stackable":"<p>B\u00fasqueda de productos Tycel Gorra Para Claritos Sin Perforar Con Barbijo X 12 Uni Color Blanca Cod: 324 &#036;&nbsp;17.800,00 A\u00f1adir al carrito Gorro Claritos Mechas Siliconado Preperforado + Aguja Dompel &#036;&nbsp;6.000,00 A\u00f1adir al carrito Gorro Siliconado Reflejos Dompel Romana Dorada mod:391_Sadorada &#036;&nbsp;9.100,00 A\u00f1adir al carrito Gorro T\u00e9rmico Metalizado De Aluminio Dompel Mod 231 &#036;&nbsp;2.900,00 A\u00f1adir al carrito Tijera Master Tools Microdentada 5 Cod:E799\/5 \/ E799\/5,5 \/ E799\/6 \/ E799\/6,5 &#036;&nbsp;22.950,00 A\u00f1adir al carrito Tijera De Pulir Peluqueria Profesional Master Tools 5.5 Cod: E769\/5,5 &#036;&nbsp;24.900,00 A\u00f1adir al carrito Tijera Filo Navaja Peluqueria Profesional Master Tools 5 Cod:E799\/5 \/ E799\/5,5 \/ E799\/6&hellip;<\/p>\n","category_list":"","author_info":{"name":"CCG","url":"https:\/\/ccgdistribuidora.com\/index.php\/author\/ccgdistribuidora17gmail-com\/"},"comments_num":"0 comentarios","_links":{"self":[{"href":"https:\/\/ccgdistribuidora.com\/index.php\/wp-json\/wp\/v2\/pages\/3565"}],"collection":[{"href":"https:\/\/ccgdistribuidora.com\/index.php\/wp-json\/wp\/v2\/pages"}],"about":[{"href":"https:\/\/ccgdistribuidora.com\/index.php\/wp-json\/wp\/v2\/types\/page"}],"author":[{"embeddable":true,"href":"https:\/\/ccgdistribuidora.com\/index.php\/wp-json\/wp\/v2\/users\/1"}],"replies":[{"embeddable":true,"href":"https:\/\/ccgdistribuidora.com\/index.php\/wp-json\/wp\/v2\/comments?post=3565"}],"version-history":[{"count":96,"href":"https:\/\/ccgdistribuidora.com\/index.php\/wp-json\/wp\/v2\/pages\/3565\/revisions"}],"predecessor-version":[{"id":4938,"href":"https:\/\/ccgdistribuidora.com\/index.php\/wp-json\/wp\/v2\/pages\/3565\/revisions\/4938"}],"wp:attachment":[{"href":"https:\/\/ccgdistribuidora.com\/index.php\/wp-json\/wp\/v2\/media?parent=3565"}],"curies":[{"name":"wp","href":"https:\/\/api.w.org\/{rel}","templated":true}]}}